{"id":987,"date":"2019-10-03T12:21:39","date_gmt":"2019-10-03T10:21:39","guid":{"rendered":"http:\/\/equitherapie-bourgogne.fr\/?post_type=tribe_events&#038;p=987"},"modified":"2019-10-03T12:21:39","modified_gmt":"2019-10-03T10:21:39","slug":"raid-dream-2019","status":"publish","type":"tribe_events","link":"https:\/\/equitherapie-bourgogne.fr\/index.php\/agenda\/raid-dream-2019\/","title":{"rendered":"Raid Dream 2019"},"content":{"rendered":"<p>Raid Dream 2019!!<br \/>\nNous \u00e9tions au raid, sur les berges du lac des Settons. Ivoire et Po\u00e8te ont permis \u00e0 tous de d\u00e9couvrir le lien avec les chevaux et le plaisir de travailler en \u00e9quipe. La journ\u00e9e est ouverte \u00e0 tous, personnes valides et handicap\u00e9es. Les \u00e9quipes sont constitu\u00e9es de cinq \u00e0 huit personnes et doivent comporter au moins une personne handicap\u00e9e.<br \/>\nLes 16 \u00e9quipes ont v\u00e9cu une journ\u00e9e plac\u00e9e sous les th\u00e8mes du sport, de la d\u00e9couverte, de l&rsquo;attitude loyale et de l&rsquo;esprit d&rsquo;\u00e9quipe.<\/p>\n<p>&nbsp;<\/p>\n<p><img loading=\"lazy\" decoding=\"async\" class=\"alignnone size-full wp-image-982\" src=\"http:\/\/equitherapie-bourgogne.fr\/wp-content\/uploads\/2019\/10\/Raid-dream1.jpeg\" alt=\"Raid dream1\" width=\"480\" height=\"640\" data-id=\"982\" srcset=\"https:\/\/equitherapie-bourgogne.fr\/wp-content\/uploads\/2019\/10\/Raid-dream1.jpeg 480w, https:\/\/equitherapie-bourgogne.fr\/wp-content\/uploads\/2019\/10\/Raid-dream1-450x600.jpeg 450w, https:\/\/equitherapie-bourgogne.fr\/wp-content\/uploads\/2019\/10\/Raid-dream1-390x520.jpeg 390w\" sizes=\"auto, (max-width: 480px) 100vw, 480px\" \/><\/p>\n","protected":false},"excerpt":{"rendered":"<p>Raid Dream 2019!! Nous \u00e9tions au raid, sur les berges du lac des Settons. Ivoire et Po\u00e8te ont permis \u00e0 tous de d\u00e9couvrir le lien avec les chevaux et le plaisir de travailler en \u00e9quipe. La journ\u00e9e est ouverte \u00e0&#8230;<br \/><a class=\"read-more-button\" href=\"https:\/\/equitherapie-bourgogne.fr\/index.php\/agenda\/raid-dream-2019\/\">Savoir plus<\/a><\/p>\n","protected":false},"author":1,"featured_media":982,"comment_status":"open","ping_status":"closed","template":"","meta":{"_tribe_events_status":"","_tribe_events_status_reason":"","footnotes":""},"tags":[],"tribe_events_cat":[3],"class_list":["post-987","tribe_events","type-tribe_events","status-publish","has-post-thumbnail","hentry","tribe_events_cat-interventions-exterieures","cat_interventions-exterieures"],"yoast_head":"<!-- This site is optimized with the Yoast SEO plugin v24.7 - https:\/\/yoast.com\/wordpress\/plugins\/seo\/ -->\n<title>Raid Dream 2019 - A Cheval sur Soi<\/title>\n<meta name=\"robots\" content=\"index, follow, max-snippet:-1, max-image-preview:large, max-video-preview:-1\" \/>\n<link rel=\"canonical\" href=\"https:\/\/equitherapie-bourgogne.fr\/index.php\/agenda\/raid-dream-2019\/\" \/>\n<meta property=\"og:locale\" content=\"fr_FR\" \/>\n<meta property=\"og:type\" content=\"article\" \/>\n<meta property=\"og:title\" content=\"Raid Dream 2019 - A Cheval sur Soi\" \/>\n<meta property=\"og:description\" content=\"Raid Dream 2019!! Nous \u00e9tions au raid, sur les berges du lac des Settons. Ivoire et Po\u00e8te ont permis \u00e0 tous de d\u00e9couvrir le lien avec les chevaux et le plaisir de travailler en \u00e9quipe. La journ\u00e9e est ouverte \u00e0...Savoir plus\" \/>\n<meta property=\"og:url\" content=\"https:\/\/equitherapie-bourgogne.fr\/index.php\/agenda\/raid-dream-2019\/\" \/>\n<meta property=\"og:site_name\" content=\"A Cheval sur Soi\" \/>\n<meta property=\"og:image\" content=\"https:\/\/equitherapie-bourgogne.fr\/wp-content\/uploads\/2019\/10\/Raid-dream1.jpeg\" \/>\n\t<meta property=\"og:image:width\" content=\"480\" \/>\n\t<meta property=\"og:image:height\" content=\"640\" \/>\n\t<meta property=\"og:image:type\" content=\"image\/jpeg\" \/>\n<meta name=\"twitter:card\" content=\"summary_large_image\" \/>\n<script type=\"application\/ld+json\" class=\"yoast-schema-graph\">{\"@context\":\"https:\/\/schema.org\",\"@graph\":[{\"@type\":\"WebPage\",\"@id\":\"https:\/\/equitherapie-bourgogne.fr\/index.php\/agenda\/raid-dream-2019\/\",\"url\":\"https:\/\/equitherapie-bourgogne.fr\/index.php\/agenda\/raid-dream-2019\/\",\"name\":\"Raid Dream 2019 - A Cheval sur Soi\",\"isPartOf\":{\"@id\":\"https:\/\/equitherapie-bourgogne.fr\/#website\"},\"primaryImageOfPage\":{\"@id\":\"https:\/\/equitherapie-bourgogne.fr\/index.php\/agenda\/raid-dream-2019\/#primaryimage\"},\"image\":{\"@id\":\"https:\/\/equitherapie-bourgogne.fr\/index.php\/agenda\/raid-dream-2019\/#primaryimage\"},\"thumbnailUrl\":\"https:\/\/equitherapie-bourgogne.fr\/wp-content\/uploads\/2019\/10\/Raid-dream1.jpeg\",\"datePublished\":\"2019-10-03T10:21:39+00:00\",\"breadcrumb\":{\"@id\":\"https:\/\/equitherapie-bourgogne.fr\/index.php\/agenda\/raid-dream-2019\/#breadcrumb\"},\"inLanguage\":\"fr-FR\",\"potentialAction\":[{\"@type\":\"ReadAction\",\"target\":[\"https:\/\/equitherapie-bourgogne.fr\/index.php\/agenda\/raid-dream-2019\/\"]}]},{\"@type\":\"ImageObject\",\"inLanguage\":\"fr-FR\",\"@id\":\"https:\/\/equitherapie-bourgogne.fr\/index.php\/agenda\/raid-dream-2019\/#primaryimage\",\"url\":\"https:\/\/equitherapie-bourgogne.fr\/wp-content\/uploads\/2019\/10\/Raid-dream1.jpeg\",\"contentUrl\":\"https:\/\/equitherapie-bourgogne.fr\/wp-content\/uploads\/2019\/10\/Raid-dream1.jpeg\",\"width\":480,\"height\":640},{\"@type\":\"BreadcrumbList\",\"@id\":\"https:\/\/equitherapie-bourgogne.fr\/index.php\/agenda\/raid-dream-2019\/#breadcrumb\",\"itemListElement\":[{\"@type\":\"ListItem\",\"position\":1,\"name\":\"Accueil\",\"item\":\"https:\/\/equitherapie-bourgogne.fr\/\"},{\"@type\":\"ListItem\",\"position\":2,\"name\":\"\u00c9v\u00e8nements\",\"item\":\"https:\/\/equitherapie-bourgogne.fr\/index.php\/agenda\/\"},{\"@type\":\"ListItem\",\"position\":3,\"name\":\"Raid Dream 2019\"}]},{\"@type\":\"WebSite\",\"@id\":\"https:\/\/equitherapie-bourgogne.fr\/#website\",\"url\":\"https:\/\/equitherapie-bourgogne.fr\/\",\"name\":\"A Cheval sur Soi\",\"description\":\"CENTRE \u00c9QUESTRE TRANSDISCIPLINAIRE\",\"potentialAction\":[{\"@type\":\"SearchAction\",\"target\":{\"@type\":\"EntryPoint\",\"urlTemplate\":\"https:\/\/equitherapie-bourgogne.fr\/?s={search_term_string}\"},\"query-input\":{\"@type\":\"PropertyValueSpecification\",\"valueRequired\":true,\"valueName\":\"search_term_string\"}}],\"inLanguage\":\"fr-FR\"}]}<\/script>\n<!-- \/ Yoast SEO plugin. -->","yoast_head_json":{"title":"Raid Dream 2019 - A Cheval sur Soi","robots":{"index":"index","follow":"follow","max-snippet":"max-snippet:-1","max-image-preview":"max-image-preview:large","max-video-preview":"max-video-preview:-1"},"canonical":"https:\/\/equitherapie-bourgogne.fr\/index.php\/agenda\/raid-dream-2019\/","og_locale":"fr_FR","og_type":"article","og_title":"Raid Dream 2019 - A Cheval sur Soi","og_description":"Raid Dream 2019!! Nous \u00e9tions au raid, sur les berges du lac des Settons. Ivoire et Po\u00e8te ont permis \u00e0 tous de d\u00e9couvrir le lien avec les chevaux et le plaisir de travailler en \u00e9quipe. La journ\u00e9e est ouverte \u00e0...Savoir plus","og_url":"https:\/\/equitherapie-bourgogne.fr\/index.php\/agenda\/raid-dream-2019\/","og_site_name":"A Cheval sur Soi","og_image":[{"width":480,"height":640,"url":"https:\/\/equitherapie-bourgogne.fr\/wp-content\/uploads\/2019\/10\/Raid-dream1.jpeg","type":"image\/jpeg"}],"twitter_card":"summary_large_image","schema":{"@context":"https:\/\/schema.org","@graph":[{"@type":"WebPage","@id":"https:\/\/equitherapie-bourgogne.fr\/index.php\/agenda\/raid-dream-2019\/","url":"https:\/\/equitherapie-bourgogne.fr\/index.php\/agenda\/raid-dream-2019\/","name":"Raid Dream 2019 - A Cheval sur Soi","isPartOf":{"@id":"https:\/\/equitherapie-bourgogne.fr\/#website"},"primaryImageOfPage":{"@id":"https:\/\/equitherapie-bourgogne.fr\/index.php\/agenda\/raid-dream-2019\/#primaryimage"},"image":{"@id":"https:\/\/equitherapie-bourgogne.fr\/index.php\/agenda\/raid-dream-2019\/#primaryimage"},"thumbnailUrl":"https:\/\/equitherapie-bourgogne.fr\/wp-content\/uploads\/2019\/10\/Raid-dream1.jpeg","datePublished":"2019-10-03T10:21:39+00:00","breadcrumb":{"@id":"https:\/\/equitherapie-bourgogne.fr\/index.php\/agenda\/raid-dream-2019\/#breadcrumb"},"inLanguage":"fr-FR","potentialAction":[{"@type":"ReadAction","target":["https:\/\/equitherapie-bourgogne.fr\/index.php\/agenda\/raid-dream-2019\/"]}]},{"@type":"ImageObject","inLanguage":"fr-FR","@id":"https:\/\/equitherapie-bourgogne.fr\/index.php\/agenda\/raid-dream-2019\/#primaryimage","url":"https:\/\/equitherapie-bourgogne.fr\/wp-content\/uploads\/2019\/10\/Raid-dream1.jpeg","contentUrl":"https:\/\/equitherapie-bourgogne.fr\/wp-content\/uploads\/2019\/10\/Raid-dream1.jpeg","width":480,"height":640},{"@type":"BreadcrumbList","@id":"https:\/\/equitherapie-bourgogne.fr\/index.php\/agenda\/raid-dream-2019\/#breadcrumb","itemListElement":[{"@type":"ListItem","position":1,"name":"Accueil","item":"https:\/\/equitherapie-bourgogne.fr\/"},{"@type":"ListItem","position":2,"name":"\u00c9v\u00e8nements","item":"https:\/\/equitherapie-bourgogne.fr\/index.php\/agenda\/"},{"@type":"ListItem","position":3,"name":"Raid Dream 2019"}]},{"@type":"WebSite","@id":"https:\/\/equitherapie-bourgogne.fr\/#website","url":"https:\/\/equitherapie-bourgogne.fr\/","name":"A Cheval sur Soi","description":"CENTRE \u00c9QUESTRE TRANSDISCIPLINAIRE","potentialAction":[{"@type":"SearchAction","target":{"@type":"EntryPoint","urlTemplate":"https:\/\/equitherapie-bourgogne.fr\/?s={search_term_string}"},"query-input":{"@type":"PropertyValueSpecification","valueRequired":true,"valueName":"search_term_string"}}],"inLanguage":"fr-FR"}]}},"_links":{"self":[{"href":"https:\/\/equitherapie-bourgogne.fr\/index.php\/wp-json\/wp\/v2\/tribe_events\/987","targetHints":{"allow":["GET"]}}],"collection":[{"href":"https:\/\/equitherapie-bourgogne.fr\/index.php\/wp-json\/wp\/v2\/tribe_events"}],"about":[{"href":"https:\/\/equitherapie-bourgogne.fr\/index.php\/wp-json\/wp\/v2\/types\/tribe_events"}],"author":[{"embeddable":true,"href":"https:\/\/equitherapie-bourgogne.fr\/index.php\/wp-json\/wp\/v2\/users\/1"}],"replies":[{"embeddable":true,"href":"https:\/\/equitherapie-bourgogne.fr\/index.php\/wp-json\/wp\/v2\/comments?post=987"}],"version-history":[{"count":1,"href":"https:\/\/equitherapie-bourgogne.fr\/index.php\/wp-json\/wp\/v2\/tribe_events\/987\/revisions"}],"predecessor-version":[{"id":988,"href":"https:\/\/equitherapie-bourgogne.fr\/index.php\/wp-json\/wp\/v2\/tribe_events\/987\/revisions\/988"}],"wp:featuredmedia":[{"embeddable":true,"href":"https:\/\/equitherapie-bourgogne.fr\/index.php\/wp-json\/wp\/v2\/media\/982"}],"wp:attachment":[{"href":"https:\/\/equitherapie-bourgogne.fr\/index.php\/wp-json\/wp\/v2\/media?parent=987"}],"wp:term":[{"taxonomy":"post_tag","embeddable":true,"href":"https:\/\/equitherapie-bourgogne.fr\/index.php\/wp-json\/wp\/v2\/tags?post=987"},{"taxonomy":"tribe_events_cat","embeddable":true,"href":"https:\/\/equitherapie-bourgogne.fr\/index.php\/wp-json\/wp\/v2\/tribe_events_cat?post=987"}],"curies":[{"name":"wp","href":"https:\/\/api.w.org\/{rel}","templated":true}]}}

<p>Raid Dream 2019!!<br />
Nous étions au raid, sur les berges du lac des Settons. Ivoire et Poète ont permis à tous de découvrir le lien avec les chevaux et le plaisir de travailler en équipe. La journée est ouverte à tous, personnes valides et handicapées. Les équipes sont constituées de cinq à huit personnes et doivent comporter au moins une personne handicapée.<br />
Les 16 équipes ont vécu une journée placée sous les thèmes du sport, de la découverte, de l&rsquo;attitude loyale et de l&rsquo;esprit d&rsquo;équipe.</p>
<p>&nbsp;</p>
<p><img loading="lazy" decoding="async" class="alignnone size-full wp-image-982" src="http://equitherapie-bourgogne.fr/wp-content/uploads/2019/10/Raid-dream1.jpeg" alt="Raid dream1" width="480" height="640" data-id="982" srcset="https://equitherapie-bourgogne.fr/wp-content/uploads/2019/10/Raid-dream1.jpeg 480w, https://equitherapie-bourgogne.fr/wp-content/uploads/2019/10/Raid-dream1-450x600.jpeg 450w, https://equitherapie-bourgogne.fr/wp-content/uploads/2019/10/Raid-dream1-390x520.jpeg 390w" sizes="auto, (max-width: 480px) 100vw, 480px" /></p>

<p>Raid Dream 2019!! Nous étions au raid, sur les berges du lac des Settons. Ivoire et Poète ont permis à tous de découvrir le lien avec les chevaux et le plaisir de travailler en équipe. La journée est ouverte à&#8230;<br /><a class="read-more-button" href="https://equitherapie-bourgogne.fr/index.php/agenda/raid-dream-2019/">Savoir plus</a></p>

<!-- This site is optimized with the Yoast SEO plugin v24.7 - https://yoast.com/wordpress/plugins/seo/ -->
<title>Raid Dream 2019 - A Cheval sur Soi</title>
<meta name="robots" content="index, follow, max-snippet:-1, max-image-preview:large, max-video-preview:-1" />
<link rel="canonical" href="https://equitherapie-bourgogne.fr/index.php/agenda/raid-dream-2019/" />
<meta property="og:locale" content="fr_FR" />
<meta property="og:type" content="article" />
<meta property="og:title" content="Raid Dream 2019 - A Cheval sur Soi" />
<meta property="og:description" content="Raid Dream 2019!! Nous étions au raid, sur les berges du lac des Settons. Ivoire et Poète ont permis à tous de découvrir le lien avec les chevaux et le plaisir de travailler en équipe. La journée est ouverte à...Savoir plus" />
<meta property="og:url" content="https://equitherapie-bourgogne.fr/index.php/agenda/raid-dream-2019/" />
<meta property="og:site_name" content="A Cheval sur Soi" />
<meta property="og:image" content="https://equitherapie-bourgogne.fr/wp-content/uploads/2019/10/Raid-dream1.jpeg" />
	<meta property="og:image:width" content="480" />
	<meta property="og:image:height" content="640" />
	<meta property="og:image:type" content="image/jpeg" />
<meta name="twitter:card" content="summary_large_image" />
<script type="application/ld+json" class="yoast-schema-graph">{"@context":"https://schema.org","@graph":[{"@type":"WebPage","@id":"https://equitherapie-bourgogne.fr/index.php/agenda/raid-dream-2019/","url":"https://equitherapie-bourgogne.fr/index.php/agenda/raid-dream-2019/","name":"Raid Dream 2019 - A Cheval sur Soi","isPartOf":{"@id":"https://equitherapie-bourgogne.fr/#website"},"primaryImageOfPage":{"@id":"https://equitherapie-bourgogne.fr/index.php/agenda/raid-dream-2019/#primaryimage"},"image":{"@id":"https://equitherapie-bourgogne.fr/index.php/agenda/raid-dream-2019/#primaryimage"},"thumbnailUrl":"https://equitherapie-bourgogne.fr/wp-content/uploads/2019/10/Raid-dream1.jpeg","datePublished":"2019-10-03T10:21:39+00:00","breadcrumb":{"@id":"https://equitherapie-bourgogne.fr/index.php/agenda/raid-dream-2019/#breadcrumb"},"inLanguage":"fr-FR","potentialAction":[{"@type":"ReadAction","target":["https://equitherapie-bourgogne.fr/index.php/agenda/raid-dream-2019/"]}]},{"@type":"ImageObject","inLanguage":"fr-FR","@id":"https://equitherapie-bourgogne.fr/index.php/agenda/raid-dream-2019/#primaryimage","url":"https://equitherapie-bourgogne.fr/wp-content/uploads/2019/10/Raid-dream1.jpeg","contentUrl":"https://equitherapie-bourgogne.fr/wp-content/uploads/2019/10/Raid-dream1.jpeg","width":480,"height":640},{"@type":"BreadcrumbList","@id":"https://equitherapie-bourgogne.fr/index.php/agenda/raid-dream-2019/#breadcrumb","itemListElement":[{"@type":"ListItem","position":1,"name":"Accueil","item":"https://equitherapie-bourgogne.fr/"},{"@type":"ListItem","position":2,"name":"Évènements","item":"https://equitherapie-bourgogne.fr/index.php/agenda/"},{"@type":"ListItem","position":3,"name":"Raid Dream 2019"}]},{"@type":"WebSite","@id":"https://equitherapie-bourgogne.fr/#website","url":"https://equitherapie-bourgogne.fr/","name":"A Cheval sur Soi","description":"CENTRE ÉQUESTRE TRANSDISCIPLINAIRE","potentialAction":[{"@type":"SearchAction","target":{"@type":"EntryPoint","urlTemplate":"https://equitherapie-bourgogne.fr/?s={search_term_string}"},"query-input":{"@type":"PropertyValueSpecification","valueRequired":true,"valueName":"search_term_string"}}],"inLanguage":"fr-FR"}]}</script>
<!-- / Yoast SEO plugin. -->

Raid Dream 2019!! Nous étions au raid, sur les berges du lac des Settons. Ivoire et Poète ont permis à tous de découvrir le lien avec les chevaux et le plaisir de travailler en équipe. La journée est ouverte à...Savoir plus

Évènements

CENTRE ÉQUESTRE TRANSDISCIPLINAIRE
