{"id":956,"date":"2019-05-23T16:06:25","date_gmt":"2019-05-23T14:06:25","guid":{"rendered":"http:\/\/equitherapie-bourgogne.fr\/?post_type=tribe_events&#038;p=956"},"modified":"2019-06-11T10:50:21","modified_gmt":"2019-06-11T08:50:21","slug":"spectacle-vox-populi-fete-centre","status":"publish","type":"tribe_events","link":"https:\/\/equitherapie-bourgogne.fr\/index.php\/agenda\/spectacle-vox-populi-fete-centre\/","title":{"rendered":"Spectacle Vox Populi et f\u00eate du centre!"},"content":{"rendered":"<p><strong><img loading=\"lazy\" decoding=\"async\" class=\"alignnone size-full wp-image-964\" src=\"http:\/\/equitherapie-bourgogne.fr\/wp-content\/uploads\/2019\/05\/affiche-complete-page-001-e1560242904317.jpg\" alt=\"affiche complete-page-001\" width=\"1754\" height=\"1240\" data-id=\"964\" srcset=\"https:\/\/equitherapie-bourgogne.fr\/wp-content\/uploads\/2019\/05\/affiche-complete-page-001-e1560242904317.jpg 1754w, https:\/\/equitherapie-bourgogne.fr\/wp-content\/uploads\/2019\/05\/affiche-complete-page-001-e1560242904317-849x600.jpg 849w, https:\/\/equitherapie-bourgogne.fr\/wp-content\/uploads\/2019\/05\/affiche-complete-page-001-e1560242904317-768x543.jpg 768w, https:\/\/equitherapie-bourgogne.fr\/wp-content\/uploads\/2019\/05\/affiche-complete-page-001-e1560242904317-736x520.jpg 736w, https:\/\/equitherapie-bourgogne.fr\/wp-content\/uploads\/2019\/05\/affiche-complete-page-001-e1560242904317-1170x827.jpg 1170w\" sizes=\"auto, (max-width: 1754px) 100vw, 1754px\" \/>F\u00eate et porte ouverte du centre de 18h \u00e0 20h30. Gratuit et ouvert \u00e0 tous!!<\/strong><\/p>\n<p>18h : Initiation au Tir \u00e0 l&rsquo;arc, Bapt\u00eame poney &#8230;<\/p>\n<p>19h30 : repas partag\u00e9 : tout le monde am\u00e8ne un plat \u00e0 partager et nous nous occupons des boisons.<\/p>\n<p>Venez partager avec nous et d\u00e9couvrir cet univers.<\/p>\n<p>&nbsp;<\/p>\n<p><strong>Spectacle Vox Populi, Stand-up d&rsquo;op\u00e9ra par Marie DUISIT Soprano lyrique. <\/strong><\/p>\n<p><strong>Entr\u00e9e 12\u20ac . moins de 16 ans : 8\u20ac.\u00a0<\/strong><\/p>\n<p><strong>20h30<\/strong><\/p>\n<p><img loading=\"lazy\" decoding=\"async\" class=\"alignnone size-full wp-image-960\" src=\"http:\/\/equitherapie-bourgogne.fr\/wp-content\/uploads\/2019\/05\/l.jpg\" alt=\"l\" width=\"1240\" height=\"1754\" data-id=\"960\" srcset=\"https:\/\/equitherapie-bourgogne.fr\/wp-content\/uploads\/2019\/05\/l.jpg 1240w, https:\/\/equitherapie-bourgogne.fr\/wp-content\/uploads\/2019\/05\/l-424x600.jpg 424w, https:\/\/equitherapie-bourgogne.fr\/wp-content\/uploads\/2019\/05\/l-768x1086.jpg 768w, https:\/\/equitherapie-bourgogne.fr\/wp-content\/uploads\/2019\/05\/l-368x520.jpg 368w, https:\/\/equitherapie-bourgogne.fr\/wp-content\/uploads\/2019\/05\/l-1170x1655.jpg 1170w\" sizes=\"auto, (max-width: 1240px) 100vw, 1240px\" \/><\/p>\n<p>&nbsp;<\/p>\n","protected":false},"excerpt":{"rendered":"<p>F\u00eate et porte ouverte du centre de 18h \u00e0 20h30. Gratuit et ouvert \u00e0 tous!! 18h : Initiation au Tir \u00e0 l&rsquo;arc, Bapt\u00eame poney &#8230; 19h30 : repas partag\u00e9 : tout le monde am\u00e8ne un plat \u00e0 partager et nous&#8230;<br \/><a class=\"read-more-button\" href=\"https:\/\/equitherapie-bourgogne.fr\/index.php\/agenda\/spectacle-vox-populi-fete-centre\/\">Savoir plus<\/a><\/p>\n","protected":false},"author":1,"featured_media":964,"comment_status":"open","ping_status":"closed","template":"","meta":{"_tribe_events_status":"","_tribe_events_status_reason":"","footnotes":""},"tags":[],"tribe_events_cat":[],"class_list":["post-956","tribe_events","type-tribe_events","status-publish","has-post-thumbnail","hentry"],"yoast_head":"<!-- This site is optimized with the Yoast SEO plugin v24.7 - https:\/\/yoast.com\/wordpress\/plugins\/seo\/ -->\n<title>Spectacle Vox Populi et f\u00eate du centre! - A Cheval sur Soi<\/title>\n<meta name=\"robots\" content=\"index, follow, max-snippet:-1, max-image-preview:large, max-video-preview:-1\" \/>\n<link rel=\"canonical\" href=\"https:\/\/equitherapie-bourgogne.fr\/index.php\/agenda\/spectacle-vox-populi-fete-centre\/\" \/>\n<meta property=\"og:locale\" content=\"fr_FR\" \/>\n<meta property=\"og:type\" content=\"article\" \/>\n<meta property=\"og:title\" content=\"Spectacle Vox Populi et f\u00eate du centre! - A Cheval sur Soi\" \/>\n<meta property=\"og:description\" content=\"F\u00eate et porte ouverte du centre de 18h \u00e0 20h30. Gratuit et ouvert \u00e0 tous!! 18h : Initiation au Tir \u00e0 l&rsquo;arc, Bapt\u00eame poney &#8230; 19h30 : repas partag\u00e9 : tout le monde am\u00e8ne un plat \u00e0 partager et nous...Savoir plus\" \/>\n<meta property=\"og:url\" content=\"https:\/\/equitherapie-bourgogne.fr\/index.php\/agenda\/spectacle-vox-populi-fete-centre\/\" \/>\n<meta property=\"og:site_name\" content=\"A Cheval sur Soi\" \/>\n<meta property=\"article:modified_time\" content=\"2019-06-11T08:50:21+00:00\" \/>\n<meta property=\"og:image\" content=\"https:\/\/equitherapie-bourgogne.fr\/wp-content\/uploads\/2019\/05\/affiche-complete-page-001-e1560242904317.jpg\" \/>\n\t<meta property=\"og:image:width\" content=\"1754\" \/>\n\t<meta property=\"og:image:height\" content=\"1240\" \/>\n\t<meta property=\"og:image:type\" content=\"image\/jpeg\" \/>\n<meta name=\"twitter:card\" content=\"summary_large_image\" \/>\n<script type=\"application\/ld+json\" class=\"yoast-schema-graph\">{\"@context\":\"https:\/\/schema.org\",\"@graph\":[{\"@type\":\"WebPage\",\"@id\":\"https:\/\/equitherapie-bourgogne.fr\/index.php\/agenda\/spectacle-vox-populi-fete-centre\/\",\"url\":\"https:\/\/equitherapie-bourgogne.fr\/index.php\/agenda\/spectacle-vox-populi-fete-centre\/\",\"name\":\"Spectacle Vox Populi et f\u00eate du centre! - A Cheval sur Soi\",\"isPartOf\":{\"@id\":\"https:\/\/equitherapie-bourgogne.fr\/#website\"},\"primaryImageOfPage\":{\"@id\":\"https:\/\/equitherapie-bourgogne.fr\/index.php\/agenda\/spectacle-vox-populi-fete-centre\/#primaryimage\"},\"image\":{\"@id\":\"https:\/\/equitherapie-bourgogne.fr\/index.php\/agenda\/spectacle-vox-populi-fete-centre\/#primaryimage\"},\"thumbnailUrl\":\"https:\/\/equitherapie-bourgogne.fr\/wp-content\/uploads\/2019\/05\/affiche-complete-page-001-e1560242904317.jpg\",\"datePublished\":\"2019-05-23T14:06:25+00:00\",\"dateModified\":\"2019-06-11T08:50:21+00:00\",\"breadcrumb\":{\"@id\":\"https:\/\/equitherapie-bourgogne.fr\/index.php\/agenda\/spectacle-vox-populi-fete-centre\/#breadcrumb\"},\"inLanguage\":\"fr-FR\",\"potentialAction\":[{\"@type\":\"ReadAction\",\"target\":[\"https:\/\/equitherapie-bourgogne.fr\/index.php\/agenda\/spectacle-vox-populi-fete-centre\/\"]}]},{\"@type\":\"ImageObject\",\"inLanguage\":\"fr-FR\",\"@id\":\"https:\/\/equitherapie-bourgogne.fr\/index.php\/agenda\/spectacle-vox-populi-fete-centre\/#primaryimage\",\"url\":\"https:\/\/equitherapie-bourgogne.fr\/wp-content\/uploads\/2019\/05\/affiche-complete-page-001-e1560242904317.jpg\",\"contentUrl\":\"https:\/\/equitherapie-bourgogne.fr\/wp-content\/uploads\/2019\/05\/affiche-complete-page-001-e1560242904317.jpg\",\"width\":1754,\"height\":1240},{\"@type\":\"BreadcrumbList\",\"@id\":\"https:\/\/equitherapie-bourgogne.fr\/index.php\/agenda\/spectacle-vox-populi-fete-centre\/#breadcrumb\",\"itemListElement\":[{\"@type\":\"ListItem\",\"position\":1,\"name\":\"Accueil\",\"item\":\"https:\/\/equitherapie-bourgogne.fr\/\"},{\"@type\":\"ListItem\",\"position\":2,\"name\":\"\u00c9v\u00e8nements\",\"item\":\"https:\/\/equitherapie-bourgogne.fr\/index.php\/agenda\/\"},{\"@type\":\"ListItem\",\"position\":3,\"name\":\"Spectacle Vox Populi et f\u00eate du centre!\"}]},{\"@type\":\"WebSite\",\"@id\":\"https:\/\/equitherapie-bourgogne.fr\/#website\",\"url\":\"https:\/\/equitherapie-bourgogne.fr\/\",\"name\":\"A Cheval sur Soi\",\"description\":\"CENTRE \u00c9QUESTRE TRANSDISCIPLINAIRE\",\"potentialAction\":[{\"@type\":\"SearchAction\",\"target\":{\"@type\":\"EntryPoint\",\"urlTemplate\":\"https:\/\/equitherapie-bourgogne.fr\/?s={search_term_string}\"},\"query-input\":{\"@type\":\"PropertyValueSpecification\",\"valueRequired\":true,\"valueName\":\"search_term_string\"}}],\"inLanguage\":\"fr-FR\"}]}<\/script>\n<!-- \/ Yoast SEO plugin. -->","yoast_head_json":{"title":"Spectacle Vox Populi et f\u00eate du centre! - A Cheval sur Soi","robots":{"index":"index","follow":"follow","max-snippet":"max-snippet:-1","max-image-preview":"max-image-preview:large","max-video-preview":"max-video-preview:-1"},"canonical":"https:\/\/equitherapie-bourgogne.fr\/index.php\/agenda\/spectacle-vox-populi-fete-centre\/","og_locale":"fr_FR","og_type":"article","og_title":"Spectacle Vox Populi et f\u00eate du centre! - A Cheval sur Soi","og_description":"F\u00eate et porte ouverte du centre de 18h \u00e0 20h30. Gratuit et ouvert \u00e0 tous!! 18h : Initiation au Tir \u00e0 l&rsquo;arc, Bapt\u00eame poney &#8230; 19h30 : repas partag\u00e9 : tout le monde am\u00e8ne un plat \u00e0 partager et nous...Savoir plus","og_url":"https:\/\/equitherapie-bourgogne.fr\/index.php\/agenda\/spectacle-vox-populi-fete-centre\/","og_site_name":"A Cheval sur Soi","article_modified_time":"2019-06-11T08:50:21+00:00","og_image":[{"width":1754,"height":1240,"url":"https:\/\/equitherapie-bourgogne.fr\/wp-content\/uploads\/2019\/05\/affiche-complete-page-001-e1560242904317.jpg","type":"image\/jpeg"}],"twitter_card":"summary_large_image","schema":{"@context":"https:\/\/schema.org","@graph":[{"@type":"WebPage","@id":"https:\/\/equitherapie-bourgogne.fr\/index.php\/agenda\/spectacle-vox-populi-fete-centre\/","url":"https:\/\/equitherapie-bourgogne.fr\/index.php\/agenda\/spectacle-vox-populi-fete-centre\/","name":"Spectacle Vox Populi et f\u00eate du centre! - A Cheval sur Soi","isPartOf":{"@id":"https:\/\/equitherapie-bourgogne.fr\/#website"},"primaryImageOfPage":{"@id":"https:\/\/equitherapie-bourgogne.fr\/index.php\/agenda\/spectacle-vox-populi-fete-centre\/#primaryimage"},"image":{"@id":"https:\/\/equitherapie-bourgogne.fr\/index.php\/agenda\/spectacle-vox-populi-fete-centre\/#primaryimage"},"thumbnailUrl":"https:\/\/equitherapie-bourgogne.fr\/wp-content\/uploads\/2019\/05\/affiche-complete-page-001-e1560242904317.jpg","datePublished":"2019-05-23T14:06:25+00:00","dateModified":"2019-06-11T08:50:21+00:00","breadcrumb":{"@id":"https:\/\/equitherapie-bourgogne.fr\/index.php\/agenda\/spectacle-vox-populi-fete-centre\/#breadcrumb"},"inLanguage":"fr-FR","potentialAction":[{"@type":"ReadAction","target":["https:\/\/equitherapie-bourgogne.fr\/index.php\/agenda\/spectacle-vox-populi-fete-centre\/"]}]},{"@type":"ImageObject","inLanguage":"fr-FR","@id":"https:\/\/equitherapie-bourgogne.fr\/index.php\/agenda\/spectacle-vox-populi-fete-centre\/#primaryimage","url":"https:\/\/equitherapie-bourgogne.fr\/wp-content\/uploads\/2019\/05\/affiche-complete-page-001-e1560242904317.jpg","contentUrl":"https:\/\/equitherapie-bourgogne.fr\/wp-content\/uploads\/2019\/05\/affiche-complete-page-001-e1560242904317.jpg","width":1754,"height":1240},{"@type":"BreadcrumbList","@id":"https:\/\/equitherapie-bourgogne.fr\/index.php\/agenda\/spectacle-vox-populi-fete-centre\/#breadcrumb","itemListElement":[{"@type":"ListItem","position":1,"name":"Accueil","item":"https:\/\/equitherapie-bourgogne.fr\/"},{"@type":"ListItem","position":2,"name":"\u00c9v\u00e8nements","item":"https:\/\/equitherapie-bourgogne.fr\/index.php\/agenda\/"},{"@type":"ListItem","position":3,"name":"Spectacle Vox Populi et f\u00eate du centre!"}]},{"@type":"WebSite","@id":"https:\/\/equitherapie-bourgogne.fr\/#website","url":"https:\/\/equitherapie-bourgogne.fr\/","name":"A Cheval sur Soi","description":"CENTRE \u00c9QUESTRE TRANSDISCIPLINAIRE","potentialAction":[{"@type":"SearchAction","target":{"@type":"EntryPoint","urlTemplate":"https:\/\/equitherapie-bourgogne.fr\/?s={search_term_string}"},"query-input":{"@type":"PropertyValueSpecification","valueRequired":true,"valueName":"search_term_string"}}],"inLanguage":"fr-FR"}]}},"_links":{"self":[{"href":"https:\/\/equitherapie-bourgogne.fr\/index.php\/wp-json\/wp\/v2\/tribe_events\/956","targetHints":{"allow":["GET"]}}],"collection":[{"href":"https:\/\/equitherapie-bourgogne.fr\/index.php\/wp-json\/wp\/v2\/tribe_events"}],"about":[{"href":"https:\/\/equitherapie-bourgogne.fr\/index.php\/wp-json\/wp\/v2\/types\/tribe_events"}],"author":[{"embeddable":true,"href":"https:\/\/equitherapie-bourgogne.fr\/index.php\/wp-json\/wp\/v2\/users\/1"}],"replies":[{"embeddable":true,"href":"https:\/\/equitherapie-bourgogne.fr\/index.php\/wp-json\/wp\/v2\/comments?post=956"}],"version-history":[{"count":2,"href":"https:\/\/equitherapie-bourgogne.fr\/index.php\/wp-json\/wp\/v2\/tribe_events\/956\/revisions"}],"predecessor-version":[{"id":965,"href":"https:\/\/equitherapie-bourgogne.fr\/index.php\/wp-json\/wp\/v2\/tribe_events\/956\/revisions\/965"}],"wp:featuredmedia":[{"embeddable":true,"href":"https:\/\/equitherapie-bourgogne.fr\/index.php\/wp-json\/wp\/v2\/media\/964"}],"wp:attachment":[{"href":"https:\/\/equitherapie-bourgogne.fr\/index.php\/wp-json\/wp\/v2\/media?parent=956"}],"wp:term":[{"taxonomy":"post_tag","embeddable":true,"href":"https:\/\/equitherapie-bourgogne.fr\/index.php\/wp-json\/wp\/v2\/tags?post=956"},{"taxonomy":"tribe_events_cat","embeddable":true,"href":"https:\/\/equitherapie-bourgogne.fr\/index.php\/wp-json\/wp\/v2\/tribe_events_cat?post=956"}],"curies":[{"name":"wp","href":"https:\/\/api.w.org\/{rel}","templated":true}]}}

Spectacle Vox Populi et fête du centre!

<p><strong><img loading="lazy" decoding="async" class="alignnone size-full wp-image-964" src="http://equitherapie-bourgogne.fr/wp-content/uploads/2019/05/affiche-complete-page-001-e1560242904317.jpg" alt="affiche complete-page-001" width="1754" height="1240" data-id="964" srcset="https://equitherapie-bourgogne.fr/wp-content/uploads/2019/05/affiche-complete-page-001-e1560242904317.jpg 1754w, https://equitherapie-bourgogne.fr/wp-content/uploads/2019/05/affiche-complete-page-001-e1560242904317-849x600.jpg 849w, https://equitherapie-bourgogne.fr/wp-content/uploads/2019/05/affiche-complete-page-001-e1560242904317-768x543.jpg 768w, https://equitherapie-bourgogne.fr/wp-content/uploads/2019/05/affiche-complete-page-001-e1560242904317-736x520.jpg 736w, https://equitherapie-bourgogne.fr/wp-content/uploads/2019/05/affiche-complete-page-001-e1560242904317-1170x827.jpg 1170w" sizes="auto, (max-width: 1754px) 100vw, 1754px" />Fête et porte ouverte du centre de 18h à 20h30. Gratuit et ouvert à tous!!</strong></p>
<p>18h : Initiation au Tir à l&rsquo;arc, Baptême poney &#8230;</p>
<p>19h30 : repas partagé : tout le monde amène un plat à partager et nous nous occupons des boisons.</p>
<p>Venez partager avec nous et découvrir cet univers.</p>
<p>&nbsp;</p>
<p><strong>Spectacle Vox Populi, Stand-up d&rsquo;opéra par Marie DUISIT Soprano lyrique. </strong></p>
<p><strong>Entrée 12€ . moins de 16 ans : 8€. </strong></p>
<p><strong>20h30</strong></p>
<p><img loading="lazy" decoding="async" class="alignnone size-full wp-image-960" src="http://equitherapie-bourgogne.fr/wp-content/uploads/2019/05/l.jpg" alt="l" width="1240" height="1754" data-id="960" srcset="https://equitherapie-bourgogne.fr/wp-content/uploads/2019/05/l.jpg 1240w, https://equitherapie-bourgogne.fr/wp-content/uploads/2019/05/l-424x600.jpg 424w, https://equitherapie-bourgogne.fr/wp-content/uploads/2019/05/l-768x1086.jpg 768w, https://equitherapie-bourgogne.fr/wp-content/uploads/2019/05/l-368x520.jpg 368w, https://equitherapie-bourgogne.fr/wp-content/uploads/2019/05/l-1170x1655.jpg 1170w" sizes="auto, (max-width: 1240px) 100vw, 1240px" /></p>
<p>&nbsp;</p>

<p>Fête et porte ouverte du centre de 18h à 20h30. Gratuit et ouvert à tous!! 18h : Initiation au Tir à l&rsquo;arc, Baptême poney &#8230; 19h30 : repas partagé : tout le monde amène un plat à partager et nous&#8230;<br /><a class="read-more-button" href="https://equitherapie-bourgogne.fr/index.php/agenda/spectacle-vox-populi-fete-centre/">Savoir plus</a></p>

<!-- This site is optimized with the Yoast SEO plugin v24.7 - https://yoast.com/wordpress/plugins/seo/ -->
<title>Spectacle Vox Populi et fête du centre! - A Cheval sur Soi</title>
<meta name="robots" content="index, follow, max-snippet:-1, max-image-preview:large, max-video-preview:-1" />
<link rel="canonical" href="https://equitherapie-bourgogne.fr/index.php/agenda/spectacle-vox-populi-fete-centre/" />
<meta property="og:locale" content="fr_FR" />
<meta property="og:type" content="article" />
<meta property="og:title" content="Spectacle Vox Populi et fête du centre! - A Cheval sur Soi" />
<meta property="og:description" content="Fête et porte ouverte du centre de 18h à 20h30. Gratuit et ouvert à tous!! 18h : Initiation au Tir à l&rsquo;arc, Baptême poney &#8230; 19h30 : repas partagé : tout le monde amène un plat à partager et nous...Savoir plus" />
<meta property="og:url" content="https://equitherapie-bourgogne.fr/index.php/agenda/spectacle-vox-populi-fete-centre/" />
<meta property="og:site_name" content="A Cheval sur Soi" />
<meta property="article:modified_time" content="2019-06-11T08:50:21+00:00" />
<meta property="og:image" content="https://equitherapie-bourgogne.fr/wp-content/uploads/2019/05/affiche-complete-page-001-e1560242904317.jpg" />
	<meta property="og:image:width" content="1754" />
	<meta property="og:image:height" content="1240" />
	<meta property="og:image:type" content="image/jpeg" />
<meta name="twitter:card" content="summary_large_image" />
<script type="application/ld+json" class="yoast-schema-graph">{"@context":"https://schema.org","@graph":[{"@type":"WebPage","@id":"https://equitherapie-bourgogne.fr/index.php/agenda/spectacle-vox-populi-fete-centre/","url":"https://equitherapie-bourgogne.fr/index.php/agenda/spectacle-vox-populi-fete-centre/","name":"Spectacle Vox Populi et fête du centre! - A Cheval sur Soi","isPartOf":{"@id":"https://equitherapie-bourgogne.fr/#website"},"primaryImageOfPage":{"@id":"https://equitherapie-bourgogne.fr/index.php/agenda/spectacle-vox-populi-fete-centre/#primaryimage"},"image":{"@id":"https://equitherapie-bourgogne.fr/index.php/agenda/spectacle-vox-populi-fete-centre/#primaryimage"},"thumbnailUrl":"https://equitherapie-bourgogne.fr/wp-content/uploads/2019/05/affiche-complete-page-001-e1560242904317.jpg","datePublished":"2019-05-23T14:06:25+00:00","dateModified":"2019-06-11T08:50:21+00:00","breadcrumb":{"@id":"https://equitherapie-bourgogne.fr/index.php/agenda/spectacle-vox-populi-fete-centre/#breadcrumb"},"inLanguage":"fr-FR","potentialAction":[{"@type":"ReadAction","target":["https://equitherapie-bourgogne.fr/index.php/agenda/spectacle-vox-populi-fete-centre/"]}]},{"@type":"ImageObject","inLanguage":"fr-FR","@id":"https://equitherapie-bourgogne.fr/index.php/agenda/spectacle-vox-populi-fete-centre/#primaryimage","url":"https://equitherapie-bourgogne.fr/wp-content/uploads/2019/05/affiche-complete-page-001-e1560242904317.jpg","contentUrl":"https://equitherapie-bourgogne.fr/wp-content/uploads/2019/05/affiche-complete-page-001-e1560242904317.jpg","width":1754,"height":1240},{"@type":"BreadcrumbList","@id":"https://equitherapie-bourgogne.fr/index.php/agenda/spectacle-vox-populi-fete-centre/#breadcrumb","itemListElement":[{"@type":"ListItem","position":1,"name":"Accueil","item":"https://equitherapie-bourgogne.fr/"},{"@type":"ListItem","position":2,"name":"Évènements","item":"https://equitherapie-bourgogne.fr/index.php/agenda/"},{"@type":"ListItem","position":3,"name":"Spectacle Vox Populi et fête du centre!"}]},{"@type":"WebSite","@id":"https://equitherapie-bourgogne.fr/#website","url":"https://equitherapie-bourgogne.fr/","name":"A Cheval sur Soi","description":"CENTRE ÉQUESTRE TRANSDISCIPLINAIRE","potentialAction":[{"@type":"SearchAction","target":{"@type":"EntryPoint","urlTemplate":"https://equitherapie-bourgogne.fr/?s={search_term_string}"},"query-input":{"@type":"PropertyValueSpecification","valueRequired":true,"valueName":"search_term_string"}}],"inLanguage":"fr-FR"}]}</script>
<!-- / Yoast SEO plugin. -->

Spectacle Vox Populi et fête du centre! - A Cheval sur Soi

Fête et porte ouverte du centre de 18h à 20h30. Gratuit et ouvert à tous!! 18h : Initiation au Tir à l&rsquo;arc, Baptême poney &#8230; 19h30 : repas partagé : tout le monde amène un plat à partager et nous...Savoir plus

Évènements

CENTRE ÉQUESTRE TRANSDISCIPLINAIRE
