{"id":934,"date":"2019-02-15T11:16:20","date_gmt":"2019-02-15T10:16:20","guid":{"rendered":"http:\/\/equitherapie-bourgogne.fr\/?post_type=tribe_events&#038;p=934"},"modified":"2019-02-15T11:16:20","modified_gmt":"2019-02-15T10:16:20","slug":"cine-docu-cinema-letoile-a-saulieu","status":"publish","type":"tribe_events","link":"https:\/\/equitherapie-bourgogne.fr\/index.php\/agenda\/cine-docu-cinema-letoile-a-saulieu\/","title":{"rendered":"Cin\u00e9-docu au cin\u00e9ma l&rsquo;\u00e9toile \u00e0 Saulieu"},"content":{"rendered":"<p><a href=\"https:\/\/www.facebook.com\/AChevalSurSoi\/\">https:\/\/www.facebook.com\/AChevalSurSoi\/<\/a><\/p>\n<p>http:\/\/etoile-saulieu.fr\/<\/p>\n<p><img loading=\"lazy\" decoding=\"async\" class=\"alignnone size-full wp-image-929\" src=\"http:\/\/equitherapie-bourgogne.fr\/wp-content\/uploads\/2019\/02\/cin\u00e9-debat-0219.jpg\" alt=\"cin\u00e9 debat 0219\" width=\"960\" height=\"518\" data-id=\"929\" srcset=\"https:\/\/equitherapie-bourgogne.fr\/wp-content\/uploads\/2019\/02\/cin\u00e9-debat-0219.jpg 960w, https:\/\/equitherapie-bourgogne.fr\/wp-content\/uploads\/2019\/02\/cin\u00e9-debat-0219-768x414.jpg 768w\" sizes=\"auto, (max-width: 960px) 100vw, 960px\" \/><\/p>\n<p>On vous attend nombreux!!<\/p>\n","protected":false},"excerpt":{"rendered":"<p>https:\/\/www.facebook.com\/AChevalSurSoi\/ http:\/\/etoile-saulieu.fr\/ On vous attend nombreux!!<\/p>\n","protected":false},"author":1,"featured_media":929,"comment_status":"open","ping_status":"closed","template":"","meta":{"_tribe_events_status":"","_tribe_events_status_reason":"","footnotes":""},"tags":[],"tribe_events_cat":[3],"class_list":["post-934","tribe_events","type-tribe_events","status-publish","has-post-thumbnail","hentry","tribe_events_cat-interventions-exterieures","cat_interventions-exterieures"],"yoast_head":"<!-- This site is optimized with the Yoast SEO plugin v24.7 - https:\/\/yoast.com\/wordpress\/plugins\/seo\/ -->\n<title>Cin\u00e9-docu au cin\u00e9ma l&#039;\u00e9toile \u00e0 Saulieu - A Cheval sur Soi<\/title>\n<meta name=\"robots\" content=\"index, follow, max-snippet:-1, max-image-preview:large, max-video-preview:-1\" \/>\n<link rel=\"canonical\" href=\"https:\/\/equitherapie-bourgogne.fr\/index.php\/agenda\/cine-docu-cinema-letoile-a-saulieu\/\" \/>\n<meta property=\"og:locale\" content=\"fr_FR\" \/>\n<meta property=\"og:type\" content=\"article\" \/>\n<meta property=\"og:title\" content=\"Cin\u00e9-docu au cin\u00e9ma l&#039;\u00e9toile \u00e0 Saulieu - A Cheval sur Soi\" \/>\n<meta property=\"og:description\" content=\"https:\/\/www.facebook.com\/AChevalSurSoi\/ http:\/\/etoile-saulieu.fr\/ On vous attend nombreux!!\" \/>\n<meta property=\"og:url\" content=\"https:\/\/equitherapie-bourgogne.fr\/index.php\/agenda\/cine-docu-cinema-letoile-a-saulieu\/\" \/>\n<meta property=\"og:site_name\" content=\"A Cheval sur Soi\" \/>\n<meta property=\"og:image\" content=\"https:\/\/equitherapie-bourgogne.fr\/wp-content\/uploads\/2019\/02\/cin\u00e9-debat-0219.jpg\" \/>\n\t<meta property=\"og:image:width\" content=\"960\" \/>\n\t<meta property=\"og:image:height\" content=\"518\" \/>\n\t<meta property=\"og:image:type\" content=\"image\/jpeg\" \/>\n<meta name=\"twitter:card\" content=\"summary_large_image\" \/>\n<script type=\"application\/ld+json\" class=\"yoast-schema-graph\">{\"@context\":\"https:\/\/schema.org\",\"@graph\":[{\"@type\":\"WebPage\",\"@id\":\"https:\/\/equitherapie-bourgogne.fr\/index.php\/agenda\/cine-docu-cinema-letoile-a-saulieu\/\",\"url\":\"https:\/\/equitherapie-bourgogne.fr\/index.php\/agenda\/cine-docu-cinema-letoile-a-saulieu\/\",\"name\":\"Cin\u00e9-docu au cin\u00e9ma l'\u00e9toile \u00e0 Saulieu - A Cheval sur Soi\",\"isPartOf\":{\"@id\":\"https:\/\/equitherapie-bourgogne.fr\/#website\"},\"primaryImageOfPage\":{\"@id\":\"https:\/\/equitherapie-bourgogne.fr\/index.php\/agenda\/cine-docu-cinema-letoile-a-saulieu\/#primaryimage\"},\"image\":{\"@id\":\"https:\/\/equitherapie-bourgogne.fr\/index.php\/agenda\/cine-docu-cinema-letoile-a-saulieu\/#primaryimage\"},\"thumbnailUrl\":\"https:\/\/equitherapie-bourgogne.fr\/wp-content\/uploads\/2019\/02\/cin\u00e9-debat-0219.jpg\",\"datePublished\":\"2019-02-15T10:16:20+00:00\",\"breadcrumb\":{\"@id\":\"https:\/\/equitherapie-bourgogne.fr\/index.php\/agenda\/cine-docu-cinema-letoile-a-saulieu\/#breadcrumb\"},\"inLanguage\":\"fr-FR\",\"potentialAction\":[{\"@type\":\"ReadAction\",\"target\":[\"https:\/\/equitherapie-bourgogne.fr\/index.php\/agenda\/cine-docu-cinema-letoile-a-saulieu\/\"]}]},{\"@type\":\"ImageObject\",\"inLanguage\":\"fr-FR\",\"@id\":\"https:\/\/equitherapie-bourgogne.fr\/index.php\/agenda\/cine-docu-cinema-letoile-a-saulieu\/#primaryimage\",\"url\":\"https:\/\/equitherapie-bourgogne.fr\/wp-content\/uploads\/2019\/02\/cin\u00e9-debat-0219.jpg\",\"contentUrl\":\"https:\/\/equitherapie-bourgogne.fr\/wp-content\/uploads\/2019\/02\/cin\u00e9-debat-0219.jpg\",\"width\":960,\"height\":518},{\"@type\":\"BreadcrumbList\",\"@id\":\"https:\/\/equitherapie-bourgogne.fr\/index.php\/agenda\/cine-docu-cinema-letoile-a-saulieu\/#breadcrumb\",\"itemListElement\":[{\"@type\":\"ListItem\",\"position\":1,\"name\":\"Accueil\",\"item\":\"https:\/\/equitherapie-bourgogne.fr\/\"},{\"@type\":\"ListItem\",\"position\":2,\"name\":\"\u00c9v\u00e8nements\",\"item\":\"https:\/\/equitherapie-bourgogne.fr\/index.php\/agenda\/\"},{\"@type\":\"ListItem\",\"position\":3,\"name\":\"Cin\u00e9-docu au cin\u00e9ma l&rsquo;\u00e9toile \u00e0 Saulieu\"}]},{\"@type\":\"WebSite\",\"@id\":\"https:\/\/equitherapie-bourgogne.fr\/#website\",\"url\":\"https:\/\/equitherapie-bourgogne.fr\/\",\"name\":\"A Cheval sur Soi\",\"description\":\"CENTRE \u00c9QUESTRE TRANSDISCIPLINAIRE\",\"potentialAction\":[{\"@type\":\"SearchAction\",\"target\":{\"@type\":\"EntryPoint\",\"urlTemplate\":\"https:\/\/equitherapie-bourgogne.fr\/?s={search_term_string}\"},\"query-input\":{\"@type\":\"PropertyValueSpecification\",\"valueRequired\":true,\"valueName\":\"search_term_string\"}}],\"inLanguage\":\"fr-FR\"}]}<\/script>\n<!-- \/ Yoast SEO plugin. -->","yoast_head_json":{"title":"Cin\u00e9-docu au cin\u00e9ma l'\u00e9toile \u00e0 Saulieu - A Cheval sur Soi","robots":{"index":"index","follow":"follow","max-snippet":"max-snippet:-1","max-image-preview":"max-image-preview:large","max-video-preview":"max-video-preview:-1"},"canonical":"https:\/\/equitherapie-bourgogne.fr\/index.php\/agenda\/cine-docu-cinema-letoile-a-saulieu\/","og_locale":"fr_FR","og_type":"article","og_title":"Cin\u00e9-docu au cin\u00e9ma l'\u00e9toile \u00e0 Saulieu - A Cheval sur Soi","og_description":"https:\/\/www.facebook.com\/AChevalSurSoi\/ http:\/\/etoile-saulieu.fr\/ On vous attend nombreux!!","og_url":"https:\/\/equitherapie-bourgogne.fr\/index.php\/agenda\/cine-docu-cinema-letoile-a-saulieu\/","og_site_name":"A Cheval sur Soi","og_image":[{"width":960,"height":518,"url":"https:\/\/equitherapie-bourgogne.fr\/wp-content\/uploads\/2019\/02\/cin\u00e9-debat-0219.jpg","type":"image\/jpeg"}],"twitter_card":"summary_large_image","schema":{"@context":"https:\/\/schema.org","@graph":[{"@type":"WebPage","@id":"https:\/\/equitherapie-bourgogne.fr\/index.php\/agenda\/cine-docu-cinema-letoile-a-saulieu\/","url":"https:\/\/equitherapie-bourgogne.fr\/index.php\/agenda\/cine-docu-cinema-letoile-a-saulieu\/","name":"Cin\u00e9-docu au cin\u00e9ma l'\u00e9toile \u00e0 Saulieu - A Cheval sur Soi","isPartOf":{"@id":"https:\/\/equitherapie-bourgogne.fr\/#website"},"primaryImageOfPage":{"@id":"https:\/\/equitherapie-bourgogne.fr\/index.php\/agenda\/cine-docu-cinema-letoile-a-saulieu\/#primaryimage"},"image":{"@id":"https:\/\/equitherapie-bourgogne.fr\/index.php\/agenda\/cine-docu-cinema-letoile-a-saulieu\/#primaryimage"},"thumbnailUrl":"https:\/\/equitherapie-bourgogne.fr\/wp-content\/uploads\/2019\/02\/cin\u00e9-debat-0219.jpg","datePublished":"2019-02-15T10:16:20+00:00","breadcrumb":{"@id":"https:\/\/equitherapie-bourgogne.fr\/index.php\/agenda\/cine-docu-cinema-letoile-a-saulieu\/#breadcrumb"},"inLanguage":"fr-FR","potentialAction":[{"@type":"ReadAction","target":["https:\/\/equitherapie-bourgogne.fr\/index.php\/agenda\/cine-docu-cinema-letoile-a-saulieu\/"]}]},{"@type":"ImageObject","inLanguage":"fr-FR","@id":"https:\/\/equitherapie-bourgogne.fr\/index.php\/agenda\/cine-docu-cinema-letoile-a-saulieu\/#primaryimage","url":"https:\/\/equitherapie-bourgogne.fr\/wp-content\/uploads\/2019\/02\/cin\u00e9-debat-0219.jpg","contentUrl":"https:\/\/equitherapie-bourgogne.fr\/wp-content\/uploads\/2019\/02\/cin\u00e9-debat-0219.jpg","width":960,"height":518},{"@type":"BreadcrumbList","@id":"https:\/\/equitherapie-bourgogne.fr\/index.php\/agenda\/cine-docu-cinema-letoile-a-saulieu\/#breadcrumb","itemListElement":[{"@type":"ListItem","position":1,"name":"Accueil","item":"https:\/\/equitherapie-bourgogne.fr\/"},{"@type":"ListItem","position":2,"name":"\u00c9v\u00e8nements","item":"https:\/\/equitherapie-bourgogne.fr\/index.php\/agenda\/"},{"@type":"ListItem","position":3,"name":"Cin\u00e9-docu au cin\u00e9ma l&rsquo;\u00e9toile \u00e0 Saulieu"}]},{"@type":"WebSite","@id":"https:\/\/equitherapie-bourgogne.fr\/#website","url":"https:\/\/equitherapie-bourgogne.fr\/","name":"A Cheval sur Soi","description":"CENTRE \u00c9QUESTRE TRANSDISCIPLINAIRE","potentialAction":[{"@type":"SearchAction","target":{"@type":"EntryPoint","urlTemplate":"https:\/\/equitherapie-bourgogne.fr\/?s={search_term_string}"},"query-input":{"@type":"PropertyValueSpecification","valueRequired":true,"valueName":"search_term_string"}}],"inLanguage":"fr-FR"}]}},"_links":{"self":[{"href":"https:\/\/equitherapie-bourgogne.fr\/index.php\/wp-json\/wp\/v2\/tribe_events\/934","targetHints":{"allow":["GET"]}}],"collection":[{"href":"https:\/\/equitherapie-bourgogne.fr\/index.php\/wp-json\/wp\/v2\/tribe_events"}],"about":[{"href":"https:\/\/equitherapie-bourgogne.fr\/index.php\/wp-json\/wp\/v2\/types\/tribe_events"}],"author":[{"embeddable":true,"href":"https:\/\/equitherapie-bourgogne.fr\/index.php\/wp-json\/wp\/v2\/users\/1"}],"replies":[{"embeddable":true,"href":"https:\/\/equitherapie-bourgogne.fr\/index.php\/wp-json\/wp\/v2\/comments?post=934"}],"version-history":[{"count":1,"href":"https:\/\/equitherapie-bourgogne.fr\/index.php\/wp-json\/wp\/v2\/tribe_events\/934\/revisions"}],"predecessor-version":[{"id":935,"href":"https:\/\/equitherapie-bourgogne.fr\/index.php\/wp-json\/wp\/v2\/tribe_events\/934\/revisions\/935"}],"wp:featuredmedia":[{"embeddable":true,"href":"https:\/\/equitherapie-bourgogne.fr\/index.php\/wp-json\/wp\/v2\/media\/929"}],"wp:attachment":[{"href":"https:\/\/equitherapie-bourgogne.fr\/index.php\/wp-json\/wp\/v2\/media?parent=934"}],"wp:term":[{"taxonomy":"post_tag","embeddable":true,"href":"https:\/\/equitherapie-bourgogne.fr\/index.php\/wp-json\/wp\/v2\/tags?post=934"},{"taxonomy":"tribe_events_cat","embeddable":true,"href":"https:\/\/equitherapie-bourgogne.fr\/index.php\/wp-json\/wp\/v2\/tribe_events_cat?post=934"}],"curies":[{"name":"wp","href":"https:\/\/api.w.org\/{rel}","templated":true}]}}

Ciné-docu au cinéma l&rsquo;étoile à Saulieu

<p><a href="https://www.facebook.com/AChevalSurSoi/">https://www.facebook.com/AChevalSurSoi/</a></p>
<p>http://etoile-saulieu.fr/</p>
<p><img loading="lazy" decoding="async" class="alignnone size-full wp-image-929" src="http://equitherapie-bourgogne.fr/wp-content/uploads/2019/02/ciné-debat-0219.jpg" alt="ciné debat 0219" width="960" height="518" data-id="929" srcset="https://equitherapie-bourgogne.fr/wp-content/uploads/2019/02/ciné-debat-0219.jpg 960w, https://equitherapie-bourgogne.fr/wp-content/uploads/2019/02/ciné-debat-0219-768x414.jpg 768w" sizes="auto, (max-width: 960px) 100vw, 960px" /></p>
<p>On vous attend nombreux!!</p>

<!-- This site is optimized with the Yoast SEO plugin v24.7 - https://yoast.com/wordpress/plugins/seo/ -->
<title>Ciné-docu au cinéma l&#039;étoile à Saulieu - A Cheval sur Soi</title>
<meta name="robots" content="index, follow, max-snippet:-1, max-image-preview:large, max-video-preview:-1" />
<link rel="canonical" href="https://equitherapie-bourgogne.fr/index.php/agenda/cine-docu-cinema-letoile-a-saulieu/" />
<meta property="og:locale" content="fr_FR" />
<meta property="og:type" content="article" />
<meta property="og:title" content="Ciné-docu au cinéma l&#039;étoile à Saulieu - A Cheval sur Soi" />
<meta property="og:description" content="https://www.facebook.com/AChevalSurSoi/ http://etoile-saulieu.fr/ On vous attend nombreux!!" />
<meta property="og:url" content="https://equitherapie-bourgogne.fr/index.php/agenda/cine-docu-cinema-letoile-a-saulieu/" />
<meta property="og:site_name" content="A Cheval sur Soi" />
<meta property="og:image" content="https://equitherapie-bourgogne.fr/wp-content/uploads/2019/02/ciné-debat-0219.jpg" />
	<meta property="og:image:width" content="960" />
	<meta property="og:image:height" content="518" />
	<meta property="og:image:type" content="image/jpeg" />
<meta name="twitter:card" content="summary_large_image" />
<script type="application/ld+json" class="yoast-schema-graph">{"@context":"https://schema.org","@graph":[{"@type":"WebPage","@id":"https://equitherapie-bourgogne.fr/index.php/agenda/cine-docu-cinema-letoile-a-saulieu/","url":"https://equitherapie-bourgogne.fr/index.php/agenda/cine-docu-cinema-letoile-a-saulieu/","name":"Ciné-docu au cinéma l'étoile à Saulieu - A Cheval sur Soi","isPartOf":{"@id":"https://equitherapie-bourgogne.fr/#website"},"primaryImageOfPage":{"@id":"https://equitherapie-bourgogne.fr/index.php/agenda/cine-docu-cinema-letoile-a-saulieu/#primaryimage"},"image":{"@id":"https://equitherapie-bourgogne.fr/index.php/agenda/cine-docu-cinema-letoile-a-saulieu/#primaryimage"},"thumbnailUrl":"https://equitherapie-bourgogne.fr/wp-content/uploads/2019/02/ciné-debat-0219.jpg","datePublished":"2019-02-15T10:16:20+00:00","breadcrumb":{"@id":"https://equitherapie-bourgogne.fr/index.php/agenda/cine-docu-cinema-letoile-a-saulieu/#breadcrumb"},"inLanguage":"fr-FR","potentialAction":[{"@type":"ReadAction","target":["https://equitherapie-bourgogne.fr/index.php/agenda/cine-docu-cinema-letoile-a-saulieu/"]}]},{"@type":"ImageObject","inLanguage":"fr-FR","@id":"https://equitherapie-bourgogne.fr/index.php/agenda/cine-docu-cinema-letoile-a-saulieu/#primaryimage","url":"https://equitherapie-bourgogne.fr/wp-content/uploads/2019/02/ciné-debat-0219.jpg","contentUrl":"https://equitherapie-bourgogne.fr/wp-content/uploads/2019/02/ciné-debat-0219.jpg","width":960,"height":518},{"@type":"BreadcrumbList","@id":"https://equitherapie-bourgogne.fr/index.php/agenda/cine-docu-cinema-letoile-a-saulieu/#breadcrumb","itemListElement":[{"@type":"ListItem","position":1,"name":"Accueil","item":"https://equitherapie-bourgogne.fr/"},{"@type":"ListItem","position":2,"name":"Évènements","item":"https://equitherapie-bourgogne.fr/index.php/agenda/"},{"@type":"ListItem","position":3,"name":"Ciné-docu au cinéma l&rsquo;étoile à Saulieu"}]},{"@type":"WebSite","@id":"https://equitherapie-bourgogne.fr/#website","url":"https://equitherapie-bourgogne.fr/","name":"A Cheval sur Soi","description":"CENTRE ÉQUESTRE TRANSDISCIPLINAIRE","potentialAction":[{"@type":"SearchAction","target":{"@type":"EntryPoint","urlTemplate":"https://equitherapie-bourgogne.fr/?s={search_term_string}"},"query-input":{"@type":"PropertyValueSpecification","valueRequired":true,"valueName":"search_term_string"}}],"inLanguage":"fr-FR"}]}</script>
<!-- / Yoast SEO plugin. -->

Ciné-docu au cinéma l'étoile à Saulieu - A Cheval sur Soi

https://equitherapie-bourgogne.fr/wp-content/uploads/2019/02/ciné-debat-0219.jpg

Évènements

CENTRE ÉQUESTRE TRANSDISCIPLINAIRE
