{"id":887,"date":"2018-10-03T16:51:25","date_gmt":"2018-10-03T14:51:25","guid":{"rendered":"http:\/\/equitherapie-bourgogne.fr\/?post_type=tribe_events&#038;p=887"},"modified":"2018-10-03T16:51:25","modified_gmt":"2018-10-03T14:51:25","slug":"fete-de-lautomne-a-st-brisson","status":"publish","type":"tribe_events","link":"https:\/\/equitherapie-bourgogne.fr\/index.php\/agenda\/fete-de-lautomne-a-st-brisson\/","title":{"rendered":"F\u00eate de l&rsquo;automne \u00e0 St Brisson!"},"content":{"rendered":"<p>Nous serons comme chaque ann\u00e9e fid\u00e8les \u00e0 la f\u00eate de l&rsquo;automne \u00e0 St Brisson.<\/p>\n<p>Retrouvez nous pour l&rsquo;initiation au tir \u00e0 l&rsquo;arc.<\/p>\n<p>&nbsp;<\/p>\n<p><img loading=\"lazy\" decoding=\"async\" class=\"alignnone size-full wp-image-888\" src=\"http:\/\/equitherapie-bourgogne.fr\/wp-content\/uploads\/2018\/10\/f\u00eate-automne2018.jpg\" alt=\"f\u00eate automne2018\" width=\"606\" height=\"852\" data-id=\"888\" \/><\/p>\n","protected":false},"excerpt":{"rendered":"<p>Nous serons comme chaque ann\u00e9e fid\u00e8les \u00e0 la f\u00eate de l&rsquo;automne \u00e0 St Brisson. Retrouvez nous pour l&rsquo;initiation au tir \u00e0 l&rsquo;arc. &nbsp;<\/p>\n","protected":false},"author":1,"featured_media":0,"comment_status":"open","ping_status":"closed","template":"","meta":{"_tribe_events_status":"","_tribe_events_status_reason":"","footnotes":""},"tags":[],"tribe_events_cat":[3],"class_list":["post-887","tribe_events","type-tribe_events","status-publish","hentry","tribe_events_cat-interventions-exterieures","cat_interventions-exterieures"],"yoast_head":"<!-- This site is optimized with the Yoast SEO plugin v24.7 - https:\/\/yoast.com\/wordpress\/plugins\/seo\/ -->\n<title>F\u00eate de l&#039;automne \u00e0 St Brisson! - A Cheval sur Soi<\/title>\n<meta name=\"robots\" content=\"index, follow, max-snippet:-1, max-image-preview:large, max-video-preview:-1\" \/>\n<link rel=\"canonical\" href=\"https:\/\/equitherapie-bourgogne.fr\/index.php\/agenda\/fete-de-lautomne-a-st-brisson\/\" \/>\n<meta property=\"og:locale\" content=\"fr_FR\" \/>\n<meta property=\"og:type\" content=\"article\" \/>\n<meta property=\"og:title\" content=\"F\u00eate de l&#039;automne \u00e0 St Brisson! - A Cheval sur Soi\" \/>\n<meta property=\"og:description\" content=\"Nous serons comme chaque ann\u00e9e fid\u00e8les \u00e0 la f\u00eate de l&rsquo;automne \u00e0 St Brisson. Retrouvez nous pour l&rsquo;initiation au tir \u00e0 l&rsquo;arc. &nbsp;\" \/>\n<meta property=\"og:url\" content=\"https:\/\/equitherapie-bourgogne.fr\/index.php\/agenda\/fete-de-lautomne-a-st-brisson\/\" \/>\n<meta property=\"og:site_name\" content=\"A Cheval sur Soi\" \/>\n<meta name=\"twitter:card\" content=\"summary_large_image\" \/>\n<script type=\"application\/ld+json\" class=\"yoast-schema-graph\">{\"@context\":\"https:\/\/schema.org\",\"@graph\":[{\"@type\":\"WebPage\",\"@id\":\"https:\/\/equitherapie-bourgogne.fr\/index.php\/agenda\/fete-de-lautomne-a-st-brisson\/\",\"url\":\"https:\/\/equitherapie-bourgogne.fr\/index.php\/agenda\/fete-de-lautomne-a-st-brisson\/\",\"name\":\"F\u00eate de l'automne \u00e0 St Brisson! - A Cheval sur Soi\",\"isPartOf\":{\"@id\":\"https:\/\/equitherapie-bourgogne.fr\/#website\"},\"datePublished\":\"2018-10-03T14:51:25+00:00\",\"breadcrumb\":{\"@id\":\"https:\/\/equitherapie-bourgogne.fr\/index.php\/agenda\/fete-de-lautomne-a-st-brisson\/#breadcrumb\"},\"inLanguage\":\"fr-FR\",\"potentialAction\":[{\"@type\":\"ReadAction\",\"target\":[\"https:\/\/equitherapie-bourgogne.fr\/index.php\/agenda\/fete-de-lautomne-a-st-brisson\/\"]}]},{\"@type\":\"BreadcrumbList\",\"@id\":\"https:\/\/equitherapie-bourgogne.fr\/index.php\/agenda\/fete-de-lautomne-a-st-brisson\/#breadcrumb\",\"itemListElement\":[{\"@type\":\"ListItem\",\"position\":1,\"name\":\"Accueil\",\"item\":\"https:\/\/equitherapie-bourgogne.fr\/\"},{\"@type\":\"ListItem\",\"position\":2,\"name\":\"\u00c9v\u00e8nements\",\"item\":\"https:\/\/equitherapie-bourgogne.fr\/index.php\/agenda\/\"},{\"@type\":\"ListItem\",\"position\":3,\"name\":\"F\u00eate de l&rsquo;automne \u00e0 St Brisson!\"}]},{\"@type\":\"WebSite\",\"@id\":\"https:\/\/equitherapie-bourgogne.fr\/#website\",\"url\":\"https:\/\/equitherapie-bourgogne.fr\/\",\"name\":\"A Cheval sur Soi\",\"description\":\"CENTRE \u00c9QUESTRE TRANSDISCIPLINAIRE\",\"potentialAction\":[{\"@type\":\"SearchAction\",\"target\":{\"@type\":\"EntryPoint\",\"urlTemplate\":\"https:\/\/equitherapie-bourgogne.fr\/?s={search_term_string}\"},\"query-input\":{\"@type\":\"PropertyValueSpecification\",\"valueRequired\":true,\"valueName\":\"search_term_string\"}}],\"inLanguage\":\"fr-FR\"}]}<\/script>\n<!-- \/ Yoast SEO plugin. -->","yoast_head_json":{"title":"F\u00eate de l'automne \u00e0 St Brisson! - A Cheval sur Soi","robots":{"index":"index","follow":"follow","max-snippet":"max-snippet:-1","max-image-preview":"max-image-preview:large","max-video-preview":"max-video-preview:-1"},"canonical":"https:\/\/equitherapie-bourgogne.fr\/index.php\/agenda\/fete-de-lautomne-a-st-brisson\/","og_locale":"fr_FR","og_type":"article","og_title":"F\u00eate de l'automne \u00e0 St Brisson! - A Cheval sur Soi","og_description":"Nous serons comme chaque ann\u00e9e fid\u00e8les \u00e0 la f\u00eate de l&rsquo;automne \u00e0 St Brisson. Retrouvez nous pour l&rsquo;initiation au tir \u00e0 l&rsquo;arc. &nbsp;","og_url":"https:\/\/equitherapie-bourgogne.fr\/index.php\/agenda\/fete-de-lautomne-a-st-brisson\/","og_site_name":"A Cheval sur Soi","twitter_card":"summary_large_image","schema":{"@context":"https:\/\/schema.org","@graph":[{"@type":"WebPage","@id":"https:\/\/equitherapie-bourgogne.fr\/index.php\/agenda\/fete-de-lautomne-a-st-brisson\/","url":"https:\/\/equitherapie-bourgogne.fr\/index.php\/agenda\/fete-de-lautomne-a-st-brisson\/","name":"F\u00eate de l'automne \u00e0 St Brisson! - A Cheval sur Soi","isPartOf":{"@id":"https:\/\/equitherapie-bourgogne.fr\/#website"},"datePublished":"2018-10-03T14:51:25+00:00","breadcrumb":{"@id":"https:\/\/equitherapie-bourgogne.fr\/index.php\/agenda\/fete-de-lautomne-a-st-brisson\/#breadcrumb"},"inLanguage":"fr-FR","potentialAction":[{"@type":"ReadAction","target":["https:\/\/equitherapie-bourgogne.fr\/index.php\/agenda\/fete-de-lautomne-a-st-brisson\/"]}]},{"@type":"BreadcrumbList","@id":"https:\/\/equitherapie-bourgogne.fr\/index.php\/agenda\/fete-de-lautomne-a-st-brisson\/#breadcrumb","itemListElement":[{"@type":"ListItem","position":1,"name":"Accueil","item":"https:\/\/equitherapie-bourgogne.fr\/"},{"@type":"ListItem","position":2,"name":"\u00c9v\u00e8nements","item":"https:\/\/equitherapie-bourgogne.fr\/index.php\/agenda\/"},{"@type":"ListItem","position":3,"name":"F\u00eate de l&rsquo;automne \u00e0 St Brisson!"}]},{"@type":"WebSite","@id":"https:\/\/equitherapie-bourgogne.fr\/#website","url":"https:\/\/equitherapie-bourgogne.fr\/","name":"A Cheval sur Soi","description":"CENTRE \u00c9QUESTRE TRANSDISCIPLINAIRE","potentialAction":[{"@type":"SearchAction","target":{"@type":"EntryPoint","urlTemplate":"https:\/\/equitherapie-bourgogne.fr\/?s={search_term_string}"},"query-input":{"@type":"PropertyValueSpecification","valueRequired":true,"valueName":"search_term_string"}}],"inLanguage":"fr-FR"}]}},"_links":{"self":[{"href":"https:\/\/equitherapie-bourgogne.fr\/index.php\/wp-json\/wp\/v2\/tribe_events\/887","targetHints":{"allow":["GET"]}}],"collection":[{"href":"https:\/\/equitherapie-bourgogne.fr\/index.php\/wp-json\/wp\/v2\/tribe_events"}],"about":[{"href":"https:\/\/equitherapie-bourgogne.fr\/index.php\/wp-json\/wp\/v2\/types\/tribe_events"}],"author":[{"embeddable":true,"href":"https:\/\/equitherapie-bourgogne.fr\/index.php\/wp-json\/wp\/v2\/users\/1"}],"replies":[{"embeddable":true,"href":"https:\/\/equitherapie-bourgogne.fr\/index.php\/wp-json\/wp\/v2\/comments?post=887"}],"version-history":[{"count":1,"href":"https:\/\/equitherapie-bourgogne.fr\/index.php\/wp-json\/wp\/v2\/tribe_events\/887\/revisions"}],"predecessor-version":[{"id":889,"href":"https:\/\/equitherapie-bourgogne.fr\/index.php\/wp-json\/wp\/v2\/tribe_events\/887\/revisions\/889"}],"wp:attachment":[{"href":"https:\/\/equitherapie-bourgogne.fr\/index.php\/wp-json\/wp\/v2\/media?parent=887"}],"wp:term":[{"taxonomy":"post_tag","embeddable":true,"href":"https:\/\/equitherapie-bourgogne.fr\/index.php\/wp-json\/wp\/v2\/tags?post=887"},{"taxonomy":"tribe_events_cat","embeddable":true,"href":"https:\/\/equitherapie-bourgogne.fr\/index.php\/wp-json\/wp\/v2\/tribe_events_cat?post=887"}],"curies":[{"name":"wp","href":"https:\/\/api.w.org\/{rel}","templated":true}]}}

Fête de l&rsquo;automne à St Brisson!

<p>Nous serons comme chaque année fidèles à la fête de l&rsquo;automne à St Brisson.</p>
<p>Retrouvez nous pour l&rsquo;initiation au tir à l&rsquo;arc.</p>
<p>&nbsp;</p>
<p><img loading="lazy" decoding="async" class="alignnone size-full wp-image-888" src="http://equitherapie-bourgogne.fr/wp-content/uploads/2018/10/fête-automne2018.jpg" alt="fête automne2018" width="606" height="852" data-id="888" /></p>

<p>Nous serons comme chaque année fidèles à la fête de l&rsquo;automne à St Brisson. Retrouvez nous pour l&rsquo;initiation au tir à l&rsquo;arc. &nbsp;</p>

<!-- This site is optimized with the Yoast SEO plugin v24.7 - https://yoast.com/wordpress/plugins/seo/ -->
<title>Fête de l&#039;automne à St Brisson! - A Cheval sur Soi</title>
<meta name="robots" content="index, follow, max-snippet:-1, max-image-preview:large, max-video-preview:-1" />
<link rel="canonical" href="https://equitherapie-bourgogne.fr/index.php/agenda/fete-de-lautomne-a-st-brisson/" />
<meta property="og:locale" content="fr_FR" />
<meta property="og:type" content="article" />
<meta property="og:title" content="Fête de l&#039;automne à St Brisson! - A Cheval sur Soi" />
<meta property="og:description" content="Nous serons comme chaque année fidèles à la fête de l&rsquo;automne à St Brisson. Retrouvez nous pour l&rsquo;initiation au tir à l&rsquo;arc. &nbsp;" />
<meta property="og:url" content="https://equitherapie-bourgogne.fr/index.php/agenda/fete-de-lautomne-a-st-brisson/" />
<meta property="og:site_name" content="A Cheval sur Soi" />
<meta name="twitter:card" content="summary_large_image" />
<script type="application/ld+json" class="yoast-schema-graph">{"@context":"https://schema.org","@graph":[{"@type":"WebPage","@id":"https://equitherapie-bourgogne.fr/index.php/agenda/fete-de-lautomne-a-st-brisson/","url":"https://equitherapie-bourgogne.fr/index.php/agenda/fete-de-lautomne-a-st-brisson/","name":"Fête de l'automne à St Brisson! - A Cheval sur Soi","isPartOf":{"@id":"https://equitherapie-bourgogne.fr/#website"},"datePublished":"2018-10-03T14:51:25+00:00","breadcrumb":{"@id":"https://equitherapie-bourgogne.fr/index.php/agenda/fete-de-lautomne-a-st-brisson/#breadcrumb"},"inLanguage":"fr-FR","potentialAction":[{"@type":"ReadAction","target":["https://equitherapie-bourgogne.fr/index.php/agenda/fete-de-lautomne-a-st-brisson/"]}]},{"@type":"BreadcrumbList","@id":"https://equitherapie-bourgogne.fr/index.php/agenda/fete-de-lautomne-a-st-brisson/#breadcrumb","itemListElement":[{"@type":"ListItem","position":1,"name":"Accueil","item":"https://equitherapie-bourgogne.fr/"},{"@type":"ListItem","position":2,"name":"Évènements","item":"https://equitherapie-bourgogne.fr/index.php/agenda/"},{"@type":"ListItem","position":3,"name":"Fête de l&rsquo;automne à St Brisson!"}]},{"@type":"WebSite","@id":"https://equitherapie-bourgogne.fr/#website","url":"https://equitherapie-bourgogne.fr/","name":"A Cheval sur Soi","description":"CENTRE ÉQUESTRE TRANSDISCIPLINAIRE","potentialAction":[{"@type":"SearchAction","target":{"@type":"EntryPoint","urlTemplate":"https://equitherapie-bourgogne.fr/?s={search_term_string}"},"query-input":{"@type":"PropertyValueSpecification","valueRequired":true,"valueName":"search_term_string"}}],"inLanguage":"fr-FR"}]}</script>
<!-- / Yoast SEO plugin. -->

Fête de l'automne à St Brisson! - A Cheval sur Soi

Nous serons comme chaque année fidèles à la fête de l&rsquo;automne à St Brisson. Retrouvez nous pour l&rsquo;initiation au tir à l&rsquo;arc. &nbsp;

Évènements

CENTRE ÉQUESTRE TRANSDISCIPLINAIRE
