{"id":871,"date":"2018-07-20T15:40:32","date_gmt":"2018-07-20T13:40:32","guid":{"rendered":"http:\/\/equitherapie-bourgogne.fr\/?post_type=tribe_events&#038;p=871"},"modified":"2018-07-20T15:40:32","modified_gmt":"2018-07-20T13:40:32","slug":"stage-pied-nu-olivier-despee","status":"publish","type":"tribe_events","link":"https:\/\/equitherapie-bourgogne.fr\/index.php\/agenda\/stage-pied-nu-olivier-despee\/","title":{"rendered":"Stage  \u00ab\u00a0Pourquoi le pied nu? \u00a0\u00bb avec Olivier DESPEE"},"content":{"rendered":"<div class=\"\"><span class=\"\"><strong>Matin:<\/strong> pr\u00e9sentation th\u00e9orique du concept du pied.\u00a0<\/span><\/div>\n<div class=\"\"><span class=\"\"><strong>Apr\u00e8s-midi :<\/strong> pratique sur la lecture de la locomotion et des aplombs .\u00a0<\/span><span class=\"\">Approche et entretien du pied dans son environnement.<\/span><\/div>\n<div class=\"\"><span class=\"\">\u00a0<\/span><\/div>\n<p><span class=\"\">\u00ab\u00a0Parlons du pied nu chez le cheval c&rsquo;est \u00e0 dire sans fers.\u00a0<\/span><br class=\"\" \/><span class=\"\">Il est reconnu scientifiquement que 80% des pathologies du pied modifiant \u00e9galement sa locomotion sont dues au ferrage. Ceci nous a amen\u00e9 \u00e0 porter un regard diff\u00e9rent quand \u00e0 l&rsquo;entretien des pieds de nos \u00e9quid\u00e9s.<\/span><br class=\"\" \/><span class=\"\">Comment nous est parvenu cette r\u00e9flexion dans notre civilisation actuelle\u00a0? Depuis toujours et m\u00eame de nos jours dans la nature il vit sans fers sur des surfaces de toutes origines avec une moyenne d&rsquo;environ 30 \u00e0 40 Kms de d\u00e9placements quotidiens. Il marche pour se nourrir, boire, jouer, se prot\u00e9ger des \u00e9l\u00e9ments, des pr\u00e9dateurs et vivre tout simplement puisque le cheval est un animal nomade et gr\u00e9gaire.<\/span><br class=\"\" \/><span class=\"\">Cette m\u00e9thode d&rsquo;entretien et de soins de leurs sabots est n\u00e9e de l&rsquo;observation du concept de la structure de leurs pieds, afin de rejoindre au mieux la correspondance bio-m\u00e9canique de cet appareil locomoteur (le pied) \u00e0 l&rsquo;\u00e9tat naturel.<\/span><br class=\"\" \/><span class=\"\">Observons qu&rsquo;aujourd&rsquo;hui sur tous les continents , le cheval est souvent utilis\u00e9 une fois domestiqu\u00e9 dans son plus simple appareil et ne souffre pas de cette soit disant obligation \u2026\u00a0\u00bb Olivier Despee<\/span><\/p>\n<div class=\"\"><span class=\"\">70 euros la journ\u00e9e et repas tir\u00e9 du sac le midi.<\/span><\/div>\n<div class=\"\"><span class=\"\">Renseignements et inscriptions : Nathalie FRILLEY 06 07 09 99 37.\u00a0<a id=\"achevalsursoi@gmail.com_body\" class=\"adr black-to-orange contextEntry\" href=\"https:\/\/webmail1d.orange.fr\/webmail\/fr_FR\/read.html?FOLDER=SF_INBOX&amp;IDMSG=10288&amp;check=&amp;SORTBY=1#\" target=\"_blank\">achevalsursoi@gmail.com<\/a><\/span><\/div>\n","protected":false},"excerpt":{"rendered":"<p>Matin: pr\u00e9sentation th\u00e9orique du concept du pied.\u00a0 Apr\u00e8s-midi : pratique sur la lecture de la locomotion et des aplombs .\u00a0Approche et entretien du pied dans son environnement. \u00a0 \u00ab\u00a0Parlons du pied nu chez le cheval c&rsquo;est \u00e0 dire sans fers.\u00a0Il&#8230;<br \/><a class=\"read-more-button\" href=\"https:\/\/equitherapie-bourgogne.fr\/index.php\/agenda\/stage-pied-nu-olivier-despee\/\">Savoir plus<\/a><\/p>\n","protected":false},"author":1,"featured_media":0,"comment_status":"open","ping_status":"closed","template":"","meta":{"_tribe_events_status":"","_tribe_events_status_reason":"","footnotes":""},"tags":[],"tribe_events_cat":[11],"class_list":["post-871","tribe_events","type-tribe_events","status-publish","hentry","tribe_events_cat-stages-et-formations","cat_stages-et-formations"],"yoast_head":"<!-- This site is optimized with the Yoast SEO plugin v24.7 - https:\/\/yoast.com\/wordpress\/plugins\/seo\/ -->\n<title>Stage &quot;Pourquoi le pied nu? &quot; avec Olivier DESPEE - A Cheval sur Soi<\/title>\n<meta name=\"robots\" content=\"index, follow, max-snippet:-1, max-image-preview:large, max-video-preview:-1\" \/>\n<link rel=\"canonical\" href=\"https:\/\/equitherapie-bourgogne.fr\/index.php\/agenda\/stage-pied-nu-olivier-despee\/\" \/>\n<meta property=\"og:locale\" content=\"fr_FR\" \/>\n<meta property=\"og:type\" content=\"article\" \/>\n<meta property=\"og:title\" content=\"Stage &quot;Pourquoi le pied nu? &quot; avec Olivier DESPEE - A Cheval sur Soi\" \/>\n<meta property=\"og:description\" content=\"Matin: pr\u00e9sentation th\u00e9orique du concept du pied.\u00a0 Apr\u00e8s-midi : pratique sur la lecture de la locomotion et des aplombs .\u00a0Approche et entretien du pied dans son environnement. \u00a0 \u00ab\u00a0Parlons du pied nu chez le cheval c&rsquo;est \u00e0 dire sans fers.\u00a0Il...Savoir plus\" \/>\n<meta property=\"og:url\" content=\"https:\/\/equitherapie-bourgogne.fr\/index.php\/agenda\/stage-pied-nu-olivier-despee\/\" \/>\n<meta property=\"og:site_name\" content=\"A Cheval sur Soi\" \/>\n<meta name=\"twitter:card\" content=\"summary_large_image\" \/>\n<meta name=\"twitter:label1\" content=\"Dur\u00e9e de lecture estim\u00e9e\" \/>\n\t<meta name=\"twitter:data1\" content=\"1 minute\" \/>\n<script type=\"application\/ld+json\" class=\"yoast-schema-graph\">{\"@context\":\"https:\/\/schema.org\",\"@graph\":[{\"@type\":\"WebPage\",\"@id\":\"https:\/\/equitherapie-bourgogne.fr\/index.php\/agenda\/stage-pied-nu-olivier-despee\/\",\"url\":\"https:\/\/equitherapie-bourgogne.fr\/index.php\/agenda\/stage-pied-nu-olivier-despee\/\",\"name\":\"Stage \\\"Pourquoi le pied nu? \\\" avec Olivier DESPEE - A Cheval sur Soi\",\"isPartOf\":{\"@id\":\"https:\/\/equitherapie-bourgogne.fr\/#website\"},\"datePublished\":\"2018-07-20T13:40:32+00:00\",\"breadcrumb\":{\"@id\":\"https:\/\/equitherapie-bourgogne.fr\/index.php\/agenda\/stage-pied-nu-olivier-despee\/#breadcrumb\"},\"inLanguage\":\"fr-FR\",\"potentialAction\":[{\"@type\":\"ReadAction\",\"target\":[\"https:\/\/equitherapie-bourgogne.fr\/index.php\/agenda\/stage-pied-nu-olivier-despee\/\"]}]},{\"@type\":\"BreadcrumbList\",\"@id\":\"https:\/\/equitherapie-bourgogne.fr\/index.php\/agenda\/stage-pied-nu-olivier-despee\/#breadcrumb\",\"itemListElement\":[{\"@type\":\"ListItem\",\"position\":1,\"name\":\"Accueil\",\"item\":\"https:\/\/equitherapie-bourgogne.fr\/\"},{\"@type\":\"ListItem\",\"position\":2,\"name\":\"\u00c9v\u00e8nements\",\"item\":\"https:\/\/equitherapie-bourgogne.fr\/index.php\/agenda\/\"},{\"@type\":\"ListItem\",\"position\":3,\"name\":\"Stage \u00ab\u00a0Pourquoi le pied nu? \u00a0\u00bb avec Olivier DESPEE\"}]},{\"@type\":\"WebSite\",\"@id\":\"https:\/\/equitherapie-bourgogne.fr\/#website\",\"url\":\"https:\/\/equitherapie-bourgogne.fr\/\",\"name\":\"A Cheval sur Soi\",\"description\":\"CENTRE \u00c9QUESTRE TRANSDISCIPLINAIRE\",\"potentialAction\":[{\"@type\":\"SearchAction\",\"target\":{\"@type\":\"EntryPoint\",\"urlTemplate\":\"https:\/\/equitherapie-bourgogne.fr\/?s={search_term_string}\"},\"query-input\":{\"@type\":\"PropertyValueSpecification\",\"valueRequired\":true,\"valueName\":\"search_term_string\"}}],\"inLanguage\":\"fr-FR\"}]}<\/script>\n<!-- \/ Yoast SEO plugin. -->","yoast_head_json":{"title":"Stage \"Pourquoi le pied nu? \" avec Olivier DESPEE - A Cheval sur Soi","robots":{"index":"index","follow":"follow","max-snippet":"max-snippet:-1","max-image-preview":"max-image-preview:large","max-video-preview":"max-video-preview:-1"},"canonical":"https:\/\/equitherapie-bourgogne.fr\/index.php\/agenda\/stage-pied-nu-olivier-despee\/","og_locale":"fr_FR","og_type":"article","og_title":"Stage \"Pourquoi le pied nu? \" avec Olivier DESPEE - A Cheval sur Soi","og_description":"Matin: pr\u00e9sentation th\u00e9orique du concept du pied.\u00a0 Apr\u00e8s-midi : pratique sur la lecture de la locomotion et des aplombs .\u00a0Approche et entretien du pied dans son environnement. \u00a0 \u00ab\u00a0Parlons du pied nu chez le cheval c&rsquo;est \u00e0 dire sans fers.\u00a0Il...Savoir plus","og_url":"https:\/\/equitherapie-bourgogne.fr\/index.php\/agenda\/stage-pied-nu-olivier-despee\/","og_site_name":"A Cheval sur Soi","twitter_card":"summary_large_image","twitter_misc":{"Dur\u00e9e de lecture estim\u00e9e":"1 minute"},"schema":{"@context":"https:\/\/schema.org","@graph":[{"@type":"WebPage","@id":"https:\/\/equitherapie-bourgogne.fr\/index.php\/agenda\/stage-pied-nu-olivier-despee\/","url":"https:\/\/equitherapie-bourgogne.fr\/index.php\/agenda\/stage-pied-nu-olivier-despee\/","name":"Stage \"Pourquoi le pied nu? \" avec Olivier DESPEE - A Cheval sur Soi","isPartOf":{"@id":"https:\/\/equitherapie-bourgogne.fr\/#website"},"datePublished":"2018-07-20T13:40:32+00:00","breadcrumb":{"@id":"https:\/\/equitherapie-bourgogne.fr\/index.php\/agenda\/stage-pied-nu-olivier-despee\/#breadcrumb"},"inLanguage":"fr-FR","potentialAction":[{"@type":"ReadAction","target":["https:\/\/equitherapie-bourgogne.fr\/index.php\/agenda\/stage-pied-nu-olivier-despee\/"]}]},{"@type":"BreadcrumbList","@id":"https:\/\/equitherapie-bourgogne.fr\/index.php\/agenda\/stage-pied-nu-olivier-despee\/#breadcrumb","itemListElement":[{"@type":"ListItem","position":1,"name":"Accueil","item":"https:\/\/equitherapie-bourgogne.fr\/"},{"@type":"ListItem","position":2,"name":"\u00c9v\u00e8nements","item":"https:\/\/equitherapie-bourgogne.fr\/index.php\/agenda\/"},{"@type":"ListItem","position":3,"name":"Stage \u00ab\u00a0Pourquoi le pied nu? \u00a0\u00bb avec Olivier DESPEE"}]},{"@type":"WebSite","@id":"https:\/\/equitherapie-bourgogne.fr\/#website","url":"https:\/\/equitherapie-bourgogne.fr\/","name":"A Cheval sur Soi","description":"CENTRE \u00c9QUESTRE TRANSDISCIPLINAIRE","potentialAction":[{"@type":"SearchAction","target":{"@type":"EntryPoint","urlTemplate":"https:\/\/equitherapie-bourgogne.fr\/?s={search_term_string}"},"query-input":{"@type":"PropertyValueSpecification","valueRequired":true,"valueName":"search_term_string"}}],"inLanguage":"fr-FR"}]}},"_links":{"self":[{"href":"https:\/\/equitherapie-bourgogne.fr\/index.php\/wp-json\/wp\/v2\/tribe_events\/871","targetHints":{"allow":["GET"]}}],"collection":[{"href":"https:\/\/equitherapie-bourgogne.fr\/index.php\/wp-json\/wp\/v2\/tribe_events"}],"about":[{"href":"https:\/\/equitherapie-bourgogne.fr\/index.php\/wp-json\/wp\/v2\/types\/tribe_events"}],"author":[{"embeddable":true,"href":"https:\/\/equitherapie-bourgogne.fr\/index.php\/wp-json\/wp\/v2\/users\/1"}],"replies":[{"embeddable":true,"href":"https:\/\/equitherapie-bourgogne.fr\/index.php\/wp-json\/wp\/v2\/comments?post=871"}],"version-history":[{"count":1,"href":"https:\/\/equitherapie-bourgogne.fr\/index.php\/wp-json\/wp\/v2\/tribe_events\/871\/revisions"}],"predecessor-version":[{"id":872,"href":"https:\/\/equitherapie-bourgogne.fr\/index.php\/wp-json\/wp\/v2\/tribe_events\/871\/revisions\/872"}],"wp:attachment":[{"href":"https:\/\/equitherapie-bourgogne.fr\/index.php\/wp-json\/wp\/v2\/media?parent=871"}],"wp:term":[{"taxonomy":"post_tag","embeddable":true,"href":"https:\/\/equitherapie-bourgogne.fr\/index.php\/wp-json\/wp\/v2\/tags?post=871"},{"taxonomy":"tribe_events_cat","embeddable":true,"href":"https:\/\/equitherapie-bourgogne.fr\/index.php\/wp-json\/wp\/v2\/tribe_events_cat?post=871"}],"curies":[{"name":"wp","href":"https:\/\/api.w.org\/{rel}","templated":true}]}}

<div class=""><span class=""><strong>Matin:</strong> présentation théorique du concept du pied. </span></div>
<div class=""><span class=""><strong>Après-midi :</strong> pratique sur la lecture de la locomotion et des aplombs . </span><span class="">Approche et entretien du pied dans son environnement.</span></div>
<div class=""><span class=""> </span></div>
<p><span class="">« Parlons du pied nu chez le cheval c&rsquo;est à dire sans fers. </span><br class="" /><span class="">Il est reconnu scientifiquement que 80% des pathologies du pied modifiant également sa locomotion sont dues au ferrage. Ceci nous a amené à porter un regard différent quand à l&rsquo;entretien des pieds de nos équidés.</span><br class="" /><span class="">Comment nous est parvenu cette réflexion dans notre civilisation actuelle ? Depuis toujours et même de nos jours dans la nature il vit sans fers sur des surfaces de toutes origines avec une moyenne d&rsquo;environ 30 à 40 Kms de déplacements quotidiens. Il marche pour se nourrir, boire, jouer, se protéger des éléments, des prédateurs et vivre tout simplement puisque le cheval est un animal nomade et grégaire.</span><br class="" /><span class="">Cette méthode d&rsquo;entretien et de soins de leurs sabots est née de l&rsquo;observation du concept de la structure de leurs pieds, afin de rejoindre au mieux la correspondance bio-mécanique de cet appareil locomoteur (le pied) à l&rsquo;état naturel.</span><br class="" /><span class="">Observons qu&rsquo;aujourd&rsquo;hui sur tous les continents , le cheval est souvent utilisé une fois domestiqué dans son plus simple appareil et ne souffre pas de cette soit disant obligation … » Olivier Despee</span></p>
<div class=""><span class="">70 euros la journée et repas tiré du sac le midi.</span></div>
<div class=""><span class="">Renseignements et inscriptions : Nathalie FRILLEY 06 07 09 99 37. <a id="achevalsursoi@gmail.com_body" class="adr black-to-orange contextEntry" href="https://webmail1d.orange.fr/webmail/fr_FR/read.html?FOLDER=SF_INBOX&amp;IDMSG=10288&amp;check=&amp;SORTBY=1#" target="_blank">achevalsursoi@gmail.com</a></span></div>

<p>Matin: présentation théorique du concept du pied.  Après-midi : pratique sur la lecture de la locomotion et des aplombs . Approche et entretien du pied dans son environnement.   « Parlons du pied nu chez le cheval c&rsquo;est à dire sans fers. Il&#8230;<br /><a class="read-more-button" href="https://equitherapie-bourgogne.fr/index.php/agenda/stage-pied-nu-olivier-despee/">Savoir plus</a></p>

<!-- This site is optimized with the Yoast SEO plugin v24.7 - https://yoast.com/wordpress/plugins/seo/ -->
<title>Stage &quot;Pourquoi le pied nu? &quot; avec Olivier DESPEE - A Cheval sur Soi</title>
<meta name="robots" content="index, follow, max-snippet:-1, max-image-preview:large, max-video-preview:-1" />
<link rel="canonical" href="https://equitherapie-bourgogne.fr/index.php/agenda/stage-pied-nu-olivier-despee/" />
<meta property="og:locale" content="fr_FR" />
<meta property="og:type" content="article" />
<meta property="og:title" content="Stage &quot;Pourquoi le pied nu? &quot; avec Olivier DESPEE - A Cheval sur Soi" />
<meta property="og:description" content="Matin: présentation théorique du concept du pied.  Après-midi : pratique sur la lecture de la locomotion et des aplombs . Approche et entretien du pied dans son environnement.   « Parlons du pied nu chez le cheval c&rsquo;est à dire sans fers. Il...Savoir plus" />
<meta property="og:url" content="https://equitherapie-bourgogne.fr/index.php/agenda/stage-pied-nu-olivier-despee/" />
<meta property="og:site_name" content="A Cheval sur Soi" />
<meta name="twitter:card" content="summary_large_image" />
<meta name="twitter:label1" content="Durée de lecture estimée" />
	<meta name="twitter:data1" content="1 minute" />
<script type="application/ld+json" class="yoast-schema-graph">{"@context":"https://schema.org","@graph":[{"@type":"WebPage","@id":"https://equitherapie-bourgogne.fr/index.php/agenda/stage-pied-nu-olivier-despee/","url":"https://equitherapie-bourgogne.fr/index.php/agenda/stage-pied-nu-olivier-despee/","name":"Stage \"Pourquoi le pied nu? \" avec Olivier DESPEE - A Cheval sur Soi","isPartOf":{"@id":"https://equitherapie-bourgogne.fr/#website"},"datePublished":"2018-07-20T13:40:32+00:00","breadcrumb":{"@id":"https://equitherapie-bourgogne.fr/index.php/agenda/stage-pied-nu-olivier-despee/#breadcrumb"},"inLanguage":"fr-FR","potentialAction":[{"@type":"ReadAction","target":["https://equitherapie-bourgogne.fr/index.php/agenda/stage-pied-nu-olivier-despee/"]}]},{"@type":"BreadcrumbList","@id":"https://equitherapie-bourgogne.fr/index.php/agenda/stage-pied-nu-olivier-despee/#breadcrumb","itemListElement":[{"@type":"ListItem","position":1,"name":"Accueil","item":"https://equitherapie-bourgogne.fr/"},{"@type":"ListItem","position":2,"name":"Évènements","item":"https://equitherapie-bourgogne.fr/index.php/agenda/"},{"@type":"ListItem","position":3,"name":"Stage « Pourquoi le pied nu?  » avec Olivier DESPEE"}]},{"@type":"WebSite","@id":"https://equitherapie-bourgogne.fr/#website","url":"https://equitherapie-bourgogne.fr/","name":"A Cheval sur Soi","description":"CENTRE ÉQUESTRE TRANSDISCIPLINAIRE","potentialAction":[{"@type":"SearchAction","target":{"@type":"EntryPoint","urlTemplate":"https://equitherapie-bourgogne.fr/?s={search_term_string}"},"query-input":{"@type":"PropertyValueSpecification","valueRequired":true,"valueName":"search_term_string"}}],"inLanguage":"fr-FR"}]}</script>
<!-- / Yoast SEO plugin. -->

Matin: présentation théorique du concept du pied.  Après-midi : pratique sur la lecture de la locomotion et des aplombs . Approche et entretien du pied dans son environnement.   « Parlons du pied nu chez le cheval c&rsquo;est à dire sans fers. Il...Savoir plus

Évènements

CENTRE ÉQUESTRE TRANSDISCIPLINAIRE
