{"id":812,"date":"2018-05-31T10:49:54","date_gmt":"2018-05-31T08:49:54","guid":{"rendered":"http:\/\/equitherapie-bourgogne.fr\/?post_type=tribe_events&#038;p=812"},"modified":"2018-05-31T10:49:54","modified_gmt":"2018-05-31T08:49:54","slug":"stage-cheval-voix-3","status":"publish","type":"tribe_events","link":"https:\/\/equitherapie-bourgogne.fr\/index.php\/agenda\/stage-cheval-voix-3\/","title":{"rendered":"Stage Cheval et Voix"},"content":{"rendered":"<p><em><strong>\u00a0Proposer des exp\u00e9riences avec la voix, des itin\u00e9raires par lesquels on est soi-m\u00eame pass\u00e9 en les adaptant singuli\u00e8rement \u00e0 chaque fois \u00e0 la personne que l\u2019on rencontre, pour un travail de d\u00e9licatesse et de patience, avec un cavalier sans monture dans le cas d\u2019un travail d\u2019atelier, travail o\u00f9 comme en danse, le corps tout entier est instrument d\u2019expression.<br \/>\n<\/strong>Nous explorerons des potentialit\u00e9s souvent ignor\u00e9es, une recherche personnelle dont l\u2019aboutissement rel\u00e8ve de la surprise comme c\u2019est souvent le cas dans les pratiques artistiques.<\/em><\/p>\n<p><em>Pour ceux qui n\u2019auraient jamais pratiqu\u00e9 l\u2019\u00e9quitation, commencer ensemble ces deux pratiques permet de constater \u00e0 quel point le d\u00e9tournement de soi contribue \u00e0 ces deux exp\u00e9riences. Trop d\u2019attention nuit, trop de concentration immobilise, enferme \u00e0 l\u2019int\u00e9rieur de sa propre perception, prive beaucoup des informations ext\u00e9rieures, l\u2019espace, la lumi\u00e8re, le mouvement, la clart\u00e9 des intentions.<\/em><\/p>\n","protected":false},"excerpt":{"rendered":"<p>\u00a0Proposer des exp\u00e9riences avec la voix, des itin\u00e9raires par lesquels on est soi-m\u00eame pass\u00e9 en les adaptant singuli\u00e8rement \u00e0 chaque fois \u00e0 la personne que l\u2019on rencontre, pour un travail de d\u00e9licatesse et de patience, avec un cavalier sans monture&#8230;<br \/><a class=\"read-more-button\" href=\"https:\/\/equitherapie-bourgogne.fr\/index.php\/agenda\/stage-cheval-voix-3\/\">Savoir plus<\/a><\/p>\n","protected":false},"author":1,"featured_media":335,"comment_status":"open","ping_status":"closed","template":"","meta":{"_tribe_events_status":"","_tribe_events_status_reason":"","footnotes":""},"tags":[],"tribe_events_cat":[11],"class_list":["post-812","tribe_events","type-tribe_events","status-publish","has-post-thumbnail","hentry","tribe_events_cat-stages-et-formations","cat_stages-et-formations"],"yoast_head":"<!-- This site is optimized with the Yoast SEO plugin v24.7 - https:\/\/yoast.com\/wordpress\/plugins\/seo\/ -->\n<title>Stage Cheval et Voix - A Cheval sur Soi<\/title>\n<meta name=\"robots\" content=\"index, follow, max-snippet:-1, max-image-preview:large, max-video-preview:-1\" \/>\n<link rel=\"canonical\" href=\"https:\/\/equitherapie-bourgogne.fr\/index.php\/agenda\/stage-cheval-voix-3\/\" \/>\n<meta property=\"og:locale\" content=\"fr_FR\" \/>\n<meta property=\"og:type\" content=\"article\" \/>\n<meta property=\"og:title\" content=\"Stage Cheval et Voix - A Cheval sur Soi\" \/>\n<meta property=\"og:description\" content=\"\u00a0Proposer des exp\u00e9riences avec la voix, des itin\u00e9raires par lesquels on est soi-m\u00eame pass\u00e9 en les adaptant singuli\u00e8rement \u00e0 chaque fois \u00e0 la personne que l\u2019on rencontre, pour un travail de d\u00e9licatesse et de patience, avec un cavalier sans monture...Savoir plus\" \/>\n<meta property=\"og:url\" content=\"https:\/\/equitherapie-bourgogne.fr\/index.php\/agenda\/stage-cheval-voix-3\/\" \/>\n<meta property=\"og:site_name\" content=\"A Cheval sur Soi\" \/>\n<meta property=\"og:image\" content=\"https:\/\/equitherapie-bourgogne.fr\/wp-content\/uploads\/2016\/11\/Equitation-sensitive-390x520.jpg\" \/>\n\t<meta property=\"og:image:width\" content=\"390\" \/>\n\t<meta property=\"og:image:height\" content=\"520\" \/>\n\t<meta property=\"og:image:type\" content=\"image\/jpeg\" \/>\n<meta name=\"twitter:card\" content=\"summary_large_image\" \/>\n<meta name=\"twitter:label1\" content=\"Dur\u00e9e de lecture estim\u00e9e\" \/>\n\t<meta name=\"twitter:data1\" content=\"1 minute\" \/>\n<script type=\"application\/ld+json\" class=\"yoast-schema-graph\">{\"@context\":\"https:\/\/schema.org\",\"@graph\":[{\"@type\":\"WebPage\",\"@id\":\"https:\/\/equitherapie-bourgogne.fr\/index.php\/agenda\/stage-cheval-voix-3\/\",\"url\":\"https:\/\/equitherapie-bourgogne.fr\/index.php\/agenda\/stage-cheval-voix-3\/\",\"name\":\"Stage Cheval et Voix - A Cheval sur Soi\",\"isPartOf\":{\"@id\":\"https:\/\/equitherapie-bourgogne.fr\/#website\"},\"primaryImageOfPage\":{\"@id\":\"https:\/\/equitherapie-bourgogne.fr\/index.php\/agenda\/stage-cheval-voix-3\/#primaryimage\"},\"image\":{\"@id\":\"https:\/\/equitherapie-bourgogne.fr\/index.php\/agenda\/stage-cheval-voix-3\/#primaryimage\"},\"thumbnailUrl\":\"https:\/\/equitherapie-bourgogne.fr\/wp-content\/uploads\/2016\/11\/Equitation-sensitive.jpg\",\"datePublished\":\"2018-05-31T08:49:54+00:00\",\"breadcrumb\":{\"@id\":\"https:\/\/equitherapie-bourgogne.fr\/index.php\/agenda\/stage-cheval-voix-3\/#breadcrumb\"},\"inLanguage\":\"fr-FR\",\"potentialAction\":[{\"@type\":\"ReadAction\",\"target\":[\"https:\/\/equitherapie-bourgogne.fr\/index.php\/agenda\/stage-cheval-voix-3\/\"]}]},{\"@type\":\"ImageObject\",\"inLanguage\":\"fr-FR\",\"@id\":\"https:\/\/equitherapie-bourgogne.fr\/index.php\/agenda\/stage-cheval-voix-3\/#primaryimage\",\"url\":\"https:\/\/equitherapie-bourgogne.fr\/wp-content\/uploads\/2016\/11\/Equitation-sensitive.jpg\",\"contentUrl\":\"https:\/\/equitherapie-bourgogne.fr\/wp-content\/uploads\/2016\/11\/Equitation-sensitive.jpg\",\"width\":2304,\"height\":3072},{\"@type\":\"BreadcrumbList\",\"@id\":\"https:\/\/equitherapie-bourgogne.fr\/index.php\/agenda\/stage-cheval-voix-3\/#breadcrumb\",\"itemListElement\":[{\"@type\":\"ListItem\",\"position\":1,\"name\":\"Accueil\",\"item\":\"https:\/\/equitherapie-bourgogne.fr\/\"},{\"@type\":\"ListItem\",\"position\":2,\"name\":\"\u00c9v\u00e8nements\",\"item\":\"https:\/\/equitherapie-bourgogne.fr\/index.php\/agenda\/\"},{\"@type\":\"ListItem\",\"position\":3,\"name\":\"Stage Cheval et Voix\"}]},{\"@type\":\"WebSite\",\"@id\":\"https:\/\/equitherapie-bourgogne.fr\/#website\",\"url\":\"https:\/\/equitherapie-bourgogne.fr\/\",\"name\":\"A Cheval sur Soi\",\"description\":\"CENTRE \u00c9QUESTRE TRANSDISCIPLINAIRE\",\"potentialAction\":[{\"@type\":\"SearchAction\",\"target\":{\"@type\":\"EntryPoint\",\"urlTemplate\":\"https:\/\/equitherapie-bourgogne.fr\/?s={search_term_string}\"},\"query-input\":{\"@type\":\"PropertyValueSpecification\",\"valueRequired\":true,\"valueName\":\"search_term_string\"}}],\"inLanguage\":\"fr-FR\"}]}<\/script>\n<!-- \/ Yoast SEO plugin. -->","yoast_head_json":{"title":"Stage Cheval et Voix - A Cheval sur Soi","robots":{"index":"index","follow":"follow","max-snippet":"max-snippet:-1","max-image-preview":"max-image-preview:large","max-video-preview":"max-video-preview:-1"},"canonical":"https:\/\/equitherapie-bourgogne.fr\/index.php\/agenda\/stage-cheval-voix-3\/","og_locale":"fr_FR","og_type":"article","og_title":"Stage Cheval et Voix - A Cheval sur Soi","og_description":"\u00a0Proposer des exp\u00e9riences avec la voix, des itin\u00e9raires par lesquels on est soi-m\u00eame pass\u00e9 en les adaptant singuli\u00e8rement \u00e0 chaque fois \u00e0 la personne que l\u2019on rencontre, pour un travail de d\u00e9licatesse et de patience, avec un cavalier sans monture...Savoir plus","og_url":"https:\/\/equitherapie-bourgogne.fr\/index.php\/agenda\/stage-cheval-voix-3\/","og_site_name":"A Cheval sur Soi","og_image":[{"width":390,"height":520,"url":"https:\/\/equitherapie-bourgogne.fr\/wp-content\/uploads\/2016\/11\/Equitation-sensitive-390x520.jpg","type":"image\/jpeg"}],"twitter_card":"summary_large_image","twitter_misc":{"Dur\u00e9e de lecture estim\u00e9e":"1 minute"},"schema":{"@context":"https:\/\/schema.org","@graph":[{"@type":"WebPage","@id":"https:\/\/equitherapie-bourgogne.fr\/index.php\/agenda\/stage-cheval-voix-3\/","url":"https:\/\/equitherapie-bourgogne.fr\/index.php\/agenda\/stage-cheval-voix-3\/","name":"Stage Cheval et Voix - A Cheval sur Soi","isPartOf":{"@id":"https:\/\/equitherapie-bourgogne.fr\/#website"},"primaryImageOfPage":{"@id":"https:\/\/equitherapie-bourgogne.fr\/index.php\/agenda\/stage-cheval-voix-3\/#primaryimage"},"image":{"@id":"https:\/\/equitherapie-bourgogne.fr\/index.php\/agenda\/stage-cheval-voix-3\/#primaryimage"},"thumbnailUrl":"https:\/\/equitherapie-bourgogne.fr\/wp-content\/uploads\/2016\/11\/Equitation-sensitive.jpg","datePublished":"2018-05-31T08:49:54+00:00","breadcrumb":{"@id":"https:\/\/equitherapie-bourgogne.fr\/index.php\/agenda\/stage-cheval-voix-3\/#breadcrumb"},"inLanguage":"fr-FR","potentialAction":[{"@type":"ReadAction","target":["https:\/\/equitherapie-bourgogne.fr\/index.php\/agenda\/stage-cheval-voix-3\/"]}]},{"@type":"ImageObject","inLanguage":"fr-FR","@id":"https:\/\/equitherapie-bourgogne.fr\/index.php\/agenda\/stage-cheval-voix-3\/#primaryimage","url":"https:\/\/equitherapie-bourgogne.fr\/wp-content\/uploads\/2016\/11\/Equitation-sensitive.jpg","contentUrl":"https:\/\/equitherapie-bourgogne.fr\/wp-content\/uploads\/2016\/11\/Equitation-sensitive.jpg","width":2304,"height":3072},{"@type":"BreadcrumbList","@id":"https:\/\/equitherapie-bourgogne.fr\/index.php\/agenda\/stage-cheval-voix-3\/#breadcrumb","itemListElement":[{"@type":"ListItem","position":1,"name":"Accueil","item":"https:\/\/equitherapie-bourgogne.fr\/"},{"@type":"ListItem","position":2,"name":"\u00c9v\u00e8nements","item":"https:\/\/equitherapie-bourgogne.fr\/index.php\/agenda\/"},{"@type":"ListItem","position":3,"name":"Stage Cheval et Voix"}]},{"@type":"WebSite","@id":"https:\/\/equitherapie-bourgogne.fr\/#website","url":"https:\/\/equitherapie-bourgogne.fr\/","name":"A Cheval sur Soi","description":"CENTRE \u00c9QUESTRE TRANSDISCIPLINAIRE","potentialAction":[{"@type":"SearchAction","target":{"@type":"EntryPoint","urlTemplate":"https:\/\/equitherapie-bourgogne.fr\/?s={search_term_string}"},"query-input":{"@type":"PropertyValueSpecification","valueRequired":true,"valueName":"search_term_string"}}],"inLanguage":"fr-FR"}]}},"_links":{"self":[{"href":"https:\/\/equitherapie-bourgogne.fr\/index.php\/wp-json\/wp\/v2\/tribe_events\/812","targetHints":{"allow":["GET"]}}],"collection":[{"href":"https:\/\/equitherapie-bourgogne.fr\/index.php\/wp-json\/wp\/v2\/tribe_events"}],"about":[{"href":"https:\/\/equitherapie-bourgogne.fr\/index.php\/wp-json\/wp\/v2\/types\/tribe_events"}],"author":[{"embeddable":true,"href":"https:\/\/equitherapie-bourgogne.fr\/index.php\/wp-json\/wp\/v2\/users\/1"}],"replies":[{"embeddable":true,"href":"https:\/\/equitherapie-bourgogne.fr\/index.php\/wp-json\/wp\/v2\/comments?post=812"}],"version-history":[{"count":1,"href":"https:\/\/equitherapie-bourgogne.fr\/index.php\/wp-json\/wp\/v2\/tribe_events\/812\/revisions"}],"predecessor-version":[{"id":813,"href":"https:\/\/equitherapie-bourgogne.fr\/index.php\/wp-json\/wp\/v2\/tribe_events\/812\/revisions\/813"}],"wp:featuredmedia":[{"embeddable":true,"href":"https:\/\/equitherapie-bourgogne.fr\/index.php\/wp-json\/wp\/v2\/media\/335"}],"wp:attachment":[{"href":"https:\/\/equitherapie-bourgogne.fr\/index.php\/wp-json\/wp\/v2\/media?parent=812"}],"wp:term":[{"taxonomy":"post_tag","embeddable":true,"href":"https:\/\/equitherapie-bourgogne.fr\/index.php\/wp-json\/wp\/v2\/tags?post=812"},{"taxonomy":"tribe_events_cat","embeddable":true,"href":"https:\/\/equitherapie-bourgogne.fr\/index.php\/wp-json\/wp\/v2\/tribe_events_cat?post=812"}],"curies":[{"name":"wp","href":"https:\/\/api.w.org\/{rel}","templated":true}]}}

<p><em><strong> Proposer des expériences avec la voix, des itinéraires par lesquels on est soi-même passé en les adaptant singulièrement à chaque fois à la personne que l’on rencontre, pour un travail de délicatesse et de patience, avec un cavalier sans monture dans le cas d’un travail d’atelier, travail où comme en danse, le corps tout entier est instrument d’expression.<br />
</strong>Nous explorerons des potentialités souvent ignorées, une recherche personnelle dont l’aboutissement relève de la surprise comme c’est souvent le cas dans les pratiques artistiques.</em></p>
<p><em>Pour ceux qui n’auraient jamais pratiqué l’équitation, commencer ensemble ces deux pratiques permet de constater à quel point le détournement de soi contribue à ces deux expériences. Trop d’attention nuit, trop de concentration immobilise, enferme à l’intérieur de sa propre perception, prive beaucoup des informations extérieures, l’espace, la lumière, le mouvement, la clarté des intentions.</em></p>

<p> Proposer des expériences avec la voix, des itinéraires par lesquels on est soi-même passé en les adaptant singulièrement à chaque fois à la personne que l’on rencontre, pour un travail de délicatesse et de patience, avec un cavalier sans monture&#8230;<br /><a class="read-more-button" href="https://equitherapie-bourgogne.fr/index.php/agenda/stage-cheval-voix-3/">Savoir plus</a></p>

<!-- This site is optimized with the Yoast SEO plugin v24.7 - https://yoast.com/wordpress/plugins/seo/ -->
<title>Stage Cheval et Voix - A Cheval sur Soi</title>
<meta name="robots" content="index, follow, max-snippet:-1, max-image-preview:large, max-video-preview:-1" />
<link rel="canonical" href="https://equitherapie-bourgogne.fr/index.php/agenda/stage-cheval-voix-3/" />
<meta property="og:locale" content="fr_FR" />
<meta property="og:type" content="article" />
<meta property="og:title" content="Stage Cheval et Voix - A Cheval sur Soi" />
<meta property="og:description" content=" Proposer des expériences avec la voix, des itinéraires par lesquels on est soi-même passé en les adaptant singulièrement à chaque fois à la personne que l’on rencontre, pour un travail de délicatesse et de patience, avec un cavalier sans monture...Savoir plus" />
<meta property="og:url" content="https://equitherapie-bourgogne.fr/index.php/agenda/stage-cheval-voix-3/" />
<meta property="og:site_name" content="A Cheval sur Soi" />
<meta property="og:image" content="https://equitherapie-bourgogne.fr/wp-content/uploads/2016/11/Equitation-sensitive-390x520.jpg" />
	<meta property="og:image:width" content="390" />
	<meta property="og:image:height" content="520" />
	<meta property="og:image:type" content="image/jpeg" />
<meta name="twitter:card" content="summary_large_image" />
<meta name="twitter:label1" content="Durée de lecture estimée" />
	<meta name="twitter:data1" content="1 minute" />
<script type="application/ld+json" class="yoast-schema-graph">{"@context":"https://schema.org","@graph":[{"@type":"WebPage","@id":"https://equitherapie-bourgogne.fr/index.php/agenda/stage-cheval-voix-3/","url":"https://equitherapie-bourgogne.fr/index.php/agenda/stage-cheval-voix-3/","name":"Stage Cheval et Voix - A Cheval sur Soi","isPartOf":{"@id":"https://equitherapie-bourgogne.fr/#website"},"primaryImageOfPage":{"@id":"https://equitherapie-bourgogne.fr/index.php/agenda/stage-cheval-voix-3/#primaryimage"},"image":{"@id":"https://equitherapie-bourgogne.fr/index.php/agenda/stage-cheval-voix-3/#primaryimage"},"thumbnailUrl":"https://equitherapie-bourgogne.fr/wp-content/uploads/2016/11/Equitation-sensitive.jpg","datePublished":"2018-05-31T08:49:54+00:00","breadcrumb":{"@id":"https://equitherapie-bourgogne.fr/index.php/agenda/stage-cheval-voix-3/#breadcrumb"},"inLanguage":"fr-FR","potentialAction":[{"@type":"ReadAction","target":["https://equitherapie-bourgogne.fr/index.php/agenda/stage-cheval-voix-3/"]}]},{"@type":"ImageObject","inLanguage":"fr-FR","@id":"https://equitherapie-bourgogne.fr/index.php/agenda/stage-cheval-voix-3/#primaryimage","url":"https://equitherapie-bourgogne.fr/wp-content/uploads/2016/11/Equitation-sensitive.jpg","contentUrl":"https://equitherapie-bourgogne.fr/wp-content/uploads/2016/11/Equitation-sensitive.jpg","width":2304,"height":3072},{"@type":"BreadcrumbList","@id":"https://equitherapie-bourgogne.fr/index.php/agenda/stage-cheval-voix-3/#breadcrumb","itemListElement":[{"@type":"ListItem","position":1,"name":"Accueil","item":"https://equitherapie-bourgogne.fr/"},{"@type":"ListItem","position":2,"name":"Évènements","item":"https://equitherapie-bourgogne.fr/index.php/agenda/"},{"@type":"ListItem","position":3,"name":"Stage Cheval et Voix"}]},{"@type":"WebSite","@id":"https://equitherapie-bourgogne.fr/#website","url":"https://equitherapie-bourgogne.fr/","name":"A Cheval sur Soi","description":"CENTRE ÉQUESTRE TRANSDISCIPLINAIRE","potentialAction":[{"@type":"SearchAction","target":{"@type":"EntryPoint","urlTemplate":"https://equitherapie-bourgogne.fr/?s={search_term_string}"},"query-input":{"@type":"PropertyValueSpecification","valueRequired":true,"valueName":"search_term_string"}}],"inLanguage":"fr-FR"}]}</script>
<!-- / Yoast SEO plugin. -->

Proposer des expériences avec la voix, des itinéraires par lesquels on est soi-même passé en les adaptant singulièrement à chaque fois à la personne que l’on rencontre, pour un travail de délicatesse et de patience, avec un cavalier sans monture...Savoir plus

Évènements

CENTRE ÉQUESTRE TRANSDISCIPLINAIRE
