{"id":779,"date":"2018-04-25T17:16:03","date_gmt":"2018-04-25T15:16:03","guid":{"rendered":"http:\/\/equitherapie-bourgogne.fr\/?post_type=tribe_events&#038;p=779"},"modified":"2018-04-25T17:16:03","modified_gmt":"2018-04-25T15:16:03","slug":"spectacle-de-chevaux-liberte","status":"publish","type":"tribe_events","link":"https:\/\/equitherapie-bourgogne.fr\/index.php\/agenda\/spectacle-de-chevaux-liberte\/","title":{"rendered":"Spectacle de chevaux en libert\u00e9"},"content":{"rendered":"<p>C\u00e9leste va passer au centre \u00e9questre A Cheval Sur Soi, proposer son spectacle avec des chevaux en libert\u00e9 et parler de son exp\u00e9rience d&rsquo;itin\u00e9rance avec les chevaux.<\/p>\n<p>C\u00e9leste : \u00ab\u00a0On se pr\u00e9pare&#8230; dans trois jours, nous repartons sur les chemins pour une travers\u00e9e du Morvan. Pendant deux semaines, nous allons nous arr\u00eater dans les \u00e9coles,<span class=\"text_exposed_show\">\u00a0proposer des spectacles pour les enfants et parler du bonheur procur\u00e9 par la vie aux c\u00f4t\u00e9s des chevaux, la marche dans les bois et les bivouacs sous les \u00e9toiles&#8230;\u00a0\u00bb<\/span><\/p>\n<p>https:\/\/www.facebook.com\/Leschevauxcelestes\/?hc_ref=ARSlFUh8o8WvPFcy_zgirQKdmpZVGJqG0JFY7Ylr82r2HFvAzjQ_yIDdtC_VSRobtpA<\/p>\n<p>https:\/\/www.facebook.com\/AChevalSurSoi\/<\/p>\n<p>Et nous on se pr\u00e9pare \u00e0 l\u2019accueillir et \u00e0 vous accueillir pour ceux qui veulent\/peuvent venir.<\/p>\n<p>A bient\u00f4t&#8230;.<\/p>\n","protected":false},"excerpt":{"rendered":"<p>C\u00e9leste va passer au centre \u00e9questre A Cheval Sur Soi, proposer son spectacle avec des chevaux en libert\u00e9 et parler de son exp\u00e9rience d&rsquo;itin\u00e9rance avec les chevaux. C\u00e9leste : \u00ab\u00a0On se pr\u00e9pare&#8230; dans trois jours, nous repartons sur les chemins&#8230;<br \/><a class=\"read-more-button\" href=\"https:\/\/equitherapie-bourgogne.fr\/index.php\/agenda\/spectacle-de-chevaux-liberte\/\">Savoir plus<\/a><\/p>\n","protected":false},"author":1,"featured_media":0,"comment_status":"open","ping_status":"closed","template":"","meta":{"_tribe_events_status":"","_tribe_events_status_reason":"","footnotes":""},"tags":[],"tribe_events_cat":[],"class_list":["post-779","tribe_events","type-tribe_events","status-publish","hentry"],"yoast_head":"<!-- This site is optimized with the Yoast SEO plugin v24.7 - https:\/\/yoast.com\/wordpress\/plugins\/seo\/ -->\n<title>Spectacle de chevaux en libert\u00e9 - A Cheval sur Soi<\/title>\n<meta name=\"robots\" content=\"index, follow, max-snippet:-1, max-image-preview:large, max-video-preview:-1\" \/>\n<link rel=\"canonical\" href=\"https:\/\/equitherapie-bourgogne.fr\/index.php\/agenda\/spectacle-de-chevaux-liberte\/\" \/>\n<meta property=\"og:locale\" content=\"fr_FR\" \/>\n<meta property=\"og:type\" content=\"article\" \/>\n<meta property=\"og:title\" content=\"Spectacle de chevaux en libert\u00e9 - A Cheval sur Soi\" \/>\n<meta property=\"og:description\" content=\"C\u00e9leste va passer au centre \u00e9questre A Cheval Sur Soi, proposer son spectacle avec des chevaux en libert\u00e9 et parler de son exp\u00e9rience d&rsquo;itin\u00e9rance avec les chevaux. C\u00e9leste : \u00ab\u00a0On se pr\u00e9pare&#8230; dans trois jours, nous repartons sur les chemins...Savoir plus\" \/>\n<meta property=\"og:url\" content=\"https:\/\/equitherapie-bourgogne.fr\/index.php\/agenda\/spectacle-de-chevaux-liberte\/\" \/>\n<meta property=\"og:site_name\" content=\"A Cheval sur Soi\" \/>\n<meta name=\"twitter:card\" content=\"summary_large_image\" \/>\n<meta name=\"twitter:label1\" content=\"Dur\u00e9e de lecture estim\u00e9e\" \/>\n\t<meta name=\"twitter:data1\" content=\"1 minute\" \/>\n<script type=\"application\/ld+json\" class=\"yoast-schema-graph\">{\"@context\":\"https:\/\/schema.org\",\"@graph\":[{\"@type\":\"WebPage\",\"@id\":\"https:\/\/equitherapie-bourgogne.fr\/index.php\/agenda\/spectacle-de-chevaux-liberte\/\",\"url\":\"https:\/\/equitherapie-bourgogne.fr\/index.php\/agenda\/spectacle-de-chevaux-liberte\/\",\"name\":\"Spectacle de chevaux en libert\u00e9 - A Cheval sur Soi\",\"isPartOf\":{\"@id\":\"https:\/\/equitherapie-bourgogne.fr\/#website\"},\"datePublished\":\"2018-04-25T15:16:03+00:00\",\"breadcrumb\":{\"@id\":\"https:\/\/equitherapie-bourgogne.fr\/index.php\/agenda\/spectacle-de-chevaux-liberte\/#breadcrumb\"},\"inLanguage\":\"fr-FR\",\"potentialAction\":[{\"@type\":\"ReadAction\",\"target\":[\"https:\/\/equitherapie-bourgogne.fr\/index.php\/agenda\/spectacle-de-chevaux-liberte\/\"]}]},{\"@type\":\"BreadcrumbList\",\"@id\":\"https:\/\/equitherapie-bourgogne.fr\/index.php\/agenda\/spectacle-de-chevaux-liberte\/#breadcrumb\",\"itemListElement\":[{\"@type\":\"ListItem\",\"position\":1,\"name\":\"Accueil\",\"item\":\"https:\/\/equitherapie-bourgogne.fr\/\"},{\"@type\":\"ListItem\",\"position\":2,\"name\":\"\u00c9v\u00e8nements\",\"item\":\"https:\/\/equitherapie-bourgogne.fr\/index.php\/agenda\/\"},{\"@type\":\"ListItem\",\"position\":3,\"name\":\"Spectacle de chevaux en libert\u00e9\"}]},{\"@type\":\"WebSite\",\"@id\":\"https:\/\/equitherapie-bourgogne.fr\/#website\",\"url\":\"https:\/\/equitherapie-bourgogne.fr\/\",\"name\":\"A Cheval sur Soi\",\"description\":\"CENTRE \u00c9QUESTRE TRANSDISCIPLINAIRE\",\"potentialAction\":[{\"@type\":\"SearchAction\",\"target\":{\"@type\":\"EntryPoint\",\"urlTemplate\":\"https:\/\/equitherapie-bourgogne.fr\/?s={search_term_string}\"},\"query-input\":{\"@type\":\"PropertyValueSpecification\",\"valueRequired\":true,\"valueName\":\"search_term_string\"}}],\"inLanguage\":\"fr-FR\"}]}<\/script>\n<!-- \/ Yoast SEO plugin. -->","yoast_head_json":{"title":"Spectacle de chevaux en libert\u00e9 - A Cheval sur Soi","robots":{"index":"index","follow":"follow","max-snippet":"max-snippet:-1","max-image-preview":"max-image-preview:large","max-video-preview":"max-video-preview:-1"},"canonical":"https:\/\/equitherapie-bourgogne.fr\/index.php\/agenda\/spectacle-de-chevaux-liberte\/","og_locale":"fr_FR","og_type":"article","og_title":"Spectacle de chevaux en libert\u00e9 - A Cheval sur Soi","og_description":"C\u00e9leste va passer au centre \u00e9questre A Cheval Sur Soi, proposer son spectacle avec des chevaux en libert\u00e9 et parler de son exp\u00e9rience d&rsquo;itin\u00e9rance avec les chevaux. C\u00e9leste : \u00ab\u00a0On se pr\u00e9pare&#8230; dans trois jours, nous repartons sur les chemins...Savoir plus","og_url":"https:\/\/equitherapie-bourgogne.fr\/index.php\/agenda\/spectacle-de-chevaux-liberte\/","og_site_name":"A Cheval sur Soi","twitter_card":"summary_large_image","twitter_misc":{"Dur\u00e9e de lecture estim\u00e9e":"1 minute"},"schema":{"@context":"https:\/\/schema.org","@graph":[{"@type":"WebPage","@id":"https:\/\/equitherapie-bourgogne.fr\/index.php\/agenda\/spectacle-de-chevaux-liberte\/","url":"https:\/\/equitherapie-bourgogne.fr\/index.php\/agenda\/spectacle-de-chevaux-liberte\/","name":"Spectacle de chevaux en libert\u00e9 - A Cheval sur Soi","isPartOf":{"@id":"https:\/\/equitherapie-bourgogne.fr\/#website"},"datePublished":"2018-04-25T15:16:03+00:00","breadcrumb":{"@id":"https:\/\/equitherapie-bourgogne.fr\/index.php\/agenda\/spectacle-de-chevaux-liberte\/#breadcrumb"},"inLanguage":"fr-FR","potentialAction":[{"@type":"ReadAction","target":["https:\/\/equitherapie-bourgogne.fr\/index.php\/agenda\/spectacle-de-chevaux-liberte\/"]}]},{"@type":"BreadcrumbList","@id":"https:\/\/equitherapie-bourgogne.fr\/index.php\/agenda\/spectacle-de-chevaux-liberte\/#breadcrumb","itemListElement":[{"@type":"ListItem","position":1,"name":"Accueil","item":"https:\/\/equitherapie-bourgogne.fr\/"},{"@type":"ListItem","position":2,"name":"\u00c9v\u00e8nements","item":"https:\/\/equitherapie-bourgogne.fr\/index.php\/agenda\/"},{"@type":"ListItem","position":3,"name":"Spectacle de chevaux en libert\u00e9"}]},{"@type":"WebSite","@id":"https:\/\/equitherapie-bourgogne.fr\/#website","url":"https:\/\/equitherapie-bourgogne.fr\/","name":"A Cheval sur Soi","description":"CENTRE \u00c9QUESTRE TRANSDISCIPLINAIRE","potentialAction":[{"@type":"SearchAction","target":{"@type":"EntryPoint","urlTemplate":"https:\/\/equitherapie-bourgogne.fr\/?s={search_term_string}"},"query-input":{"@type":"PropertyValueSpecification","valueRequired":true,"valueName":"search_term_string"}}],"inLanguage":"fr-FR"}]}},"_links":{"self":[{"href":"https:\/\/equitherapie-bourgogne.fr\/index.php\/wp-json\/wp\/v2\/tribe_events\/779","targetHints":{"allow":["GET"]}}],"collection":[{"href":"https:\/\/equitherapie-bourgogne.fr\/index.php\/wp-json\/wp\/v2\/tribe_events"}],"about":[{"href":"https:\/\/equitherapie-bourgogne.fr\/index.php\/wp-json\/wp\/v2\/types\/tribe_events"}],"author":[{"embeddable":true,"href":"https:\/\/equitherapie-bourgogne.fr\/index.php\/wp-json\/wp\/v2\/users\/1"}],"replies":[{"embeddable":true,"href":"https:\/\/equitherapie-bourgogne.fr\/index.php\/wp-json\/wp\/v2\/comments?post=779"}],"version-history":[{"count":2,"href":"https:\/\/equitherapie-bourgogne.fr\/index.php\/wp-json\/wp\/v2\/tribe_events\/779\/revisions"}],"predecessor-version":[{"id":784,"href":"https:\/\/equitherapie-bourgogne.fr\/index.php\/wp-json\/wp\/v2\/tribe_events\/779\/revisions\/784"}],"wp:attachment":[{"href":"https:\/\/equitherapie-bourgogne.fr\/index.php\/wp-json\/wp\/v2\/media?parent=779"}],"wp:term":[{"taxonomy":"post_tag","embeddable":true,"href":"https:\/\/equitherapie-bourgogne.fr\/index.php\/wp-json\/wp\/v2\/tags?post=779"},{"taxonomy":"tribe_events_cat","embeddable":true,"href":"https:\/\/equitherapie-bourgogne.fr\/index.php\/wp-json\/wp\/v2\/tribe_events_cat?post=779"}],"curies":[{"name":"wp","href":"https:\/\/api.w.org\/{rel}","templated":true}]}}

Spectacle de chevaux en liberté

<p>Céleste va passer au centre équestre A Cheval Sur Soi, proposer son spectacle avec des chevaux en liberté et parler de son expérience d&rsquo;itinérance avec les chevaux.</p>
<p>Céleste : « On se prépare&#8230; dans trois jours, nous repartons sur les chemins pour une traversée du Morvan. Pendant deux semaines, nous allons nous arrêter dans les écoles,<span class="text_exposed_show"> proposer des spectacles pour les enfants et parler du bonheur procuré par la vie aux côtés des chevaux, la marche dans les bois et les bivouacs sous les étoiles&#8230; »</span></p>
<p>https://www.facebook.com/Leschevauxcelestes/?hc_ref=ARSlFUh8o8WvPFcy_zgirQKdmpZVGJqG0JFY7Ylr82r2HFvAzjQ_yIDdtC_VSRobtpA</p>
<p>https://www.facebook.com/AChevalSurSoi/</p>
<p>Et nous on se prépare à l’accueillir et à vous accueillir pour ceux qui veulent/peuvent venir.</p>
<p>A bientôt&#8230;.</p>

<p>Céleste va passer au centre équestre A Cheval Sur Soi, proposer son spectacle avec des chevaux en liberté et parler de son expérience d&rsquo;itinérance avec les chevaux. Céleste : « On se prépare&#8230; dans trois jours, nous repartons sur les chemins&#8230;<br /><a class="read-more-button" href="https://equitherapie-bourgogne.fr/index.php/agenda/spectacle-de-chevaux-liberte/">Savoir plus</a></p>

<!-- This site is optimized with the Yoast SEO plugin v24.7 - https://yoast.com/wordpress/plugins/seo/ -->
<title>Spectacle de chevaux en liberté - A Cheval sur Soi</title>
<meta name="robots" content="index, follow, max-snippet:-1, max-image-preview:large, max-video-preview:-1" />
<link rel="canonical" href="https://equitherapie-bourgogne.fr/index.php/agenda/spectacle-de-chevaux-liberte/" />
<meta property="og:locale" content="fr_FR" />
<meta property="og:type" content="article" />
<meta property="og:title" content="Spectacle de chevaux en liberté - A Cheval sur Soi" />
<meta property="og:description" content="Céleste va passer au centre équestre A Cheval Sur Soi, proposer son spectacle avec des chevaux en liberté et parler de son expérience d&rsquo;itinérance avec les chevaux. Céleste : « On se prépare&#8230; dans trois jours, nous repartons sur les chemins...Savoir plus" />
<meta property="og:url" content="https://equitherapie-bourgogne.fr/index.php/agenda/spectacle-de-chevaux-liberte/" />
<meta property="og:site_name" content="A Cheval sur Soi" />
<meta name="twitter:card" content="summary_large_image" />
<meta name="twitter:label1" content="Durée de lecture estimée" />
	<meta name="twitter:data1" content="1 minute" />
<script type="application/ld+json" class="yoast-schema-graph">{"@context":"https://schema.org","@graph":[{"@type":"WebPage","@id":"https://equitherapie-bourgogne.fr/index.php/agenda/spectacle-de-chevaux-liberte/","url":"https://equitherapie-bourgogne.fr/index.php/agenda/spectacle-de-chevaux-liberte/","name":"Spectacle de chevaux en liberté - A Cheval sur Soi","isPartOf":{"@id":"https://equitherapie-bourgogne.fr/#website"},"datePublished":"2018-04-25T15:16:03+00:00","breadcrumb":{"@id":"https://equitherapie-bourgogne.fr/index.php/agenda/spectacle-de-chevaux-liberte/#breadcrumb"},"inLanguage":"fr-FR","potentialAction":[{"@type":"ReadAction","target":["https://equitherapie-bourgogne.fr/index.php/agenda/spectacle-de-chevaux-liberte/"]}]},{"@type":"BreadcrumbList","@id":"https://equitherapie-bourgogne.fr/index.php/agenda/spectacle-de-chevaux-liberte/#breadcrumb","itemListElement":[{"@type":"ListItem","position":1,"name":"Accueil","item":"https://equitherapie-bourgogne.fr/"},{"@type":"ListItem","position":2,"name":"Évènements","item":"https://equitherapie-bourgogne.fr/index.php/agenda/"},{"@type":"ListItem","position":3,"name":"Spectacle de chevaux en liberté"}]},{"@type":"WebSite","@id":"https://equitherapie-bourgogne.fr/#website","url":"https://equitherapie-bourgogne.fr/","name":"A Cheval sur Soi","description":"CENTRE ÉQUESTRE TRANSDISCIPLINAIRE","potentialAction":[{"@type":"SearchAction","target":{"@type":"EntryPoint","urlTemplate":"https://equitherapie-bourgogne.fr/?s={search_term_string}"},"query-input":{"@type":"PropertyValueSpecification","valueRequired":true,"valueName":"search_term_string"}}],"inLanguage":"fr-FR"}]}</script>
<!-- / Yoast SEO plugin. -->

Spectacle de chevaux en liberté - A Cheval sur Soi

Céleste va passer au centre équestre A Cheval Sur Soi, proposer son spectacle avec des chevaux en liberté et parler de son expérience d&rsquo;itinérance avec les chevaux. Céleste : « On se prépare&#8230; dans trois jours, nous repartons sur les chemins...Savoir plus

Évènements

CENTRE ÉQUESTRE TRANSDISCIPLINAIRE
