{"id":709,"date":"2018-02-21T10:55:06","date_gmt":"2018-02-21T09:55:06","guid":{"rendered":"http:\/\/equitherapie-bourgogne.fr\/?post_type=tribe_events&#038;p=709"},"modified":"2018-03-28T11:31:51","modified_gmt":"2018-03-28T09:31:51","slug":"formatrice-quatrieme-semaine-de-praticien-mediation-equine-a-cheval-emoi-2","status":"publish","type":"tribe_events","link":"https:\/\/equitherapie-bourgogne.fr\/index.php\/agenda\/formatrice-quatrieme-semaine-de-praticien-mediation-equine-a-cheval-emoi-2\/","title":{"rendered":"Formatrice pour la quatri\u00e8me semaine de Praticien en M\u00e9diation \u00c9quine \u00e0 Cheval Emoi"},"content":{"rendered":"<p><a href=\"http:\/\/www.cheval-emoi.org\/index.php\/les-formations\">http:\/\/www.cheval-emoi.org\/index.php\/les-formations<\/a><\/p>\n","protected":false},"excerpt":{"rendered":"<p>http:\/\/www.cheval-emoi.org\/index.php\/les-formations<\/p>\n","protected":false},"author":1,"featured_media":673,"comment_status":"open","ping_status":"closed","template":"","meta":{"_tribe_events_status":"","_tribe_events_status_reason":"","footnotes":""},"tags":[],"tribe_events_cat":[3],"class_list":["post-709","tribe_events","type-tribe_events","status-publish","has-post-thumbnail","hentry","tribe_events_cat-interventions-exterieures","cat_interventions-exterieures"],"yoast_head":"<!-- This site is optimized with the Yoast SEO plugin v24.7 - https:\/\/yoast.com\/wordpress\/plugins\/seo\/ -->\n<title>Formatrice pour la quatri\u00e8me semaine de Praticien en M\u00e9diation \u00c9quine \u00e0 Cheval Emoi - A Cheval sur Soi<\/title>\n<meta name=\"robots\" content=\"index, follow, max-snippet:-1, max-image-preview:large, max-video-preview:-1\" \/>\n<link rel=\"canonical\" href=\"https:\/\/equitherapie-bourgogne.fr\/index.php\/agenda\/formatrice-quatrieme-semaine-de-praticien-mediation-equine-a-cheval-emoi-2\/\" \/>\n<meta property=\"og:locale\" content=\"fr_FR\" \/>\n<meta property=\"og:type\" content=\"article\" \/>\n<meta property=\"og:title\" content=\"Formatrice pour la quatri\u00e8me semaine de Praticien en M\u00e9diation \u00c9quine \u00e0 Cheval Emoi - A Cheval sur Soi\" \/>\n<meta property=\"og:description\" content=\"http:\/\/www.cheval-emoi.org\/index.php\/les-formations\" \/>\n<meta property=\"og:url\" content=\"https:\/\/equitherapie-bourgogne.fr\/index.php\/agenda\/formatrice-quatrieme-semaine-de-praticien-mediation-equine-a-cheval-emoi-2\/\" \/>\n<meta property=\"og:site_name\" content=\"A Cheval sur Soi\" \/>\n<meta property=\"article:modified_time\" content=\"2018-03-28T09:31:51+00:00\" \/>\n<meta property=\"og:image\" content=\"https:\/\/equitherapie-bourgogne.fr\/wp-content\/uploads\/2017\/11\/IMG_9786.jpg\" \/>\n\t<meta property=\"og:image:width\" content=\"2351\" \/>\n\t<meta property=\"og:image:height\" content=\"1675\" \/>\n\t<meta property=\"og:image:type\" content=\"image\/jpeg\" \/>\n<meta name=\"twitter:card\" content=\"summary_large_image\" \/>\n<script type=\"application\/ld+json\" class=\"yoast-schema-graph\">{\"@context\":\"https:\/\/schema.org\",\"@graph\":[{\"@type\":\"WebPage\",\"@id\":\"https:\/\/equitherapie-bourgogne.fr\/index.php\/agenda\/formatrice-quatrieme-semaine-de-praticien-mediation-equine-a-cheval-emoi-2\/\",\"url\":\"https:\/\/equitherapie-bourgogne.fr\/index.php\/agenda\/formatrice-quatrieme-semaine-de-praticien-mediation-equine-a-cheval-emoi-2\/\",\"name\":\"Formatrice pour la quatri\u00e8me semaine de Praticien en M\u00e9diation \u00c9quine \u00e0 Cheval Emoi - A Cheval sur Soi\",\"isPartOf\":{\"@id\":\"https:\/\/equitherapie-bourgogne.fr\/#website\"},\"primaryImageOfPage\":{\"@id\":\"https:\/\/equitherapie-bourgogne.fr\/index.php\/agenda\/formatrice-quatrieme-semaine-de-praticien-mediation-equine-a-cheval-emoi-2\/#primaryimage\"},\"image\":{\"@id\":\"https:\/\/equitherapie-bourgogne.fr\/index.php\/agenda\/formatrice-quatrieme-semaine-de-praticien-mediation-equine-a-cheval-emoi-2\/#primaryimage\"},\"thumbnailUrl\":\"https:\/\/equitherapie-bourgogne.fr\/wp-content\/uploads\/2017\/11\/IMG_9786.jpg\",\"datePublished\":\"2018-02-21T09:55:06+00:00\",\"dateModified\":\"2018-03-28T09:31:51+00:00\",\"breadcrumb\":{\"@id\":\"https:\/\/equitherapie-bourgogne.fr\/index.php\/agenda\/formatrice-quatrieme-semaine-de-praticien-mediation-equine-a-cheval-emoi-2\/#breadcrumb\"},\"inLanguage\":\"fr-FR\",\"potentialAction\":[{\"@type\":\"ReadAction\",\"target\":[\"https:\/\/equitherapie-bourgogne.fr\/index.php\/agenda\/formatrice-quatrieme-semaine-de-praticien-mediation-equine-a-cheval-emoi-2\/\"]}]},{\"@type\":\"ImageObject\",\"inLanguage\":\"fr-FR\",\"@id\":\"https:\/\/equitherapie-bourgogne.fr\/index.php\/agenda\/formatrice-quatrieme-semaine-de-praticien-mediation-equine-a-cheval-emoi-2\/#primaryimage\",\"url\":\"https:\/\/equitherapie-bourgogne.fr\/wp-content\/uploads\/2017\/11\/IMG_9786.jpg\",\"contentUrl\":\"https:\/\/equitherapie-bourgogne.fr\/wp-content\/uploads\/2017\/11\/IMG_9786.jpg\",\"width\":2351,\"height\":1675},{\"@type\":\"BreadcrumbList\",\"@id\":\"https:\/\/equitherapie-bourgogne.fr\/index.php\/agenda\/formatrice-quatrieme-semaine-de-praticien-mediation-equine-a-cheval-emoi-2\/#breadcrumb\",\"itemListElement\":[{\"@type\":\"ListItem\",\"position\":1,\"name\":\"Accueil\",\"item\":\"https:\/\/equitherapie-bourgogne.fr\/\"},{\"@type\":\"ListItem\",\"position\":2,\"name\":\"\u00c9v\u00e8nements\",\"item\":\"https:\/\/equitherapie-bourgogne.fr\/index.php\/agenda\/\"},{\"@type\":\"ListItem\",\"position\":3,\"name\":\"Formatrice pour la quatri\u00e8me semaine de Praticien en M\u00e9diation \u00c9quine \u00e0 Cheval Emoi\"}]},{\"@type\":\"WebSite\",\"@id\":\"https:\/\/equitherapie-bourgogne.fr\/#website\",\"url\":\"https:\/\/equitherapie-bourgogne.fr\/\",\"name\":\"A Cheval sur Soi\",\"description\":\"CENTRE \u00c9QUESTRE TRANSDISCIPLINAIRE\",\"potentialAction\":[{\"@type\":\"SearchAction\",\"target\":{\"@type\":\"EntryPoint\",\"urlTemplate\":\"https:\/\/equitherapie-bourgogne.fr\/?s={search_term_string}\"},\"query-input\":{\"@type\":\"PropertyValueSpecification\",\"valueRequired\":true,\"valueName\":\"search_term_string\"}}],\"inLanguage\":\"fr-FR\"}]}<\/script>\n<!-- \/ Yoast SEO plugin. -->","yoast_head_json":{"title":"Formatrice pour la quatri\u00e8me semaine de Praticien en M\u00e9diation \u00c9quine \u00e0 Cheval Emoi - A Cheval sur Soi","robots":{"index":"index","follow":"follow","max-snippet":"max-snippet:-1","max-image-preview":"max-image-preview:large","max-video-preview":"max-video-preview:-1"},"canonical":"https:\/\/equitherapie-bourgogne.fr\/index.php\/agenda\/formatrice-quatrieme-semaine-de-praticien-mediation-equine-a-cheval-emoi-2\/","og_locale":"fr_FR","og_type":"article","og_title":"Formatrice pour la quatri\u00e8me semaine de Praticien en M\u00e9diation \u00c9quine \u00e0 Cheval Emoi - A Cheval sur Soi","og_description":"http:\/\/www.cheval-emoi.org\/index.php\/les-formations","og_url":"https:\/\/equitherapie-bourgogne.fr\/index.php\/agenda\/formatrice-quatrieme-semaine-de-praticien-mediation-equine-a-cheval-emoi-2\/","og_site_name":"A Cheval sur Soi","article_modified_time":"2018-03-28T09:31:51+00:00","og_image":[{"width":2351,"height":1675,"url":"https:\/\/equitherapie-bourgogne.fr\/wp-content\/uploads\/2017\/11\/IMG_9786.jpg","type":"image\/jpeg"}],"twitter_card":"summary_large_image","schema":{"@context":"https:\/\/schema.org","@graph":[{"@type":"WebPage","@id":"https:\/\/equitherapie-bourgogne.fr\/index.php\/agenda\/formatrice-quatrieme-semaine-de-praticien-mediation-equine-a-cheval-emoi-2\/","url":"https:\/\/equitherapie-bourgogne.fr\/index.php\/agenda\/formatrice-quatrieme-semaine-de-praticien-mediation-equine-a-cheval-emoi-2\/","name":"Formatrice pour la quatri\u00e8me semaine de Praticien en M\u00e9diation \u00c9quine \u00e0 Cheval Emoi - A Cheval sur Soi","isPartOf":{"@id":"https:\/\/equitherapie-bourgogne.fr\/#website"},"primaryImageOfPage":{"@id":"https:\/\/equitherapie-bourgogne.fr\/index.php\/agenda\/formatrice-quatrieme-semaine-de-praticien-mediation-equine-a-cheval-emoi-2\/#primaryimage"},"image":{"@id":"https:\/\/equitherapie-bourgogne.fr\/index.php\/agenda\/formatrice-quatrieme-semaine-de-praticien-mediation-equine-a-cheval-emoi-2\/#primaryimage"},"thumbnailUrl":"https:\/\/equitherapie-bourgogne.fr\/wp-content\/uploads\/2017\/11\/IMG_9786.jpg","datePublished":"2018-02-21T09:55:06+00:00","dateModified":"2018-03-28T09:31:51+00:00","breadcrumb":{"@id":"https:\/\/equitherapie-bourgogne.fr\/index.php\/agenda\/formatrice-quatrieme-semaine-de-praticien-mediation-equine-a-cheval-emoi-2\/#breadcrumb"},"inLanguage":"fr-FR","potentialAction":[{"@type":"ReadAction","target":["https:\/\/equitherapie-bourgogne.fr\/index.php\/agenda\/formatrice-quatrieme-semaine-de-praticien-mediation-equine-a-cheval-emoi-2\/"]}]},{"@type":"ImageObject","inLanguage":"fr-FR","@id":"https:\/\/equitherapie-bourgogne.fr\/index.php\/agenda\/formatrice-quatrieme-semaine-de-praticien-mediation-equine-a-cheval-emoi-2\/#primaryimage","url":"https:\/\/equitherapie-bourgogne.fr\/wp-content\/uploads\/2017\/11\/IMG_9786.jpg","contentUrl":"https:\/\/equitherapie-bourgogne.fr\/wp-content\/uploads\/2017\/11\/IMG_9786.jpg","width":2351,"height":1675},{"@type":"BreadcrumbList","@id":"https:\/\/equitherapie-bourgogne.fr\/index.php\/agenda\/formatrice-quatrieme-semaine-de-praticien-mediation-equine-a-cheval-emoi-2\/#breadcrumb","itemListElement":[{"@type":"ListItem","position":1,"name":"Accueil","item":"https:\/\/equitherapie-bourgogne.fr\/"},{"@type":"ListItem","position":2,"name":"\u00c9v\u00e8nements","item":"https:\/\/equitherapie-bourgogne.fr\/index.php\/agenda\/"},{"@type":"ListItem","position":3,"name":"Formatrice pour la quatri\u00e8me semaine de Praticien en M\u00e9diation \u00c9quine \u00e0 Cheval Emoi"}]},{"@type":"WebSite","@id":"https:\/\/equitherapie-bourgogne.fr\/#website","url":"https:\/\/equitherapie-bourgogne.fr\/","name":"A Cheval sur Soi","description":"CENTRE \u00c9QUESTRE TRANSDISCIPLINAIRE","potentialAction":[{"@type":"SearchAction","target":{"@type":"EntryPoint","urlTemplate":"https:\/\/equitherapie-bourgogne.fr\/?s={search_term_string}"},"query-input":{"@type":"PropertyValueSpecification","valueRequired":true,"valueName":"search_term_string"}}],"inLanguage":"fr-FR"}]}},"_links":{"self":[{"href":"https:\/\/equitherapie-bourgogne.fr\/index.php\/wp-json\/wp\/v2\/tribe_events\/709","targetHints":{"allow":["GET"]}}],"collection":[{"href":"https:\/\/equitherapie-bourgogne.fr\/index.php\/wp-json\/wp\/v2\/tribe_events"}],"about":[{"href":"https:\/\/equitherapie-bourgogne.fr\/index.php\/wp-json\/wp\/v2\/types\/tribe_events"}],"author":[{"embeddable":true,"href":"https:\/\/equitherapie-bourgogne.fr\/index.php\/wp-json\/wp\/v2\/users\/1"}],"replies":[{"embeddable":true,"href":"https:\/\/equitherapie-bourgogne.fr\/index.php\/wp-json\/wp\/v2\/comments?post=709"}],"version-history":[{"count":2,"href":"https:\/\/equitherapie-bourgogne.fr\/index.php\/wp-json\/wp\/v2\/tribe_events\/709\/revisions"}],"predecessor-version":[{"id":734,"href":"https:\/\/equitherapie-bourgogne.fr\/index.php\/wp-json\/wp\/v2\/tribe_events\/709\/revisions\/734"}],"wp:featuredmedia":[{"embeddable":true,"href":"https:\/\/equitherapie-bourgogne.fr\/index.php\/wp-json\/wp\/v2\/media\/673"}],"wp:attachment":[{"href":"https:\/\/equitherapie-bourgogne.fr\/index.php\/wp-json\/wp\/v2\/media?parent=709"}],"wp:term":[{"taxonomy":"post_tag","embeddable":true,"href":"https:\/\/equitherapie-bourgogne.fr\/index.php\/wp-json\/wp\/v2\/tags?post=709"},{"taxonomy":"tribe_events_cat","embeddable":true,"href":"https:\/\/equitherapie-bourgogne.fr\/index.php\/wp-json\/wp\/v2\/tribe_events_cat?post=709"}],"curies":[{"name":"wp","href":"https:\/\/api.w.org\/{rel}","templated":true}]}}

Formatrice pour la quatrième semaine de Praticien en Médiation Équine à Cheval Emoi

<!-- This site is optimized with the Yoast SEO plugin v24.7 - https://yoast.com/wordpress/plugins/seo/ -->
<title>Formatrice pour la quatrième semaine de Praticien en Médiation Équine à Cheval Emoi - A Cheval sur Soi</title>
<meta name="robots" content="index, follow, max-snippet:-1, max-image-preview:large, max-video-preview:-1" />
<link rel="canonical" href="https://equitherapie-bourgogne.fr/index.php/agenda/formatrice-quatrieme-semaine-de-praticien-mediation-equine-a-cheval-emoi-2/" />
<meta property="og:locale" content="fr_FR" />
<meta property="og:type" content="article" />
<meta property="og:title" content="Formatrice pour la quatrième semaine de Praticien en Médiation Équine à Cheval Emoi - A Cheval sur Soi" />
<meta property="og:description" content="http://www.cheval-emoi.org/index.php/les-formations" />
<meta property="og:url" content="https://equitherapie-bourgogne.fr/index.php/agenda/formatrice-quatrieme-semaine-de-praticien-mediation-equine-a-cheval-emoi-2/" />
<meta property="og:site_name" content="A Cheval sur Soi" />
<meta property="article:modified_time" content="2018-03-28T09:31:51+00:00" />
<meta property="og:image" content="https://equitherapie-bourgogne.fr/wp-content/uploads/2017/11/IMG_9786.jpg" />
	<meta property="og:image:width" content="2351" />
	<meta property="og:image:height" content="1675" />
	<meta property="og:image:type" content="image/jpeg" />
<meta name="twitter:card" content="summary_large_image" />
<script type="application/ld+json" class="yoast-schema-graph">{"@context":"https://schema.org","@graph":[{"@type":"WebPage","@id":"https://equitherapie-bourgogne.fr/index.php/agenda/formatrice-quatrieme-semaine-de-praticien-mediation-equine-a-cheval-emoi-2/","url":"https://equitherapie-bourgogne.fr/index.php/agenda/formatrice-quatrieme-semaine-de-praticien-mediation-equine-a-cheval-emoi-2/","name":"Formatrice pour la quatrième semaine de Praticien en Médiation Équine à Cheval Emoi - A Cheval sur Soi","isPartOf":{"@id":"https://equitherapie-bourgogne.fr/#website"},"primaryImageOfPage":{"@id":"https://equitherapie-bourgogne.fr/index.php/agenda/formatrice-quatrieme-semaine-de-praticien-mediation-equine-a-cheval-emoi-2/#primaryimage"},"image":{"@id":"https://equitherapie-bourgogne.fr/index.php/agenda/formatrice-quatrieme-semaine-de-praticien-mediation-equine-a-cheval-emoi-2/#primaryimage"},"thumbnailUrl":"https://equitherapie-bourgogne.fr/wp-content/uploads/2017/11/IMG_9786.jpg","datePublished":"2018-02-21T09:55:06+00:00","dateModified":"2018-03-28T09:31:51+00:00","breadcrumb":{"@id":"https://equitherapie-bourgogne.fr/index.php/agenda/formatrice-quatrieme-semaine-de-praticien-mediation-equine-a-cheval-emoi-2/#breadcrumb"},"inLanguage":"fr-FR","potentialAction":[{"@type":"ReadAction","target":["https://equitherapie-bourgogne.fr/index.php/agenda/formatrice-quatrieme-semaine-de-praticien-mediation-equine-a-cheval-emoi-2/"]}]},{"@type":"ImageObject","inLanguage":"fr-FR","@id":"https://equitherapie-bourgogne.fr/index.php/agenda/formatrice-quatrieme-semaine-de-praticien-mediation-equine-a-cheval-emoi-2/#primaryimage","url":"https://equitherapie-bourgogne.fr/wp-content/uploads/2017/11/IMG_9786.jpg","contentUrl":"https://equitherapie-bourgogne.fr/wp-content/uploads/2017/11/IMG_9786.jpg","width":2351,"height":1675},{"@type":"BreadcrumbList","@id":"https://equitherapie-bourgogne.fr/index.php/agenda/formatrice-quatrieme-semaine-de-praticien-mediation-equine-a-cheval-emoi-2/#breadcrumb","itemListElement":[{"@type":"ListItem","position":1,"name":"Accueil","item":"https://equitherapie-bourgogne.fr/"},{"@type":"ListItem","position":2,"name":"Évènements","item":"https://equitherapie-bourgogne.fr/index.php/agenda/"},{"@type":"ListItem","position":3,"name":"Formatrice pour la quatrième semaine de Praticien en Médiation Équine à Cheval Emoi"}]},{"@type":"WebSite","@id":"https://equitherapie-bourgogne.fr/#website","url":"https://equitherapie-bourgogne.fr/","name":"A Cheval sur Soi","description":"CENTRE ÉQUESTRE TRANSDISCIPLINAIRE","potentialAction":[{"@type":"SearchAction","target":{"@type":"EntryPoint","urlTemplate":"https://equitherapie-bourgogne.fr/?s={search_term_string}"},"query-input":{"@type":"PropertyValueSpecification","valueRequired":true,"valueName":"search_term_string"}}],"inLanguage":"fr-FR"}]}</script>
<!-- / Yoast SEO plugin. -->

Formatrice pour la quatrième semaine de Praticien en Médiation Équine à Cheval Emoi - A Cheval sur Soi

Évènements

CENTRE ÉQUESTRE TRANSDISCIPLINAIRE
