{"id":705,"date":"2018-02-21T10:47:52","date_gmt":"2018-02-21T09:47:52","guid":{"rendered":"http:\/\/equitherapie-bourgogne.fr\/?post_type=tribe_events&#038;p=705"},"modified":"2018-02-21T10:47:52","modified_gmt":"2018-02-21T09:47:52","slug":"stage-equitation-symbolique","status":"publish","type":"tribe_events","link":"https:\/\/equitherapie-bourgogne.fr\/index.php\/agenda\/stage-equitation-symbolique\/","title":{"rendered":"Stage Equitation Symbolique"},"content":{"rendered":"<p>A la recherche d\u2019un mieux \u00eatre, d\u2019une meilleure compr\u00e9hension de soi et des autres, le cheval est l\u2019une des portes d\u2019entr\u00e9e qui peut nous ouvrir\u00a0 au monde.<br \/>\nNotre nature profonde est celle de la cr\u00e9ativit\u00e9. Comment, au sein d\u2019une civilisation bouscul\u00e9e o\u00f9 tout semble s\u2019effondrer, le cheval peut nous aider \u00e0 retrouver cet \u00e9lan salvateur?<br \/>\nDes stages sont organis\u00e9s sur une ou deux journ\u00e9es (voir plus, \u00e0 la demande) afin de vous amener sur ce chemin, et vous faire prendre conscience du potentiel que le cheval porte en lui afin de r\u00e9v\u00e9ler le v\u00f4tre.<\/p>\n<p>&nbsp;<\/p>\n<p><img loading=\"lazy\" decoding=\"async\" class=\"alignnone size-full wp-image-330\" src=\"http:\/\/equitherapie-bourgogne.fr\/wp-content\/uploads\/2016\/09\/Equitation-sensitive-3.jpg\" alt=\"Equitation sensitive (3)\" width=\"800\" height=\"600\" data-id=\"330\" srcset=\"https:\/\/equitherapie-bourgogne.fr\/wp-content\/uploads\/2016\/09\/Equitation-sensitive-3.jpg 800w, https:\/\/equitherapie-bourgogne.fr\/wp-content\/uploads\/2016\/09\/Equitation-sensitive-3-768x576.jpg 768w, https:\/\/equitherapie-bourgogne.fr\/wp-content\/uploads\/2016\/09\/Equitation-sensitive-3-693x520.jpg 693w\" sizes=\"auto, (max-width: 800px) 100vw, 800px\" \/><\/p>\n","protected":false},"excerpt":{"rendered":"<p>A la recherche d\u2019un mieux \u00eatre, d\u2019une meilleure compr\u00e9hension de soi et des autres, le cheval est l\u2019une des portes d\u2019entr\u00e9e qui peut nous ouvrir\u00a0 au monde. Notre nature profonde est celle de la cr\u00e9ativit\u00e9. Comment, au sein d\u2019une civilisation&#8230;<br \/><a class=\"read-more-button\" href=\"https:\/\/equitherapie-bourgogne.fr\/index.php\/agenda\/stage-equitation-symbolique\/\">Savoir plus<\/a><\/p>\n","protected":false},"author":1,"featured_media":330,"comment_status":"open","ping_status":"closed","template":"","meta":{"_tribe_events_status":"","_tribe_events_status_reason":"","footnotes":""},"tags":[],"tribe_events_cat":[11],"class_list":["post-705","tribe_events","type-tribe_events","status-publish","has-post-thumbnail","hentry","tribe_events_cat-stages-et-formations","cat_stages-et-formations"],"yoast_head":"<!-- This site is optimized with the Yoast SEO plugin v24.7 - https:\/\/yoast.com\/wordpress\/plugins\/seo\/ -->\n<title>Stage Equitation Symbolique - A Cheval sur Soi<\/title>\n<meta name=\"robots\" content=\"index, follow, max-snippet:-1, max-image-preview:large, max-video-preview:-1\" \/>\n<link rel=\"canonical\" href=\"https:\/\/equitherapie-bourgogne.fr\/index.php\/agenda\/stage-equitation-symbolique\/\" \/>\n<meta property=\"og:locale\" content=\"fr_FR\" \/>\n<meta property=\"og:type\" content=\"article\" \/>\n<meta property=\"og:title\" content=\"Stage Equitation Symbolique - A Cheval sur Soi\" \/>\n<meta property=\"og:description\" content=\"A la recherche d\u2019un mieux \u00eatre, d\u2019une meilleure compr\u00e9hension de soi et des autres, le cheval est l\u2019une des portes d\u2019entr\u00e9e qui peut nous ouvrir\u00a0 au monde. Notre nature profonde est celle de la cr\u00e9ativit\u00e9. Comment, au sein d\u2019une civilisation...Savoir plus\" \/>\n<meta property=\"og:url\" content=\"https:\/\/equitherapie-bourgogne.fr\/index.php\/agenda\/stage-equitation-symbolique\/\" \/>\n<meta property=\"og:site_name\" content=\"A Cheval sur Soi\" \/>\n<meta property=\"og:image\" content=\"https:\/\/equitherapie-bourgogne.fr\/wp-content\/uploads\/2016\/09\/Equitation-sensitive-3.jpg\" \/>\n\t<meta property=\"og:image:width\" content=\"800\" \/>\n\t<meta property=\"og:image:height\" content=\"600\" \/>\n\t<meta property=\"og:image:type\" content=\"image\/jpeg\" \/>\n<meta name=\"twitter:card\" content=\"summary_large_image\" \/>\n<meta name=\"twitter:label1\" content=\"Dur\u00e9e de lecture estim\u00e9e\" \/>\n\t<meta name=\"twitter:data1\" content=\"1 minute\" \/>\n<script type=\"application\/ld+json\" class=\"yoast-schema-graph\">{\"@context\":\"https:\/\/schema.org\",\"@graph\":[{\"@type\":\"WebPage\",\"@id\":\"https:\/\/equitherapie-bourgogne.fr\/index.php\/agenda\/stage-equitation-symbolique\/\",\"url\":\"https:\/\/equitherapie-bourgogne.fr\/index.php\/agenda\/stage-equitation-symbolique\/\",\"name\":\"Stage Equitation Symbolique - A Cheval sur Soi\",\"isPartOf\":{\"@id\":\"https:\/\/equitherapie-bourgogne.fr\/#website\"},\"primaryImageOfPage\":{\"@id\":\"https:\/\/equitherapie-bourgogne.fr\/index.php\/agenda\/stage-equitation-symbolique\/#primaryimage\"},\"image\":{\"@id\":\"https:\/\/equitherapie-bourgogne.fr\/index.php\/agenda\/stage-equitation-symbolique\/#primaryimage\"},\"thumbnailUrl\":\"https:\/\/equitherapie-bourgogne.fr\/wp-content\/uploads\/2016\/09\/Equitation-sensitive-3.jpg\",\"datePublished\":\"2018-02-21T09:47:52+00:00\",\"breadcrumb\":{\"@id\":\"https:\/\/equitherapie-bourgogne.fr\/index.php\/agenda\/stage-equitation-symbolique\/#breadcrumb\"},\"inLanguage\":\"fr-FR\",\"potentialAction\":[{\"@type\":\"ReadAction\",\"target\":[\"https:\/\/equitherapie-bourgogne.fr\/index.php\/agenda\/stage-equitation-symbolique\/\"]}]},{\"@type\":\"ImageObject\",\"inLanguage\":\"fr-FR\",\"@id\":\"https:\/\/equitherapie-bourgogne.fr\/index.php\/agenda\/stage-equitation-symbolique\/#primaryimage\",\"url\":\"https:\/\/equitherapie-bourgogne.fr\/wp-content\/uploads\/2016\/09\/Equitation-sensitive-3.jpg\",\"contentUrl\":\"https:\/\/equitherapie-bourgogne.fr\/wp-content\/uploads\/2016\/09\/Equitation-sensitive-3.jpg\",\"width\":800,\"height\":600},{\"@type\":\"BreadcrumbList\",\"@id\":\"https:\/\/equitherapie-bourgogne.fr\/index.php\/agenda\/stage-equitation-symbolique\/#breadcrumb\",\"itemListElement\":[{\"@type\":\"ListItem\",\"position\":1,\"name\":\"Accueil\",\"item\":\"https:\/\/equitherapie-bourgogne.fr\/\"},{\"@type\":\"ListItem\",\"position\":2,\"name\":\"\u00c9v\u00e8nements\",\"item\":\"https:\/\/equitherapie-bourgogne.fr\/index.php\/agenda\/\"},{\"@type\":\"ListItem\",\"position\":3,\"name\":\"Stage Equitation Symbolique\"}]},{\"@type\":\"WebSite\",\"@id\":\"https:\/\/equitherapie-bourgogne.fr\/#website\",\"url\":\"https:\/\/equitherapie-bourgogne.fr\/\",\"name\":\"A Cheval sur Soi\",\"description\":\"CENTRE \u00c9QUESTRE TRANSDISCIPLINAIRE\",\"potentialAction\":[{\"@type\":\"SearchAction\",\"target\":{\"@type\":\"EntryPoint\",\"urlTemplate\":\"https:\/\/equitherapie-bourgogne.fr\/?s={search_term_string}\"},\"query-input\":{\"@type\":\"PropertyValueSpecification\",\"valueRequired\":true,\"valueName\":\"search_term_string\"}}],\"inLanguage\":\"fr-FR\"}]}<\/script>\n<!-- \/ Yoast SEO plugin. -->","yoast_head_json":{"title":"Stage Equitation Symbolique - A Cheval sur Soi","robots":{"index":"index","follow":"follow","max-snippet":"max-snippet:-1","max-image-preview":"max-image-preview:large","max-video-preview":"max-video-preview:-1"},"canonical":"https:\/\/equitherapie-bourgogne.fr\/index.php\/agenda\/stage-equitation-symbolique\/","og_locale":"fr_FR","og_type":"article","og_title":"Stage Equitation Symbolique - A Cheval sur Soi","og_description":"A la recherche d\u2019un mieux \u00eatre, d\u2019une meilleure compr\u00e9hension de soi et des autres, le cheval est l\u2019une des portes d\u2019entr\u00e9e qui peut nous ouvrir\u00a0 au monde. Notre nature profonde est celle de la cr\u00e9ativit\u00e9. Comment, au sein d\u2019une civilisation...Savoir plus","og_url":"https:\/\/equitherapie-bourgogne.fr\/index.php\/agenda\/stage-equitation-symbolique\/","og_site_name":"A Cheval sur Soi","og_image":[{"width":800,"height":600,"url":"https:\/\/equitherapie-bourgogne.fr\/wp-content\/uploads\/2016\/09\/Equitation-sensitive-3.jpg","type":"image\/jpeg"}],"twitter_card":"summary_large_image","twitter_misc":{"Dur\u00e9e de lecture estim\u00e9e":"1 minute"},"schema":{"@context":"https:\/\/schema.org","@graph":[{"@type":"WebPage","@id":"https:\/\/equitherapie-bourgogne.fr\/index.php\/agenda\/stage-equitation-symbolique\/","url":"https:\/\/equitherapie-bourgogne.fr\/index.php\/agenda\/stage-equitation-symbolique\/","name":"Stage Equitation Symbolique - A Cheval sur Soi","isPartOf":{"@id":"https:\/\/equitherapie-bourgogne.fr\/#website"},"primaryImageOfPage":{"@id":"https:\/\/equitherapie-bourgogne.fr\/index.php\/agenda\/stage-equitation-symbolique\/#primaryimage"},"image":{"@id":"https:\/\/equitherapie-bourgogne.fr\/index.php\/agenda\/stage-equitation-symbolique\/#primaryimage"},"thumbnailUrl":"https:\/\/equitherapie-bourgogne.fr\/wp-content\/uploads\/2016\/09\/Equitation-sensitive-3.jpg","datePublished":"2018-02-21T09:47:52+00:00","breadcrumb":{"@id":"https:\/\/equitherapie-bourgogne.fr\/index.php\/agenda\/stage-equitation-symbolique\/#breadcrumb"},"inLanguage":"fr-FR","potentialAction":[{"@type":"ReadAction","target":["https:\/\/equitherapie-bourgogne.fr\/index.php\/agenda\/stage-equitation-symbolique\/"]}]},{"@type":"ImageObject","inLanguage":"fr-FR","@id":"https:\/\/equitherapie-bourgogne.fr\/index.php\/agenda\/stage-equitation-symbolique\/#primaryimage","url":"https:\/\/equitherapie-bourgogne.fr\/wp-content\/uploads\/2016\/09\/Equitation-sensitive-3.jpg","contentUrl":"https:\/\/equitherapie-bourgogne.fr\/wp-content\/uploads\/2016\/09\/Equitation-sensitive-3.jpg","width":800,"height":600},{"@type":"BreadcrumbList","@id":"https:\/\/equitherapie-bourgogne.fr\/index.php\/agenda\/stage-equitation-symbolique\/#breadcrumb","itemListElement":[{"@type":"ListItem","position":1,"name":"Accueil","item":"https:\/\/equitherapie-bourgogne.fr\/"},{"@type":"ListItem","position":2,"name":"\u00c9v\u00e8nements","item":"https:\/\/equitherapie-bourgogne.fr\/index.php\/agenda\/"},{"@type":"ListItem","position":3,"name":"Stage Equitation Symbolique"}]},{"@type":"WebSite","@id":"https:\/\/equitherapie-bourgogne.fr\/#website","url":"https:\/\/equitherapie-bourgogne.fr\/","name":"A Cheval sur Soi","description":"CENTRE \u00c9QUESTRE TRANSDISCIPLINAIRE","potentialAction":[{"@type":"SearchAction","target":{"@type":"EntryPoint","urlTemplate":"https:\/\/equitherapie-bourgogne.fr\/?s={search_term_string}"},"query-input":{"@type":"PropertyValueSpecification","valueRequired":true,"valueName":"search_term_string"}}],"inLanguage":"fr-FR"}]}},"_links":{"self":[{"href":"https:\/\/equitherapie-bourgogne.fr\/index.php\/wp-json\/wp\/v2\/tribe_events\/705","targetHints":{"allow":["GET"]}}],"collection":[{"href":"https:\/\/equitherapie-bourgogne.fr\/index.php\/wp-json\/wp\/v2\/tribe_events"}],"about":[{"href":"https:\/\/equitherapie-bourgogne.fr\/index.php\/wp-json\/wp\/v2\/types\/tribe_events"}],"author":[{"embeddable":true,"href":"https:\/\/equitherapie-bourgogne.fr\/index.php\/wp-json\/wp\/v2\/users\/1"}],"replies":[{"embeddable":true,"href":"https:\/\/equitherapie-bourgogne.fr\/index.php\/wp-json\/wp\/v2\/comments?post=705"}],"version-history":[{"count":1,"href":"https:\/\/equitherapie-bourgogne.fr\/index.php\/wp-json\/wp\/v2\/tribe_events\/705\/revisions"}],"predecessor-version":[{"id":706,"href":"https:\/\/equitherapie-bourgogne.fr\/index.php\/wp-json\/wp\/v2\/tribe_events\/705\/revisions\/706"}],"wp:featuredmedia":[{"embeddable":true,"href":"https:\/\/equitherapie-bourgogne.fr\/index.php\/wp-json\/wp\/v2\/media\/330"}],"wp:attachment":[{"href":"https:\/\/equitherapie-bourgogne.fr\/index.php\/wp-json\/wp\/v2\/media?parent=705"}],"wp:term":[{"taxonomy":"post_tag","embeddable":true,"href":"https:\/\/equitherapie-bourgogne.fr\/index.php\/wp-json\/wp\/v2\/tags?post=705"},{"taxonomy":"tribe_events_cat","embeddable":true,"href":"https:\/\/equitherapie-bourgogne.fr\/index.php\/wp-json\/wp\/v2\/tribe_events_cat?post=705"}],"curies":[{"name":"wp","href":"https:\/\/api.w.org\/{rel}","templated":true}]}}

<p>A la recherche d’un mieux être, d’une meilleure compréhension de soi et des autres, le cheval est l’une des portes d’entrée qui peut nous ouvrir  au monde.<br />
Notre nature profonde est celle de la créativité. Comment, au sein d’une civilisation bousculée où tout semble s’effondrer, le cheval peut nous aider à retrouver cet élan salvateur?<br />
Des stages sont organisés sur une ou deux journées (voir plus, à la demande) afin de vous amener sur ce chemin, et vous faire prendre conscience du potentiel que le cheval porte en lui afin de révéler le vôtre.</p>
<p>&nbsp;</p>
<p><img loading="lazy" decoding="async" class="alignnone size-full wp-image-330" src="http://equitherapie-bourgogne.fr/wp-content/uploads/2016/09/Equitation-sensitive-3.jpg" alt="Equitation sensitive (3)" width="800" height="600" data-id="330" srcset="https://equitherapie-bourgogne.fr/wp-content/uploads/2016/09/Equitation-sensitive-3.jpg 800w, https://equitherapie-bourgogne.fr/wp-content/uploads/2016/09/Equitation-sensitive-3-768x576.jpg 768w, https://equitherapie-bourgogne.fr/wp-content/uploads/2016/09/Equitation-sensitive-3-693x520.jpg 693w" sizes="auto, (max-width: 800px) 100vw, 800px" /></p>

<p>A la recherche d’un mieux être, d’une meilleure compréhension de soi et des autres, le cheval est l’une des portes d’entrée qui peut nous ouvrir  au monde. Notre nature profonde est celle de la créativité. Comment, au sein d’une civilisation&#8230;<br /><a class="read-more-button" href="https://equitherapie-bourgogne.fr/index.php/agenda/stage-equitation-symbolique/">Savoir plus</a></p>

<!-- This site is optimized with the Yoast SEO plugin v24.7 - https://yoast.com/wordpress/plugins/seo/ -->
<title>Stage Equitation Symbolique - A Cheval sur Soi</title>
<meta name="robots" content="index, follow, max-snippet:-1, max-image-preview:large, max-video-preview:-1" />
<link rel="canonical" href="https://equitherapie-bourgogne.fr/index.php/agenda/stage-equitation-symbolique/" />
<meta property="og:locale" content="fr_FR" />
<meta property="og:type" content="article" />
<meta property="og:title" content="Stage Equitation Symbolique - A Cheval sur Soi" />
<meta property="og:description" content="A la recherche d’un mieux être, d’une meilleure compréhension de soi et des autres, le cheval est l’une des portes d’entrée qui peut nous ouvrir  au monde. Notre nature profonde est celle de la créativité. Comment, au sein d’une civilisation...Savoir plus" />
<meta property="og:url" content="https://equitherapie-bourgogne.fr/index.php/agenda/stage-equitation-symbolique/" />
<meta property="og:site_name" content="A Cheval sur Soi" />
<meta property="og:image" content="https://equitherapie-bourgogne.fr/wp-content/uploads/2016/09/Equitation-sensitive-3.jpg" />
	<meta property="og:image:width" content="800" />
	<meta property="og:image:height" content="600" />
	<meta property="og:image:type" content="image/jpeg" />
<meta name="twitter:card" content="summary_large_image" />
<meta name="twitter:label1" content="Durée de lecture estimée" />
	<meta name="twitter:data1" content="1 minute" />
<script type="application/ld+json" class="yoast-schema-graph">{"@context":"https://schema.org","@graph":[{"@type":"WebPage","@id":"https://equitherapie-bourgogne.fr/index.php/agenda/stage-equitation-symbolique/","url":"https://equitherapie-bourgogne.fr/index.php/agenda/stage-equitation-symbolique/","name":"Stage Equitation Symbolique - A Cheval sur Soi","isPartOf":{"@id":"https://equitherapie-bourgogne.fr/#website"},"primaryImageOfPage":{"@id":"https://equitherapie-bourgogne.fr/index.php/agenda/stage-equitation-symbolique/#primaryimage"},"image":{"@id":"https://equitherapie-bourgogne.fr/index.php/agenda/stage-equitation-symbolique/#primaryimage"},"thumbnailUrl":"https://equitherapie-bourgogne.fr/wp-content/uploads/2016/09/Equitation-sensitive-3.jpg","datePublished":"2018-02-21T09:47:52+00:00","breadcrumb":{"@id":"https://equitherapie-bourgogne.fr/index.php/agenda/stage-equitation-symbolique/#breadcrumb"},"inLanguage":"fr-FR","potentialAction":[{"@type":"ReadAction","target":["https://equitherapie-bourgogne.fr/index.php/agenda/stage-equitation-symbolique/"]}]},{"@type":"ImageObject","inLanguage":"fr-FR","@id":"https://equitherapie-bourgogne.fr/index.php/agenda/stage-equitation-symbolique/#primaryimage","url":"https://equitherapie-bourgogne.fr/wp-content/uploads/2016/09/Equitation-sensitive-3.jpg","contentUrl":"https://equitherapie-bourgogne.fr/wp-content/uploads/2016/09/Equitation-sensitive-3.jpg","width":800,"height":600},{"@type":"BreadcrumbList","@id":"https://equitherapie-bourgogne.fr/index.php/agenda/stage-equitation-symbolique/#breadcrumb","itemListElement":[{"@type":"ListItem","position":1,"name":"Accueil","item":"https://equitherapie-bourgogne.fr/"},{"@type":"ListItem","position":2,"name":"Évènements","item":"https://equitherapie-bourgogne.fr/index.php/agenda/"},{"@type":"ListItem","position":3,"name":"Stage Equitation Symbolique"}]},{"@type":"WebSite","@id":"https://equitherapie-bourgogne.fr/#website","url":"https://equitherapie-bourgogne.fr/","name":"A Cheval sur Soi","description":"CENTRE ÉQUESTRE TRANSDISCIPLINAIRE","potentialAction":[{"@type":"SearchAction","target":{"@type":"EntryPoint","urlTemplate":"https://equitherapie-bourgogne.fr/?s={search_term_string}"},"query-input":{"@type":"PropertyValueSpecification","valueRequired":true,"valueName":"search_term_string"}}],"inLanguage":"fr-FR"}]}</script>
<!-- / Yoast SEO plugin. -->

A la recherche d’un mieux être, d’une meilleure compréhension de soi et des autres, le cheval est l’une des portes d’entrée qui peut nous ouvrir  au monde. Notre nature profonde est celle de la créativité. Comment, au sein d’une civilisation...Savoir plus

Évènements

CENTRE ÉQUESTRE TRANSDISCIPLINAIRE
