{"id":666,"date":"2017-10-27T09:34:42","date_gmt":"2017-10-27T07:34:42","guid":{"rendered":"http:\/\/equitherapie-bourgogne.fr\/?post_type=tribe_events&#038;p=666"},"modified":"2017-10-27T09:34:42","modified_gmt":"2017-10-27T07:34:42","slug":"stage-dim-29-oct-cheval-conscience-corporelle-sensorielle","status":"publish","type":"tribe_events","link":"https:\/\/equitherapie-bourgogne.fr\/index.php\/agenda\/stage-dim-29-oct-cheval-conscience-corporelle-sensorielle\/","title":{"rendered":"Stage dim 29 oct :  Cheval, conscience corporelle et sensorielle."},"content":{"rendered":"<p>Il ne s\u2019agit pas d\u2019\u00e9quitation au sens propre du terme mais de rentrer en contact avec cet animal. Aller \u00e0 sa rencontre au pr\u00e9, au sein de son troupeau familial, go\u00fbter au plaisir d\u2019\u00e9voluer \u00e0 ses cot\u00e9s en libert\u00e9, le toucher et le caresser en toute confiance, sont la base d\u2019une relation de qualit\u00e9 qui vous invite \u00e0 l\u2019\u00e9mergence d\u2019u<span class=\"text_exposed_show\">n nouveau langage corporel<br \/>\nLa partie mont\u00e9e ( non obligatoire, ne n\u00e9cessite aucune exp\u00e9rience \u00e9questre) est l\u00e0 pour exp\u00e9rimenter comment bouge votre corps en relation avec le sien et r\u00e9ciproquement (exp\u00e9rience corporelle du rythme et de la fluidit\u00e9, influence du placement dans l\u2019espace\u2026 ).<br \/>\nEt aussi au travers d\u2019 exercices de centrage, de coordination, d\u2019\u00e9quilibre, de respiration, d\u2019observation, de perception\u2026<br \/>\nTout ceci dans le plaisir et la convivialit\u00e9 d\u2019un moment de partage.<br \/>\nLes modalit\u00e9s pratiques :<br \/>\nHoraires : 9H30\/17H et contact : 06 07 09 99 37 \u00e0 Bard le r\u00e9gulier 21430 16,rue de la tuilerie<br \/>\nCo\u00fbt : 110 euros<br \/>\nRepas partag\u00e9 le midi<br \/>\nVenir dans une tenue laissant le corps confortable avec des chaussures de marche ou de type boots.<br \/>\nAu plaisir de vous rencontrer<br \/>\nNathalie FRILLEY<\/span><img loading=\"lazy\" decoding=\"async\" class=\"alignnone size-full wp-image-667\" src=\"http:\/\/equitherapie-bourgogne.fr\/wp-content\/uploads\/2017\/10\/P1130825.jpg\" alt=\"P1130825\" width=\"3072\" height=\"2304\" data-id=\"667\" srcset=\"https:\/\/equitherapie-bourgogne.fr\/wp-content\/uploads\/2017\/10\/P1130825.jpg 3072w, https:\/\/equitherapie-bourgogne.fr\/wp-content\/uploads\/2017\/10\/P1130825-800x600.jpg 800w, https:\/\/equitherapie-bourgogne.fr\/wp-content\/uploads\/2017\/10\/P1130825-768x576.jpg 768w, https:\/\/equitherapie-bourgogne.fr\/wp-content\/uploads\/2017\/10\/P1130825-693x520.jpg 693w, https:\/\/equitherapie-bourgogne.fr\/wp-content\/uploads\/2017\/10\/P1130825-1170x878.jpg 1170w\" sizes=\"auto, (max-width: 3072px) 100vw, 3072px\" \/><\/p>\n","protected":false},"excerpt":{"rendered":"<p>Il ne s\u2019agit pas d\u2019\u00e9quitation au sens propre du terme mais de rentrer en contact avec cet animal. Aller \u00e0 sa rencontre au pr\u00e9, au sein de son troupeau familial, go\u00fbter au plaisir d\u2019\u00e9voluer \u00e0 ses cot\u00e9s en libert\u00e9, le&#8230;<br \/><a class=\"read-more-button\" href=\"https:\/\/equitherapie-bourgogne.fr\/index.php\/agenda\/stage-dim-29-oct-cheval-conscience-corporelle-sensorielle\/\">Savoir plus<\/a><\/p>\n","protected":false},"author":1,"featured_media":667,"comment_status":"open","ping_status":"closed","template":"","meta":{"_tribe_events_status":"","_tribe_events_status_reason":"","footnotes":""},"tags":[],"tribe_events_cat":[11],"class_list":["post-666","tribe_events","type-tribe_events","status-publish","has-post-thumbnail","hentry","tribe_events_cat-stages-et-formations","cat_stages-et-formations"],"yoast_head":"<!-- This site is optimized with the Yoast SEO plugin v24.7 - https:\/\/yoast.com\/wordpress\/plugins\/seo\/ -->\n<title>Stage dim 29 oct : Cheval, conscience corporelle et sensorielle. - A Cheval sur Soi<\/title>\n<meta name=\"robots\" content=\"index, follow, max-snippet:-1, max-image-preview:large, max-video-preview:-1\" \/>\n<link rel=\"canonical\" href=\"https:\/\/equitherapie-bourgogne.fr\/index.php\/agenda\/stage-dim-29-oct-cheval-conscience-corporelle-sensorielle\/\" \/>\n<meta property=\"og:locale\" content=\"fr_FR\" \/>\n<meta property=\"og:type\" content=\"article\" \/>\n<meta property=\"og:title\" content=\"Stage dim 29 oct : Cheval, conscience corporelle et sensorielle. - A Cheval sur Soi\" \/>\n<meta property=\"og:description\" content=\"Il ne s\u2019agit pas d\u2019\u00e9quitation au sens propre du terme mais de rentrer en contact avec cet animal. Aller \u00e0 sa rencontre au pr\u00e9, au sein de son troupeau familial, go\u00fbter au plaisir d\u2019\u00e9voluer \u00e0 ses cot\u00e9s en libert\u00e9, le...Savoir plus\" \/>\n<meta property=\"og:url\" content=\"https:\/\/equitherapie-bourgogne.fr\/index.php\/agenda\/stage-dim-29-oct-cheval-conscience-corporelle-sensorielle\/\" \/>\n<meta property=\"og:site_name\" content=\"A Cheval sur Soi\" \/>\n<meta property=\"og:image\" content=\"https:\/\/equitherapie-bourgogne.fr\/wp-content\/uploads\/2017\/10\/P1130825-693x520.jpg\" \/>\n\t<meta property=\"og:image:width\" content=\"693\" \/>\n\t<meta property=\"og:image:height\" content=\"520\" \/>\n\t<meta property=\"og:image:type\" content=\"image\/jpeg\" \/>\n<meta name=\"twitter:card\" content=\"summary_large_image\" \/>\n<meta name=\"twitter:label1\" content=\"Dur\u00e9e de lecture estim\u00e9e\" \/>\n\t<meta name=\"twitter:data1\" content=\"1 minute\" \/>\n<script type=\"application\/ld+json\" class=\"yoast-schema-graph\">{\"@context\":\"https:\/\/schema.org\",\"@graph\":[{\"@type\":\"WebPage\",\"@id\":\"https:\/\/equitherapie-bourgogne.fr\/index.php\/agenda\/stage-dim-29-oct-cheval-conscience-corporelle-sensorielle\/\",\"url\":\"https:\/\/equitherapie-bourgogne.fr\/index.php\/agenda\/stage-dim-29-oct-cheval-conscience-corporelle-sensorielle\/\",\"name\":\"Stage dim 29 oct : Cheval, conscience corporelle et sensorielle. - A Cheval sur Soi\",\"isPartOf\":{\"@id\":\"https:\/\/equitherapie-bourgogne.fr\/#website\"},\"primaryImageOfPage\":{\"@id\":\"https:\/\/equitherapie-bourgogne.fr\/index.php\/agenda\/stage-dim-29-oct-cheval-conscience-corporelle-sensorielle\/#primaryimage\"},\"image\":{\"@id\":\"https:\/\/equitherapie-bourgogne.fr\/index.php\/agenda\/stage-dim-29-oct-cheval-conscience-corporelle-sensorielle\/#primaryimage\"},\"thumbnailUrl\":\"https:\/\/equitherapie-bourgogne.fr\/wp-content\/uploads\/2017\/10\/P1130825.jpg\",\"datePublished\":\"2017-10-27T07:34:42+00:00\",\"breadcrumb\":{\"@id\":\"https:\/\/equitherapie-bourgogne.fr\/index.php\/agenda\/stage-dim-29-oct-cheval-conscience-corporelle-sensorielle\/#breadcrumb\"},\"inLanguage\":\"fr-FR\",\"potentialAction\":[{\"@type\":\"ReadAction\",\"target\":[\"https:\/\/equitherapie-bourgogne.fr\/index.php\/agenda\/stage-dim-29-oct-cheval-conscience-corporelle-sensorielle\/\"]}]},{\"@type\":\"ImageObject\",\"inLanguage\":\"fr-FR\",\"@id\":\"https:\/\/equitherapie-bourgogne.fr\/index.php\/agenda\/stage-dim-29-oct-cheval-conscience-corporelle-sensorielle\/#primaryimage\",\"url\":\"https:\/\/equitherapie-bourgogne.fr\/wp-content\/uploads\/2017\/10\/P1130825.jpg\",\"contentUrl\":\"https:\/\/equitherapie-bourgogne.fr\/wp-content\/uploads\/2017\/10\/P1130825.jpg\",\"width\":3072,\"height\":2304},{\"@type\":\"BreadcrumbList\",\"@id\":\"https:\/\/equitherapie-bourgogne.fr\/index.php\/agenda\/stage-dim-29-oct-cheval-conscience-corporelle-sensorielle\/#breadcrumb\",\"itemListElement\":[{\"@type\":\"ListItem\",\"position\":1,\"name\":\"Accueil\",\"item\":\"https:\/\/equitherapie-bourgogne.fr\/\"},{\"@type\":\"ListItem\",\"position\":2,\"name\":\"\u00c9v\u00e8nements\",\"item\":\"https:\/\/equitherapie-bourgogne.fr\/index.php\/agenda\/\"},{\"@type\":\"ListItem\",\"position\":3,\"name\":\"Stage dim 29 oct : Cheval, conscience corporelle et sensorielle.\"}]},{\"@type\":\"WebSite\",\"@id\":\"https:\/\/equitherapie-bourgogne.fr\/#website\",\"url\":\"https:\/\/equitherapie-bourgogne.fr\/\",\"name\":\"A Cheval sur Soi\",\"description\":\"CENTRE \u00c9QUESTRE TRANSDISCIPLINAIRE\",\"potentialAction\":[{\"@type\":\"SearchAction\",\"target\":{\"@type\":\"EntryPoint\",\"urlTemplate\":\"https:\/\/equitherapie-bourgogne.fr\/?s={search_term_string}\"},\"query-input\":{\"@type\":\"PropertyValueSpecification\",\"valueRequired\":true,\"valueName\":\"search_term_string\"}}],\"inLanguage\":\"fr-FR\"}]}<\/script>\n<!-- \/ Yoast SEO plugin. -->","yoast_head_json":{"title":"Stage dim 29 oct : Cheval, conscience corporelle et sensorielle. - A Cheval sur Soi","robots":{"index":"index","follow":"follow","max-snippet":"max-snippet:-1","max-image-preview":"max-image-preview:large","max-video-preview":"max-video-preview:-1"},"canonical":"https:\/\/equitherapie-bourgogne.fr\/index.php\/agenda\/stage-dim-29-oct-cheval-conscience-corporelle-sensorielle\/","og_locale":"fr_FR","og_type":"article","og_title":"Stage dim 29 oct : Cheval, conscience corporelle et sensorielle. - A Cheval sur Soi","og_description":"Il ne s\u2019agit pas d\u2019\u00e9quitation au sens propre du terme mais de rentrer en contact avec cet animal. Aller \u00e0 sa rencontre au pr\u00e9, au sein de son troupeau familial, go\u00fbter au plaisir d\u2019\u00e9voluer \u00e0 ses cot\u00e9s en libert\u00e9, le...Savoir plus","og_url":"https:\/\/equitherapie-bourgogne.fr\/index.php\/agenda\/stage-dim-29-oct-cheval-conscience-corporelle-sensorielle\/","og_site_name":"A Cheval sur Soi","og_image":[{"width":693,"height":520,"url":"https:\/\/equitherapie-bourgogne.fr\/wp-content\/uploads\/2017\/10\/P1130825-693x520.jpg","type":"image\/jpeg"}],"twitter_card":"summary_large_image","twitter_misc":{"Dur\u00e9e de lecture estim\u00e9e":"1 minute"},"schema":{"@context":"https:\/\/schema.org","@graph":[{"@type":"WebPage","@id":"https:\/\/equitherapie-bourgogne.fr\/index.php\/agenda\/stage-dim-29-oct-cheval-conscience-corporelle-sensorielle\/","url":"https:\/\/equitherapie-bourgogne.fr\/index.php\/agenda\/stage-dim-29-oct-cheval-conscience-corporelle-sensorielle\/","name":"Stage dim 29 oct : Cheval, conscience corporelle et sensorielle. - A Cheval sur Soi","isPartOf":{"@id":"https:\/\/equitherapie-bourgogne.fr\/#website"},"primaryImageOfPage":{"@id":"https:\/\/equitherapie-bourgogne.fr\/index.php\/agenda\/stage-dim-29-oct-cheval-conscience-corporelle-sensorielle\/#primaryimage"},"image":{"@id":"https:\/\/equitherapie-bourgogne.fr\/index.php\/agenda\/stage-dim-29-oct-cheval-conscience-corporelle-sensorielle\/#primaryimage"},"thumbnailUrl":"https:\/\/equitherapie-bourgogne.fr\/wp-content\/uploads\/2017\/10\/P1130825.jpg","datePublished":"2017-10-27T07:34:42+00:00","breadcrumb":{"@id":"https:\/\/equitherapie-bourgogne.fr\/index.php\/agenda\/stage-dim-29-oct-cheval-conscience-corporelle-sensorielle\/#breadcrumb"},"inLanguage":"fr-FR","potentialAction":[{"@type":"ReadAction","target":["https:\/\/equitherapie-bourgogne.fr\/index.php\/agenda\/stage-dim-29-oct-cheval-conscience-corporelle-sensorielle\/"]}]},{"@type":"ImageObject","inLanguage":"fr-FR","@id":"https:\/\/equitherapie-bourgogne.fr\/index.php\/agenda\/stage-dim-29-oct-cheval-conscience-corporelle-sensorielle\/#primaryimage","url":"https:\/\/equitherapie-bourgogne.fr\/wp-content\/uploads\/2017\/10\/P1130825.jpg","contentUrl":"https:\/\/equitherapie-bourgogne.fr\/wp-content\/uploads\/2017\/10\/P1130825.jpg","width":3072,"height":2304},{"@type":"BreadcrumbList","@id":"https:\/\/equitherapie-bourgogne.fr\/index.php\/agenda\/stage-dim-29-oct-cheval-conscience-corporelle-sensorielle\/#breadcrumb","itemListElement":[{"@type":"ListItem","position":1,"name":"Accueil","item":"https:\/\/equitherapie-bourgogne.fr\/"},{"@type":"ListItem","position":2,"name":"\u00c9v\u00e8nements","item":"https:\/\/equitherapie-bourgogne.fr\/index.php\/agenda\/"},{"@type":"ListItem","position":3,"name":"Stage dim 29 oct : Cheval, conscience corporelle et sensorielle."}]},{"@type":"WebSite","@id":"https:\/\/equitherapie-bourgogne.fr\/#website","url":"https:\/\/equitherapie-bourgogne.fr\/","name":"A Cheval sur Soi","description":"CENTRE \u00c9QUESTRE TRANSDISCIPLINAIRE","potentialAction":[{"@type":"SearchAction","target":{"@type":"EntryPoint","urlTemplate":"https:\/\/equitherapie-bourgogne.fr\/?s={search_term_string}"},"query-input":{"@type":"PropertyValueSpecification","valueRequired":true,"valueName":"search_term_string"}}],"inLanguage":"fr-FR"}]}},"_links":{"self":[{"href":"https:\/\/equitherapie-bourgogne.fr\/index.php\/wp-json\/wp\/v2\/tribe_events\/666","targetHints":{"allow":["GET"]}}],"collection":[{"href":"https:\/\/equitherapie-bourgogne.fr\/index.php\/wp-json\/wp\/v2\/tribe_events"}],"about":[{"href":"https:\/\/equitherapie-bourgogne.fr\/index.php\/wp-json\/wp\/v2\/types\/tribe_events"}],"author":[{"embeddable":true,"href":"https:\/\/equitherapie-bourgogne.fr\/index.php\/wp-json\/wp\/v2\/users\/1"}],"replies":[{"embeddable":true,"href":"https:\/\/equitherapie-bourgogne.fr\/index.php\/wp-json\/wp\/v2\/comments?post=666"}],"version-history":[{"count":1,"href":"https:\/\/equitherapie-bourgogne.fr\/index.php\/wp-json\/wp\/v2\/tribe_events\/666\/revisions"}],"predecessor-version":[{"id":668,"href":"https:\/\/equitherapie-bourgogne.fr\/index.php\/wp-json\/wp\/v2\/tribe_events\/666\/revisions\/668"}],"wp:featuredmedia":[{"embeddable":true,"href":"https:\/\/equitherapie-bourgogne.fr\/index.php\/wp-json\/wp\/v2\/media\/667"}],"wp:attachment":[{"href":"https:\/\/equitherapie-bourgogne.fr\/index.php\/wp-json\/wp\/v2\/media?parent=666"}],"wp:term":[{"taxonomy":"post_tag","embeddable":true,"href":"https:\/\/equitherapie-bourgogne.fr\/index.php\/wp-json\/wp\/v2\/tags?post=666"},{"taxonomy":"tribe_events_cat","embeddable":true,"href":"https:\/\/equitherapie-bourgogne.fr\/index.php\/wp-json\/wp\/v2\/tribe_events_cat?post=666"}],"curies":[{"name":"wp","href":"https:\/\/api.w.org\/{rel}","templated":true}]}}

<p>Il ne s’agit pas d’équitation au sens propre du terme mais de rentrer en contact avec cet animal. Aller à sa rencontre au pré, au sein de son troupeau familial, goûter au plaisir d’évoluer à ses cotés en liberté, le toucher et le caresser en toute confiance, sont la base d’une relation de qualité qui vous invite à l’émergence d’u<span class="text_exposed_show">n nouveau langage corporel<br />
La partie montée ( non obligatoire, ne nécessite aucune expérience équestre) est là pour expérimenter comment bouge votre corps en relation avec le sien et réciproquement (expérience corporelle du rythme et de la fluidité, influence du placement dans l’espace… ).<br />
Et aussi au travers d’ exercices de centrage, de coordination, d’équilibre, de respiration, d’observation, de perception…<br />
Tout ceci dans le plaisir et la convivialité d’un moment de partage.<br />
Les modalités pratiques :<br />
Horaires : 9H30/17H et contact : 06 07 09 99 37 à Bard le régulier 21430 16,rue de la tuilerie<br />
Coût : 110 euros<br />
Repas partagé le midi<br />
Venir dans une tenue laissant le corps confortable avec des chaussures de marche ou de type boots.<br />
Au plaisir de vous rencontrer<br />
Nathalie FRILLEY</span><img loading="lazy" decoding="async" class="alignnone size-full wp-image-667" src="http://equitherapie-bourgogne.fr/wp-content/uploads/2017/10/P1130825.jpg" alt="P1130825" width="3072" height="2304" data-id="667" srcset="https://equitherapie-bourgogne.fr/wp-content/uploads/2017/10/P1130825.jpg 3072w, https://equitherapie-bourgogne.fr/wp-content/uploads/2017/10/P1130825-800x600.jpg 800w, https://equitherapie-bourgogne.fr/wp-content/uploads/2017/10/P1130825-768x576.jpg 768w, https://equitherapie-bourgogne.fr/wp-content/uploads/2017/10/P1130825-693x520.jpg 693w, https://equitherapie-bourgogne.fr/wp-content/uploads/2017/10/P1130825-1170x878.jpg 1170w" sizes="auto, (max-width: 3072px) 100vw, 3072px" /></p>

<p>Il ne s’agit pas d’équitation au sens propre du terme mais de rentrer en contact avec cet animal. Aller à sa rencontre au pré, au sein de son troupeau familial, goûter au plaisir d’évoluer à ses cotés en liberté, le&#8230;<br /><a class="read-more-button" href="https://equitherapie-bourgogne.fr/index.php/agenda/stage-dim-29-oct-cheval-conscience-corporelle-sensorielle/">Savoir plus</a></p>

<!-- This site is optimized with the Yoast SEO plugin v24.7 - https://yoast.com/wordpress/plugins/seo/ -->
<title>Stage dim 29 oct : Cheval, conscience corporelle et sensorielle. - A Cheval sur Soi</title>
<meta name="robots" content="index, follow, max-snippet:-1, max-image-preview:large, max-video-preview:-1" />
<link rel="canonical" href="https://equitherapie-bourgogne.fr/index.php/agenda/stage-dim-29-oct-cheval-conscience-corporelle-sensorielle/" />
<meta property="og:locale" content="fr_FR" />
<meta property="og:type" content="article" />
<meta property="og:title" content="Stage dim 29 oct : Cheval, conscience corporelle et sensorielle. - A Cheval sur Soi" />
<meta property="og:description" content="Il ne s’agit pas d’équitation au sens propre du terme mais de rentrer en contact avec cet animal. Aller à sa rencontre au pré, au sein de son troupeau familial, goûter au plaisir d’évoluer à ses cotés en liberté, le...Savoir plus" />
<meta property="og:url" content="https://equitherapie-bourgogne.fr/index.php/agenda/stage-dim-29-oct-cheval-conscience-corporelle-sensorielle/" />
<meta property="og:site_name" content="A Cheval sur Soi" />
<meta property="og:image" content="https://equitherapie-bourgogne.fr/wp-content/uploads/2017/10/P1130825-693x520.jpg" />
	<meta property="og:image:width" content="693" />
	<meta property="og:image:height" content="520" />
	<meta property="og:image:type" content="image/jpeg" />
<meta name="twitter:card" content="summary_large_image" />
<meta name="twitter:label1" content="Durée de lecture estimée" />
	<meta name="twitter:data1" content="1 minute" />
<script type="application/ld+json" class="yoast-schema-graph">{"@context":"https://schema.org","@graph":[{"@type":"WebPage","@id":"https://equitherapie-bourgogne.fr/index.php/agenda/stage-dim-29-oct-cheval-conscience-corporelle-sensorielle/","url":"https://equitherapie-bourgogne.fr/index.php/agenda/stage-dim-29-oct-cheval-conscience-corporelle-sensorielle/","name":"Stage dim 29 oct : Cheval, conscience corporelle et sensorielle. - A Cheval sur Soi","isPartOf":{"@id":"https://equitherapie-bourgogne.fr/#website"},"primaryImageOfPage":{"@id":"https://equitherapie-bourgogne.fr/index.php/agenda/stage-dim-29-oct-cheval-conscience-corporelle-sensorielle/#primaryimage"},"image":{"@id":"https://equitherapie-bourgogne.fr/index.php/agenda/stage-dim-29-oct-cheval-conscience-corporelle-sensorielle/#primaryimage"},"thumbnailUrl":"https://equitherapie-bourgogne.fr/wp-content/uploads/2017/10/P1130825.jpg","datePublished":"2017-10-27T07:34:42+00:00","breadcrumb":{"@id":"https://equitherapie-bourgogne.fr/index.php/agenda/stage-dim-29-oct-cheval-conscience-corporelle-sensorielle/#breadcrumb"},"inLanguage":"fr-FR","potentialAction":[{"@type":"ReadAction","target":["https://equitherapie-bourgogne.fr/index.php/agenda/stage-dim-29-oct-cheval-conscience-corporelle-sensorielle/"]}]},{"@type":"ImageObject","inLanguage":"fr-FR","@id":"https://equitherapie-bourgogne.fr/index.php/agenda/stage-dim-29-oct-cheval-conscience-corporelle-sensorielle/#primaryimage","url":"https://equitherapie-bourgogne.fr/wp-content/uploads/2017/10/P1130825.jpg","contentUrl":"https://equitherapie-bourgogne.fr/wp-content/uploads/2017/10/P1130825.jpg","width":3072,"height":2304},{"@type":"BreadcrumbList","@id":"https://equitherapie-bourgogne.fr/index.php/agenda/stage-dim-29-oct-cheval-conscience-corporelle-sensorielle/#breadcrumb","itemListElement":[{"@type":"ListItem","position":1,"name":"Accueil","item":"https://equitherapie-bourgogne.fr/"},{"@type":"ListItem","position":2,"name":"Évènements","item":"https://equitherapie-bourgogne.fr/index.php/agenda/"},{"@type":"ListItem","position":3,"name":"Stage dim 29 oct : Cheval, conscience corporelle et sensorielle."}]},{"@type":"WebSite","@id":"https://equitherapie-bourgogne.fr/#website","url":"https://equitherapie-bourgogne.fr/","name":"A Cheval sur Soi","description":"CENTRE ÉQUESTRE TRANSDISCIPLINAIRE","potentialAction":[{"@type":"SearchAction","target":{"@type":"EntryPoint","urlTemplate":"https://equitherapie-bourgogne.fr/?s={search_term_string}"},"query-input":{"@type":"PropertyValueSpecification","valueRequired":true,"valueName":"search_term_string"}}],"inLanguage":"fr-FR"}]}</script>
<!-- / Yoast SEO plugin. -->

Il ne s’agit pas d’équitation au sens propre du terme mais de rentrer en contact avec cet animal. Aller à sa rencontre au pré, au sein de son troupeau familial, goûter au plaisir d’évoluer à ses cotés en liberté, le...Savoir plus

Évènements

CENTRE ÉQUESTRE TRANSDISCIPLINAIRE
