{"id":297,"date":"2017-04-28T13:56:19","date_gmt":"2017-04-28T11:56:19","guid":{"rendered":"http:\/\/equitherapie-bourgogne.fr\/?post_type=tribe_events&#038;p=297"},"modified":"2017-04-28T13:56:19","modified_gmt":"2017-04-28T11:56:19","slug":"master-intervencion-terapeutica-asistida-con-caballos","status":"publish","type":"tribe_events","link":"https:\/\/equitherapie-bourgogne.fr\/index.php\/agenda\/master-intervencion-terapeutica-asistida-con-caballos\/","title":{"rendered":"M\u00e1ster en Intervenci\u00f3n Terap\u00e9utica asistida con Caballos"},"content":{"rendered":"<p><span style=\"color: #000000;\">Collaboration avec l&rsquo;uni<span style=\"font-family: Cambria,serif;\"><span style=\"font-size: medium;\">versit\u00e9 de Gironne en Espagne pour le <\/span><\/span><span style=\"font-family: Cambria,serif;\"><span style=\"font-size: medium;\">M\u00e1ster en Intervenci\u00f3n Terap\u00e9utica asistida con Caballos<\/span><\/span> <\/span><\/p>\n","protected":false},"excerpt":{"rendered":"<p>Collaboration avec l&rsquo;universit\u00e9 de Gironne en Espagne pour le M\u00e1ster en Intervenci\u00f3n Terap\u00e9utica asistida con Caballos<\/p>\n","protected":false},"author":1,"featured_media":0,"comment_status":"open","ping_status":"closed","template":"","meta":{"_tribe_events_status":"","_tribe_events_status_reason":"","footnotes":""},"tags":[],"tribe_events_cat":[3],"class_list":["post-297","tribe_events","type-tribe_events","status-publish","hentry","tribe_events_cat-interventions-exterieures","cat_interventions-exterieures"],"yoast_head":"<!-- This site is optimized with the Yoast SEO plugin v24.7 - https:\/\/yoast.com\/wordpress\/plugins\/seo\/ -->\n<title>M\u00e1ster en Intervenci\u00f3n Terap\u00e9utica asistida con Caballos - A Cheval sur Soi<\/title>\n<meta name=\"robots\" content=\"index, follow, max-snippet:-1, max-image-preview:large, max-video-preview:-1\" \/>\n<link rel=\"canonical\" href=\"https:\/\/equitherapie-bourgogne.fr\/index.php\/agenda\/master-intervencion-terapeutica-asistida-con-caballos\/\" \/>\n<meta property=\"og:locale\" content=\"fr_FR\" \/>\n<meta property=\"og:type\" content=\"article\" \/>\n<meta property=\"og:title\" content=\"M\u00e1ster en Intervenci\u00f3n Terap\u00e9utica asistida con Caballos - A Cheval sur Soi\" \/>\n<meta property=\"og:description\" content=\"Collaboration avec l&rsquo;universit\u00e9 de Gironne en Espagne pour le M\u00e1ster en Intervenci\u00f3n Terap\u00e9utica asistida con Caballos\" \/>\n<meta property=\"og:url\" content=\"https:\/\/equitherapie-bourgogne.fr\/index.php\/agenda\/master-intervencion-terapeutica-asistida-con-caballos\/\" \/>\n<meta property=\"og:site_name\" content=\"A Cheval sur Soi\" \/>\n<meta name=\"twitter:card\" content=\"summary_large_image\" \/>\n<script type=\"application\/ld+json\" class=\"yoast-schema-graph\">{\"@context\":\"https:\/\/schema.org\",\"@graph\":[{\"@type\":\"WebPage\",\"@id\":\"https:\/\/equitherapie-bourgogne.fr\/index.php\/agenda\/master-intervencion-terapeutica-asistida-con-caballos\/\",\"url\":\"https:\/\/equitherapie-bourgogne.fr\/index.php\/agenda\/master-intervencion-terapeutica-asistida-con-caballos\/\",\"name\":\"M\u00e1ster en Intervenci\u00f3n Terap\u00e9utica asistida con Caballos - A Cheval sur Soi\",\"isPartOf\":{\"@id\":\"https:\/\/equitherapie-bourgogne.fr\/#website\"},\"datePublished\":\"2017-04-28T11:56:19+00:00\",\"breadcrumb\":{\"@id\":\"https:\/\/equitherapie-bourgogne.fr\/index.php\/agenda\/master-intervencion-terapeutica-asistida-con-caballos\/#breadcrumb\"},\"inLanguage\":\"fr-FR\",\"potentialAction\":[{\"@type\":\"ReadAction\",\"target\":[\"https:\/\/equitherapie-bourgogne.fr\/index.php\/agenda\/master-intervencion-terapeutica-asistida-con-caballos\/\"]}]},{\"@type\":\"BreadcrumbList\",\"@id\":\"https:\/\/equitherapie-bourgogne.fr\/index.php\/agenda\/master-intervencion-terapeutica-asistida-con-caballos\/#breadcrumb\",\"itemListElement\":[{\"@type\":\"ListItem\",\"position\":1,\"name\":\"Accueil\",\"item\":\"https:\/\/equitherapie-bourgogne.fr\/\"},{\"@type\":\"ListItem\",\"position\":2,\"name\":\"\u00c9v\u00e8nements\",\"item\":\"https:\/\/equitherapie-bourgogne.fr\/index.php\/agenda\/\"},{\"@type\":\"ListItem\",\"position\":3,\"name\":\"M\u00e1ster en Intervenci\u00f3n Terap\u00e9utica asistida con Caballos\"}]},{\"@type\":\"WebSite\",\"@id\":\"https:\/\/equitherapie-bourgogne.fr\/#website\",\"url\":\"https:\/\/equitherapie-bourgogne.fr\/\",\"name\":\"A Cheval sur Soi\",\"description\":\"CENTRE \u00c9QUESTRE TRANSDISCIPLINAIRE\",\"potentialAction\":[{\"@type\":\"SearchAction\",\"target\":{\"@type\":\"EntryPoint\",\"urlTemplate\":\"https:\/\/equitherapie-bourgogne.fr\/?s={search_term_string}\"},\"query-input\":{\"@type\":\"PropertyValueSpecification\",\"valueRequired\":true,\"valueName\":\"search_term_string\"}}],\"inLanguage\":\"fr-FR\"}]}<\/script>\n<!-- \/ Yoast SEO plugin. -->","yoast_head_json":{"title":"M\u00e1ster en Intervenci\u00f3n Terap\u00e9utica asistida con Caballos - A Cheval sur Soi","robots":{"index":"index","follow":"follow","max-snippet":"max-snippet:-1","max-image-preview":"max-image-preview:large","max-video-preview":"max-video-preview:-1"},"canonical":"https:\/\/equitherapie-bourgogne.fr\/index.php\/agenda\/master-intervencion-terapeutica-asistida-con-caballos\/","og_locale":"fr_FR","og_type":"article","og_title":"M\u00e1ster en Intervenci\u00f3n Terap\u00e9utica asistida con Caballos - A Cheval sur Soi","og_description":"Collaboration avec l&rsquo;universit\u00e9 de Gironne en Espagne pour le M\u00e1ster en Intervenci\u00f3n Terap\u00e9utica asistida con Caballos","og_url":"https:\/\/equitherapie-bourgogne.fr\/index.php\/agenda\/master-intervencion-terapeutica-asistida-con-caballos\/","og_site_name":"A Cheval sur Soi","twitter_card":"summary_large_image","schema":{"@context":"https:\/\/schema.org","@graph":[{"@type":"WebPage","@id":"https:\/\/equitherapie-bourgogne.fr\/index.php\/agenda\/master-intervencion-terapeutica-asistida-con-caballos\/","url":"https:\/\/equitherapie-bourgogne.fr\/index.php\/agenda\/master-intervencion-terapeutica-asistida-con-caballos\/","name":"M\u00e1ster en Intervenci\u00f3n Terap\u00e9utica asistida con Caballos - A Cheval sur Soi","isPartOf":{"@id":"https:\/\/equitherapie-bourgogne.fr\/#website"},"datePublished":"2017-04-28T11:56:19+00:00","breadcrumb":{"@id":"https:\/\/equitherapie-bourgogne.fr\/index.php\/agenda\/master-intervencion-terapeutica-asistida-con-caballos\/#breadcrumb"},"inLanguage":"fr-FR","potentialAction":[{"@type":"ReadAction","target":["https:\/\/equitherapie-bourgogne.fr\/index.php\/agenda\/master-intervencion-terapeutica-asistida-con-caballos\/"]}]},{"@type":"BreadcrumbList","@id":"https:\/\/equitherapie-bourgogne.fr\/index.php\/agenda\/master-intervencion-terapeutica-asistida-con-caballos\/#breadcrumb","itemListElement":[{"@type":"ListItem","position":1,"name":"Accueil","item":"https:\/\/equitherapie-bourgogne.fr\/"},{"@type":"ListItem","position":2,"name":"\u00c9v\u00e8nements","item":"https:\/\/equitherapie-bourgogne.fr\/index.php\/agenda\/"},{"@type":"ListItem","position":3,"name":"M\u00e1ster en Intervenci\u00f3n Terap\u00e9utica asistida con Caballos"}]},{"@type":"WebSite","@id":"https:\/\/equitherapie-bourgogne.fr\/#website","url":"https:\/\/equitherapie-bourgogne.fr\/","name":"A Cheval sur Soi","description":"CENTRE \u00c9QUESTRE TRANSDISCIPLINAIRE","potentialAction":[{"@type":"SearchAction","target":{"@type":"EntryPoint","urlTemplate":"https:\/\/equitherapie-bourgogne.fr\/?s={search_term_string}"},"query-input":{"@type":"PropertyValueSpecification","valueRequired":true,"valueName":"search_term_string"}}],"inLanguage":"fr-FR"}]}},"_links":{"self":[{"href":"https:\/\/equitherapie-bourgogne.fr\/index.php\/wp-json\/wp\/v2\/tribe_events\/297","targetHints":{"allow":["GET"]}}],"collection":[{"href":"https:\/\/equitherapie-bourgogne.fr\/index.php\/wp-json\/wp\/v2\/tribe_events"}],"about":[{"href":"https:\/\/equitherapie-bourgogne.fr\/index.php\/wp-json\/wp\/v2\/types\/tribe_events"}],"author":[{"embeddable":true,"href":"https:\/\/equitherapie-bourgogne.fr\/index.php\/wp-json\/wp\/v2\/users\/1"}],"replies":[{"embeddable":true,"href":"https:\/\/equitherapie-bourgogne.fr\/index.php\/wp-json\/wp\/v2\/comments?post=297"}],"version-history":[{"count":1,"href":"https:\/\/equitherapie-bourgogne.fr\/index.php\/wp-json\/wp\/v2\/tribe_events\/297\/revisions"}],"predecessor-version":[{"id":298,"href":"https:\/\/equitherapie-bourgogne.fr\/index.php\/wp-json\/wp\/v2\/tribe_events\/297\/revisions\/298"}],"wp:attachment":[{"href":"https:\/\/equitherapie-bourgogne.fr\/index.php\/wp-json\/wp\/v2\/media?parent=297"}],"wp:term":[{"taxonomy":"post_tag","embeddable":true,"href":"https:\/\/equitherapie-bourgogne.fr\/index.php\/wp-json\/wp\/v2\/tags?post=297"},{"taxonomy":"tribe_events_cat","embeddable":true,"href":"https:\/\/equitherapie-bourgogne.fr\/index.php\/wp-json\/wp\/v2\/tribe_events_cat?post=297"}],"curies":[{"name":"wp","href":"https:\/\/api.w.org\/{rel}","templated":true}]}}

Máster en Intervención Terapéutica asistida con Caballos

<p><span style="color: #000000;">Collaboration avec l&rsquo;uni<span style="font-family: Cambria,serif;"><span style="font-size: medium;">versité de Gironne en Espagne pour le </span></span><span style="font-family: Cambria,serif;"><span style="font-size: medium;">Máster en Intervención Terapéutica asistida con Caballos</span></span> </span></p>

<p>Collaboration avec l&rsquo;université de Gironne en Espagne pour le Máster en Intervención Terapéutica asistida con Caballos</p>

<!-- This site is optimized with the Yoast SEO plugin v24.7 - https://yoast.com/wordpress/plugins/seo/ -->
<title>Máster en Intervención Terapéutica asistida con Caballos - A Cheval sur Soi</title>
<meta name="robots" content="index, follow, max-snippet:-1, max-image-preview:large, max-video-preview:-1" />
<link rel="canonical" href="https://equitherapie-bourgogne.fr/index.php/agenda/master-intervencion-terapeutica-asistida-con-caballos/" />
<meta property="og:locale" content="fr_FR" />
<meta property="og:type" content="article" />
<meta property="og:title" content="Máster en Intervención Terapéutica asistida con Caballos - A Cheval sur Soi" />
<meta property="og:description" content="Collaboration avec l&rsquo;université de Gironne en Espagne pour le Máster en Intervención Terapéutica asistida con Caballos" />
<meta property="og:url" content="https://equitherapie-bourgogne.fr/index.php/agenda/master-intervencion-terapeutica-asistida-con-caballos/" />
<meta property="og:site_name" content="A Cheval sur Soi" />
<meta name="twitter:card" content="summary_large_image" />
<script type="application/ld+json" class="yoast-schema-graph">{"@context":"https://schema.org","@graph":[{"@type":"WebPage","@id":"https://equitherapie-bourgogne.fr/index.php/agenda/master-intervencion-terapeutica-asistida-con-caballos/","url":"https://equitherapie-bourgogne.fr/index.php/agenda/master-intervencion-terapeutica-asistida-con-caballos/","name":"Máster en Intervención Terapéutica asistida con Caballos - A Cheval sur Soi","isPartOf":{"@id":"https://equitherapie-bourgogne.fr/#website"},"datePublished":"2017-04-28T11:56:19+00:00","breadcrumb":{"@id":"https://equitherapie-bourgogne.fr/index.php/agenda/master-intervencion-terapeutica-asistida-con-caballos/#breadcrumb"},"inLanguage":"fr-FR","potentialAction":[{"@type":"ReadAction","target":["https://equitherapie-bourgogne.fr/index.php/agenda/master-intervencion-terapeutica-asistida-con-caballos/"]}]},{"@type":"BreadcrumbList","@id":"https://equitherapie-bourgogne.fr/index.php/agenda/master-intervencion-terapeutica-asistida-con-caballos/#breadcrumb","itemListElement":[{"@type":"ListItem","position":1,"name":"Accueil","item":"https://equitherapie-bourgogne.fr/"},{"@type":"ListItem","position":2,"name":"Évènements","item":"https://equitherapie-bourgogne.fr/index.php/agenda/"},{"@type":"ListItem","position":3,"name":"Máster en Intervención Terapéutica asistida con Caballos"}]},{"@type":"WebSite","@id":"https://equitherapie-bourgogne.fr/#website","url":"https://equitherapie-bourgogne.fr/","name":"A Cheval sur Soi","description":"CENTRE ÉQUESTRE TRANSDISCIPLINAIRE","potentialAction":[{"@type":"SearchAction","target":{"@type":"EntryPoint","urlTemplate":"https://equitherapie-bourgogne.fr/?s={search_term_string}"},"query-input":{"@type":"PropertyValueSpecification","valueRequired":true,"valueName":"search_term_string"}}],"inLanguage":"fr-FR"}]}</script>
<!-- / Yoast SEO plugin. -->

Máster en Intervención Terapéutica asistida con Caballos - A Cheval sur Soi

Collaboration avec l&rsquo;université de Gironne en Espagne pour le Máster en Intervención Terapéutica asistida con Caballos

Évènements

CENTRE ÉQUESTRE TRANSDISCIPLINAIRE
