{"id":263,"date":"2017-04-26T14:08:12","date_gmt":"2017-04-26T12:08:12","guid":{"rendered":"http:\/\/equitherapie-bourgogne.fr\/?post_type=tribe_events&#038;p=263"},"modified":"2017-04-28T13:55:21","modified_gmt":"2017-04-28T11:55:21","slug":"super-boum","status":"publish","type":"tribe_events","link":"https:\/\/equitherapie-bourgogne.fr\/index.php\/agenda\/super-boum\/","title":{"rendered":"Initiation \u00e0 la sensori-motricit\u00e9 (FENTAC)"},"content":{"rendered":"<p><span style=\"color: #000000;\">Semaine de formation sur site dans le cadre de la formation de Th\u00e9rapeute Avec le Cheval de la FENTAC, module \u00ab\u00a0Initiation \u00e0 la sensori-motricit\u00e9\u00a0\u00bb\u00a0 <\/span><\/p>\n","protected":false},"excerpt":{"rendered":"<p>Semaine de formation sur site dans le cadre de la formation de Th\u00e9rapeute Avec le Cheval de la FENTAC, module \u00ab\u00a0Initiation \u00e0 la sensori-motricit\u00e9\u00a0\u00bb\u00a0<\/p>\n","protected":false},"author":1,"featured_media":65,"comment_status":"open","ping_status":"closed","template":"","meta":{"_tribe_events_status":"","_tribe_events_status_reason":"","footnotes":""},"tags":[],"tribe_events_cat":[3],"class_list":["post-263","tribe_events","type-tribe_events","status-publish","has-post-thumbnail","hentry","tribe_events_cat-interventions-exterieures","cat_interventions-exterieures"],"yoast_head":"<!-- This site is optimized with the Yoast SEO plugin v24.7 - https:\/\/yoast.com\/wordpress\/plugins\/seo\/ -->\n<title>Initiation \u00e0 la sensori-motricit\u00e9 (FENTAC) - A Cheval sur Soi<\/title>\n<meta name=\"robots\" content=\"index, follow, max-snippet:-1, max-image-preview:large, max-video-preview:-1\" \/>\n<link rel=\"canonical\" href=\"https:\/\/equitherapie-bourgogne.fr\/index.php\/agenda\/super-boum\/\" \/>\n<meta property=\"og:locale\" content=\"fr_FR\" \/>\n<meta property=\"og:type\" content=\"article\" \/>\n<meta property=\"og:title\" content=\"Initiation \u00e0 la sensori-motricit\u00e9 (FENTAC) - A Cheval sur Soi\" \/>\n<meta property=\"og:description\" content=\"Semaine de formation sur site dans le cadre de la formation de Th\u00e9rapeute Avec le Cheval de la FENTAC, module \u00ab\u00a0Initiation \u00e0 la sensori-motricit\u00e9\u00a0\u00bb\u00a0\" \/>\n<meta property=\"og:url\" content=\"https:\/\/equitherapie-bourgogne.fr\/index.php\/agenda\/super-boum\/\" \/>\n<meta property=\"og:site_name\" content=\"A Cheval sur Soi\" \/>\n<meta property=\"article:modified_time\" content=\"2017-04-28T11:55:21+00:00\" \/>\n<meta property=\"og:image\" content=\"https:\/\/equitherapie-bourgogne.fr\/wp-content\/uploads\/2016\/09\/IMG_5179_1.jpg\" \/>\n\t<meta property=\"og:image:width\" content=\"640\" \/>\n\t<meta property=\"og:image:height\" content=\"426\" \/>\n\t<meta property=\"og:image:type\" content=\"image\/jpeg\" \/>\n<meta name=\"twitter:card\" content=\"summary_large_image\" \/>\n<script type=\"application\/ld+json\" class=\"yoast-schema-graph\">{\"@context\":\"https:\/\/schema.org\",\"@graph\":[{\"@type\":\"WebPage\",\"@id\":\"https:\/\/equitherapie-bourgogne.fr\/index.php\/agenda\/super-boum\/\",\"url\":\"https:\/\/equitherapie-bourgogne.fr\/index.php\/agenda\/super-boum\/\",\"name\":\"Initiation \u00e0 la sensori-motricit\u00e9 (FENTAC) - A Cheval sur Soi\",\"isPartOf\":{\"@id\":\"https:\/\/equitherapie-bourgogne.fr\/#website\"},\"primaryImageOfPage\":{\"@id\":\"https:\/\/equitherapie-bourgogne.fr\/index.php\/agenda\/super-boum\/#primaryimage\"},\"image\":{\"@id\":\"https:\/\/equitherapie-bourgogne.fr\/index.php\/agenda\/super-boum\/#primaryimage\"},\"thumbnailUrl\":\"https:\/\/equitherapie-bourgogne.fr\/wp-content\/uploads\/2016\/09\/IMG_5179_1.jpg\",\"datePublished\":\"2017-04-26T12:08:12+00:00\",\"dateModified\":\"2017-04-28T11:55:21+00:00\",\"breadcrumb\":{\"@id\":\"https:\/\/equitherapie-bourgogne.fr\/index.php\/agenda\/super-boum\/#breadcrumb\"},\"inLanguage\":\"fr-FR\",\"potentialAction\":[{\"@type\":\"ReadAction\",\"target\":[\"https:\/\/equitherapie-bourgogne.fr\/index.php\/agenda\/super-boum\/\"]}]},{\"@type\":\"ImageObject\",\"inLanguage\":\"fr-FR\",\"@id\":\"https:\/\/equitherapie-bourgogne.fr\/index.php\/agenda\/super-boum\/#primaryimage\",\"url\":\"https:\/\/equitherapie-bourgogne.fr\/wp-content\/uploads\/2016\/09\/IMG_5179_1.jpg\",\"contentUrl\":\"https:\/\/equitherapie-bourgogne.fr\/wp-content\/uploads\/2016\/09\/IMG_5179_1.jpg\",\"width\":640,\"height\":426},{\"@type\":\"BreadcrumbList\",\"@id\":\"https:\/\/equitherapie-bourgogne.fr\/index.php\/agenda\/super-boum\/#breadcrumb\",\"itemListElement\":[{\"@type\":\"ListItem\",\"position\":1,\"name\":\"Accueil\",\"item\":\"https:\/\/equitherapie-bourgogne.fr\/\"},{\"@type\":\"ListItem\",\"position\":2,\"name\":\"\u00c9v\u00e8nements\",\"item\":\"https:\/\/equitherapie-bourgogne.fr\/index.php\/agenda\/\"},{\"@type\":\"ListItem\",\"position\":3,\"name\":\"Initiation \u00e0 la sensori-motricit\u00e9 (FENTAC)\"}]},{\"@type\":\"WebSite\",\"@id\":\"https:\/\/equitherapie-bourgogne.fr\/#website\",\"url\":\"https:\/\/equitherapie-bourgogne.fr\/\",\"name\":\"A Cheval sur Soi\",\"description\":\"CENTRE \u00c9QUESTRE TRANSDISCIPLINAIRE\",\"potentialAction\":[{\"@type\":\"SearchAction\",\"target\":{\"@type\":\"EntryPoint\",\"urlTemplate\":\"https:\/\/equitherapie-bourgogne.fr\/?s={search_term_string}\"},\"query-input\":{\"@type\":\"PropertyValueSpecification\",\"valueRequired\":true,\"valueName\":\"search_term_string\"}}],\"inLanguage\":\"fr-FR\"}]}<\/script>\n<!-- \/ Yoast SEO plugin. -->","yoast_head_json":{"title":"Initiation \u00e0 la sensori-motricit\u00e9 (FENTAC) - A Cheval sur Soi","robots":{"index":"index","follow":"follow","max-snippet":"max-snippet:-1","max-image-preview":"max-image-preview:large","max-video-preview":"max-video-preview:-1"},"canonical":"https:\/\/equitherapie-bourgogne.fr\/index.php\/agenda\/super-boum\/","og_locale":"fr_FR","og_type":"article","og_title":"Initiation \u00e0 la sensori-motricit\u00e9 (FENTAC) - A Cheval sur Soi","og_description":"Semaine de formation sur site dans le cadre de la formation de Th\u00e9rapeute Avec le Cheval de la FENTAC, module \u00ab\u00a0Initiation \u00e0 la sensori-motricit\u00e9\u00a0\u00bb\u00a0","og_url":"https:\/\/equitherapie-bourgogne.fr\/index.php\/agenda\/super-boum\/","og_site_name":"A Cheval sur Soi","article_modified_time":"2017-04-28T11:55:21+00:00","og_image":[{"width":640,"height":426,"url":"https:\/\/equitherapie-bourgogne.fr\/wp-content\/uploads\/2016\/09\/IMG_5179_1.jpg","type":"image\/jpeg"}],"twitter_card":"summary_large_image","schema":{"@context":"https:\/\/schema.org","@graph":[{"@type":"WebPage","@id":"https:\/\/equitherapie-bourgogne.fr\/index.php\/agenda\/super-boum\/","url":"https:\/\/equitherapie-bourgogne.fr\/index.php\/agenda\/super-boum\/","name":"Initiation \u00e0 la sensori-motricit\u00e9 (FENTAC) - A Cheval sur Soi","isPartOf":{"@id":"https:\/\/equitherapie-bourgogne.fr\/#website"},"primaryImageOfPage":{"@id":"https:\/\/equitherapie-bourgogne.fr\/index.php\/agenda\/super-boum\/#primaryimage"},"image":{"@id":"https:\/\/equitherapie-bourgogne.fr\/index.php\/agenda\/super-boum\/#primaryimage"},"thumbnailUrl":"https:\/\/equitherapie-bourgogne.fr\/wp-content\/uploads\/2016\/09\/IMG_5179_1.jpg","datePublished":"2017-04-26T12:08:12+00:00","dateModified":"2017-04-28T11:55:21+00:00","breadcrumb":{"@id":"https:\/\/equitherapie-bourgogne.fr\/index.php\/agenda\/super-boum\/#breadcrumb"},"inLanguage":"fr-FR","potentialAction":[{"@type":"ReadAction","target":["https:\/\/equitherapie-bourgogne.fr\/index.php\/agenda\/super-boum\/"]}]},{"@type":"ImageObject","inLanguage":"fr-FR","@id":"https:\/\/equitherapie-bourgogne.fr\/index.php\/agenda\/super-boum\/#primaryimage","url":"https:\/\/equitherapie-bourgogne.fr\/wp-content\/uploads\/2016\/09\/IMG_5179_1.jpg","contentUrl":"https:\/\/equitherapie-bourgogne.fr\/wp-content\/uploads\/2016\/09\/IMG_5179_1.jpg","width":640,"height":426},{"@type":"BreadcrumbList","@id":"https:\/\/equitherapie-bourgogne.fr\/index.php\/agenda\/super-boum\/#breadcrumb","itemListElement":[{"@type":"ListItem","position":1,"name":"Accueil","item":"https:\/\/equitherapie-bourgogne.fr\/"},{"@type":"ListItem","position":2,"name":"\u00c9v\u00e8nements","item":"https:\/\/equitherapie-bourgogne.fr\/index.php\/agenda\/"},{"@type":"ListItem","position":3,"name":"Initiation \u00e0 la sensori-motricit\u00e9 (FENTAC)"}]},{"@type":"WebSite","@id":"https:\/\/equitherapie-bourgogne.fr\/#website","url":"https:\/\/equitherapie-bourgogne.fr\/","name":"A Cheval sur Soi","description":"CENTRE \u00c9QUESTRE TRANSDISCIPLINAIRE","potentialAction":[{"@type":"SearchAction","target":{"@type":"EntryPoint","urlTemplate":"https:\/\/equitherapie-bourgogne.fr\/?s={search_term_string}"},"query-input":{"@type":"PropertyValueSpecification","valueRequired":true,"valueName":"search_term_string"}}],"inLanguage":"fr-FR"}]}},"_links":{"self":[{"href":"https:\/\/equitherapie-bourgogne.fr\/index.php\/wp-json\/wp\/v2\/tribe_events\/263","targetHints":{"allow":["GET"]}}],"collection":[{"href":"https:\/\/equitherapie-bourgogne.fr\/index.php\/wp-json\/wp\/v2\/tribe_events"}],"about":[{"href":"https:\/\/equitherapie-bourgogne.fr\/index.php\/wp-json\/wp\/v2\/types\/tribe_events"}],"author":[{"embeddable":true,"href":"https:\/\/equitherapie-bourgogne.fr\/index.php\/wp-json\/wp\/v2\/users\/1"}],"replies":[{"embeddable":true,"href":"https:\/\/equitherapie-bourgogne.fr\/index.php\/wp-json\/wp\/v2\/comments?post=263"}],"version-history":[{"count":3,"href":"https:\/\/equitherapie-bourgogne.fr\/index.php\/wp-json\/wp\/v2\/tribe_events\/263\/revisions"}],"predecessor-version":[{"id":295,"href":"https:\/\/equitherapie-bourgogne.fr\/index.php\/wp-json\/wp\/v2\/tribe_events\/263\/revisions\/295"}],"wp:featuredmedia":[{"embeddable":true,"href":"https:\/\/equitherapie-bourgogne.fr\/index.php\/wp-json\/wp\/v2\/media\/65"}],"wp:attachment":[{"href":"https:\/\/equitherapie-bourgogne.fr\/index.php\/wp-json\/wp\/v2\/media?parent=263"}],"wp:term":[{"taxonomy":"post_tag","embeddable":true,"href":"https:\/\/equitherapie-bourgogne.fr\/index.php\/wp-json\/wp\/v2\/tags?post=263"},{"taxonomy":"tribe_events_cat","embeddable":true,"href":"https:\/\/equitherapie-bourgogne.fr\/index.php\/wp-json\/wp\/v2\/tribe_events_cat?post=263"}],"curies":[{"name":"wp","href":"https:\/\/api.w.org\/{rel}","templated":true}]}}

Initiation à la sensori-motricité (FENTAC)

<p><span style="color: #000000;">Semaine de formation sur site dans le cadre de la formation de Thérapeute Avec le Cheval de la FENTAC, module « Initiation à la sensori-motricité »  </span></p>

<p>Semaine de formation sur site dans le cadre de la formation de Thérapeute Avec le Cheval de la FENTAC, module « Initiation à la sensori-motricité » </p>

<!-- This site is optimized with the Yoast SEO plugin v24.7 - https://yoast.com/wordpress/plugins/seo/ -->
<title>Initiation à la sensori-motricité (FENTAC) - A Cheval sur Soi</title>
<meta name="robots" content="index, follow, max-snippet:-1, max-image-preview:large, max-video-preview:-1" />
<link rel="canonical" href="https://equitherapie-bourgogne.fr/index.php/agenda/super-boum/" />
<meta property="og:locale" content="fr_FR" />
<meta property="og:type" content="article" />
<meta property="og:title" content="Initiation à la sensori-motricité (FENTAC) - A Cheval sur Soi" />
<meta property="og:description" content="Semaine de formation sur site dans le cadre de la formation de Thérapeute Avec le Cheval de la FENTAC, module « Initiation à la sensori-motricité » " />
<meta property="og:url" content="https://equitherapie-bourgogne.fr/index.php/agenda/super-boum/" />
<meta property="og:site_name" content="A Cheval sur Soi" />
<meta property="article:modified_time" content="2017-04-28T11:55:21+00:00" />
<meta property="og:image" content="https://equitherapie-bourgogne.fr/wp-content/uploads/2016/09/IMG_5179_1.jpg" />
	<meta property="og:image:width" content="640" />
	<meta property="og:image:height" content="426" />
	<meta property="og:image:type" content="image/jpeg" />
<meta name="twitter:card" content="summary_large_image" />
<script type="application/ld+json" class="yoast-schema-graph">{"@context":"https://schema.org","@graph":[{"@type":"WebPage","@id":"https://equitherapie-bourgogne.fr/index.php/agenda/super-boum/","url":"https://equitherapie-bourgogne.fr/index.php/agenda/super-boum/","name":"Initiation à la sensori-motricité (FENTAC) - A Cheval sur Soi","isPartOf":{"@id":"https://equitherapie-bourgogne.fr/#website"},"primaryImageOfPage":{"@id":"https://equitherapie-bourgogne.fr/index.php/agenda/super-boum/#primaryimage"},"image":{"@id":"https://equitherapie-bourgogne.fr/index.php/agenda/super-boum/#primaryimage"},"thumbnailUrl":"https://equitherapie-bourgogne.fr/wp-content/uploads/2016/09/IMG_5179_1.jpg","datePublished":"2017-04-26T12:08:12+00:00","dateModified":"2017-04-28T11:55:21+00:00","breadcrumb":{"@id":"https://equitherapie-bourgogne.fr/index.php/agenda/super-boum/#breadcrumb"},"inLanguage":"fr-FR","potentialAction":[{"@type":"ReadAction","target":["https://equitherapie-bourgogne.fr/index.php/agenda/super-boum/"]}]},{"@type":"ImageObject","inLanguage":"fr-FR","@id":"https://equitherapie-bourgogne.fr/index.php/agenda/super-boum/#primaryimage","url":"https://equitherapie-bourgogne.fr/wp-content/uploads/2016/09/IMG_5179_1.jpg","contentUrl":"https://equitherapie-bourgogne.fr/wp-content/uploads/2016/09/IMG_5179_1.jpg","width":640,"height":426},{"@type":"BreadcrumbList","@id":"https://equitherapie-bourgogne.fr/index.php/agenda/super-boum/#breadcrumb","itemListElement":[{"@type":"ListItem","position":1,"name":"Accueil","item":"https://equitherapie-bourgogne.fr/"},{"@type":"ListItem","position":2,"name":"Évènements","item":"https://equitherapie-bourgogne.fr/index.php/agenda/"},{"@type":"ListItem","position":3,"name":"Initiation à la sensori-motricité (FENTAC)"}]},{"@type":"WebSite","@id":"https://equitherapie-bourgogne.fr/#website","url":"https://equitherapie-bourgogne.fr/","name":"A Cheval sur Soi","description":"CENTRE ÉQUESTRE TRANSDISCIPLINAIRE","potentialAction":[{"@type":"SearchAction","target":{"@type":"EntryPoint","urlTemplate":"https://equitherapie-bourgogne.fr/?s={search_term_string}"},"query-input":{"@type":"PropertyValueSpecification","valueRequired":true,"valueName":"search_term_string"}}],"inLanguage":"fr-FR"}]}</script>
<!-- / Yoast SEO plugin. -->

Initiation à la sensori-motricité (FENTAC) - A Cheval sur Soi

Semaine de formation sur site dans le cadre de la formation de Thérapeute Avec le Cheval de la FENTAC, module « Initiation à la sensori-motricité »

Évènements

CENTRE ÉQUESTRE TRANSDISCIPLINAIRE
