{"id":1028,"date":"2020-11-04T17:07:34","date_gmt":"2020-11-04T16:07:34","guid":{"rendered":"http:\/\/equitherapie-bourgogne.fr\/?post_type=tribe_events&#038;p=1028"},"modified":"2020-11-04T17:07:34","modified_gmt":"2020-11-04T16:07:34","slug":"formation-praticien-mediation-equine-semaine-6-corps-cheval","status":"publish","type":"tribe_events","link":"https:\/\/equitherapie-bourgogne.fr\/index.php\/agenda\/formation-praticien-mediation-equine-semaine-6-corps-cheval\/","title":{"rendered":"Formation Praticien en M\u00e9diation \u00c9quine : semaine 6:  Corps et Cheval"},"content":{"rendered":"<p>Derni\u00e8re semaine de formation de Praticien qui se d\u00e9roule pour cette session \u00e0 Brest.<\/p>\n<p>Pour plus d&rsquo;information : https:\/\/cheval-emoi.org\/index.php?option=com_content&amp;view=article&amp;id=41&amp;Itemid=107<\/p>\n","protected":false},"excerpt":{"rendered":"<p>Derni\u00e8re semaine de formation de Praticien qui se d\u00e9roule pour cette session \u00e0 Brest. Pour plus d&rsquo;information : https:\/\/cheval-emoi.org\/index.php?option=com_content&amp;view=article&amp;id=41&amp;Itemid=107<\/p>\n","protected":false},"author":1,"featured_media":0,"comment_status":"open","ping_status":"closed","template":"","meta":{"_tribe_events_status":"","_tribe_events_status_reason":"","footnotes":""},"tags":[],"tribe_events_cat":[],"class_list":["post-1028","tribe_events","type-tribe_events","status-publish","hentry"],"yoast_head":"<!-- This site is optimized with the Yoast SEO plugin v24.7 - https:\/\/yoast.com\/wordpress\/plugins\/seo\/ -->\n<title>Formation Praticien en M\u00e9diation \u00c9quine : semaine 6: Corps et Cheval - A Cheval sur Soi<\/title>\n<meta name=\"robots\" content=\"index, follow, max-snippet:-1, max-image-preview:large, max-video-preview:-1\" \/>\n<link rel=\"canonical\" href=\"https:\/\/equitherapie-bourgogne.fr\/index.php\/agenda\/formation-praticien-mediation-equine-semaine-6-corps-cheval\/\" \/>\n<meta property=\"og:locale\" content=\"fr_FR\" \/>\n<meta property=\"og:type\" content=\"article\" \/>\n<meta property=\"og:title\" content=\"Formation Praticien en M\u00e9diation \u00c9quine : semaine 6: Corps et Cheval - A Cheval sur Soi\" \/>\n<meta property=\"og:description\" content=\"Derni\u00e8re semaine de formation de Praticien qui se d\u00e9roule pour cette session \u00e0 Brest. Pour plus d&rsquo;information : https:\/\/cheval-emoi.org\/index.php?option=com_content&amp;view=article&amp;id=41&amp;Itemid=107\" \/>\n<meta property=\"og:url\" content=\"https:\/\/equitherapie-bourgogne.fr\/index.php\/agenda\/formation-praticien-mediation-equine-semaine-6-corps-cheval\/\" \/>\n<meta property=\"og:site_name\" content=\"A Cheval sur Soi\" \/>\n<meta name=\"twitter:card\" content=\"summary_large_image\" \/>\n<script type=\"application\/ld+json\" class=\"yoast-schema-graph\">{\"@context\":\"https:\/\/schema.org\",\"@graph\":[{\"@type\":\"WebPage\",\"@id\":\"https:\/\/equitherapie-bourgogne.fr\/index.php\/agenda\/formation-praticien-mediation-equine-semaine-6-corps-cheval\/\",\"url\":\"https:\/\/equitherapie-bourgogne.fr\/index.php\/agenda\/formation-praticien-mediation-equine-semaine-6-corps-cheval\/\",\"name\":\"Formation Praticien en M\u00e9diation \u00c9quine : semaine 6: Corps et Cheval - A Cheval sur Soi\",\"isPartOf\":{\"@id\":\"https:\/\/equitherapie-bourgogne.fr\/#website\"},\"datePublished\":\"2020-11-04T16:07:34+00:00\",\"breadcrumb\":{\"@id\":\"https:\/\/equitherapie-bourgogne.fr\/index.php\/agenda\/formation-praticien-mediation-equine-semaine-6-corps-cheval\/#breadcrumb\"},\"inLanguage\":\"fr-FR\",\"potentialAction\":[{\"@type\":\"ReadAction\",\"target\":[\"https:\/\/equitherapie-bourgogne.fr\/index.php\/agenda\/formation-praticien-mediation-equine-semaine-6-corps-cheval\/\"]}]},{\"@type\":\"BreadcrumbList\",\"@id\":\"https:\/\/equitherapie-bourgogne.fr\/index.php\/agenda\/formation-praticien-mediation-equine-semaine-6-corps-cheval\/#breadcrumb\",\"itemListElement\":[{\"@type\":\"ListItem\",\"position\":1,\"name\":\"Accueil\",\"item\":\"https:\/\/equitherapie-bourgogne.fr\/\"},{\"@type\":\"ListItem\",\"position\":2,\"name\":\"\u00c9v\u00e8nements\",\"item\":\"https:\/\/equitherapie-bourgogne.fr\/index.php\/agenda\/\"},{\"@type\":\"ListItem\",\"position\":3,\"name\":\"Formation Praticien en M\u00e9diation \u00c9quine : semaine 6: Corps et Cheval\"}]},{\"@type\":\"WebSite\",\"@id\":\"https:\/\/equitherapie-bourgogne.fr\/#website\",\"url\":\"https:\/\/equitherapie-bourgogne.fr\/\",\"name\":\"A Cheval sur Soi\",\"description\":\"CENTRE \u00c9QUESTRE TRANSDISCIPLINAIRE\",\"potentialAction\":[{\"@type\":\"SearchAction\",\"target\":{\"@type\":\"EntryPoint\",\"urlTemplate\":\"https:\/\/equitherapie-bourgogne.fr\/?s={search_term_string}\"},\"query-input\":{\"@type\":\"PropertyValueSpecification\",\"valueRequired\":true,\"valueName\":\"search_term_string\"}}],\"inLanguage\":\"fr-FR\"}]}<\/script>\n<!-- \/ Yoast SEO plugin. -->","yoast_head_json":{"title":"Formation Praticien en M\u00e9diation \u00c9quine : semaine 6: Corps et Cheval - A Cheval sur Soi","robots":{"index":"index","follow":"follow","max-snippet":"max-snippet:-1","max-image-preview":"max-image-preview:large","max-video-preview":"max-video-preview:-1"},"canonical":"https:\/\/equitherapie-bourgogne.fr\/index.php\/agenda\/formation-praticien-mediation-equine-semaine-6-corps-cheval\/","og_locale":"fr_FR","og_type":"article","og_title":"Formation Praticien en M\u00e9diation \u00c9quine : semaine 6: Corps et Cheval - A Cheval sur Soi","og_description":"Derni\u00e8re semaine de formation de Praticien qui se d\u00e9roule pour cette session \u00e0 Brest. Pour plus d&rsquo;information : https:\/\/cheval-emoi.org\/index.php?option=com_content&amp;view=article&amp;id=41&amp;Itemid=107","og_url":"https:\/\/equitherapie-bourgogne.fr\/index.php\/agenda\/formation-praticien-mediation-equine-semaine-6-corps-cheval\/","og_site_name":"A Cheval sur Soi","twitter_card":"summary_large_image","schema":{"@context":"https:\/\/schema.org","@graph":[{"@type":"WebPage","@id":"https:\/\/equitherapie-bourgogne.fr\/index.php\/agenda\/formation-praticien-mediation-equine-semaine-6-corps-cheval\/","url":"https:\/\/equitherapie-bourgogne.fr\/index.php\/agenda\/formation-praticien-mediation-equine-semaine-6-corps-cheval\/","name":"Formation Praticien en M\u00e9diation \u00c9quine : semaine 6: Corps et Cheval - A Cheval sur Soi","isPartOf":{"@id":"https:\/\/equitherapie-bourgogne.fr\/#website"},"datePublished":"2020-11-04T16:07:34+00:00","breadcrumb":{"@id":"https:\/\/equitherapie-bourgogne.fr\/index.php\/agenda\/formation-praticien-mediation-equine-semaine-6-corps-cheval\/#breadcrumb"},"inLanguage":"fr-FR","potentialAction":[{"@type":"ReadAction","target":["https:\/\/equitherapie-bourgogne.fr\/index.php\/agenda\/formation-praticien-mediation-equine-semaine-6-corps-cheval\/"]}]},{"@type":"BreadcrumbList","@id":"https:\/\/equitherapie-bourgogne.fr\/index.php\/agenda\/formation-praticien-mediation-equine-semaine-6-corps-cheval\/#breadcrumb","itemListElement":[{"@type":"ListItem","position":1,"name":"Accueil","item":"https:\/\/equitherapie-bourgogne.fr\/"},{"@type":"ListItem","position":2,"name":"\u00c9v\u00e8nements","item":"https:\/\/equitherapie-bourgogne.fr\/index.php\/agenda\/"},{"@type":"ListItem","position":3,"name":"Formation Praticien en M\u00e9diation \u00c9quine : semaine 6: Corps et Cheval"}]},{"@type":"WebSite","@id":"https:\/\/equitherapie-bourgogne.fr\/#website","url":"https:\/\/equitherapie-bourgogne.fr\/","name":"A Cheval sur Soi","description":"CENTRE \u00c9QUESTRE TRANSDISCIPLINAIRE","potentialAction":[{"@type":"SearchAction","target":{"@type":"EntryPoint","urlTemplate":"https:\/\/equitherapie-bourgogne.fr\/?s={search_term_string}"},"query-input":{"@type":"PropertyValueSpecification","valueRequired":true,"valueName":"search_term_string"}}],"inLanguage":"fr-FR"}]}},"_links":{"self":[{"href":"https:\/\/equitherapie-bourgogne.fr\/index.php\/wp-json\/wp\/v2\/tribe_events\/1028","targetHints":{"allow":["GET"]}}],"collection":[{"href":"https:\/\/equitherapie-bourgogne.fr\/index.php\/wp-json\/wp\/v2\/tribe_events"}],"about":[{"href":"https:\/\/equitherapie-bourgogne.fr\/index.php\/wp-json\/wp\/v2\/types\/tribe_events"}],"author":[{"embeddable":true,"href":"https:\/\/equitherapie-bourgogne.fr\/index.php\/wp-json\/wp\/v2\/users\/1"}],"replies":[{"embeddable":true,"href":"https:\/\/equitherapie-bourgogne.fr\/index.php\/wp-json\/wp\/v2\/comments?post=1028"}],"version-history":[{"count":2,"href":"https:\/\/equitherapie-bourgogne.fr\/index.php\/wp-json\/wp\/v2\/tribe_events\/1028\/revisions"}],"predecessor-version":[{"id":1030,"href":"https:\/\/equitherapie-bourgogne.fr\/index.php\/wp-json\/wp\/v2\/tribe_events\/1028\/revisions\/1030"}],"wp:attachment":[{"href":"https:\/\/equitherapie-bourgogne.fr\/index.php\/wp-json\/wp\/v2\/media?parent=1028"}],"wp:term":[{"taxonomy":"post_tag","embeddable":true,"href":"https:\/\/equitherapie-bourgogne.fr\/index.php\/wp-json\/wp\/v2\/tags?post=1028"},{"taxonomy":"tribe_events_cat","embeddable":true,"href":"https:\/\/equitherapie-bourgogne.fr\/index.php\/wp-json\/wp\/v2\/tribe_events_cat?post=1028"}],"curies":[{"name":"wp","href":"https:\/\/api.w.org\/{rel}","templated":true}]}}

Formation Praticien en Médiation Équine : semaine 6:  Corps et Cheval

<p>Dernière semaine de formation de Praticien qui se déroule pour cette session à Brest.</p>
<p>Pour plus d&rsquo;information : https://cheval-emoi.org/index.php?option=com_content&amp;view=article&amp;id=41&amp;Itemid=107</p>

<p>Dernière semaine de formation de Praticien qui se déroule pour cette session à Brest. Pour plus d&rsquo;information : https://cheval-emoi.org/index.php?option=com_content&amp;view=article&amp;id=41&amp;Itemid=107</p>

<!-- This site is optimized with the Yoast SEO plugin v24.7 - https://yoast.com/wordpress/plugins/seo/ -->
<title>Formation Praticien en Médiation Équine : semaine 6: Corps et Cheval - A Cheval sur Soi</title>
<meta name="robots" content="index, follow, max-snippet:-1, max-image-preview:large, max-video-preview:-1" />
<link rel="canonical" href="https://equitherapie-bourgogne.fr/index.php/agenda/formation-praticien-mediation-equine-semaine-6-corps-cheval/" />
<meta property="og:locale" content="fr_FR" />
<meta property="og:type" content="article" />
<meta property="og:title" content="Formation Praticien en Médiation Équine : semaine 6: Corps et Cheval - A Cheval sur Soi" />
<meta property="og:description" content="Dernière semaine de formation de Praticien qui se déroule pour cette session à Brest. Pour plus d&rsquo;information : https://cheval-emoi.org/index.php?option=com_content&amp;view=article&amp;id=41&amp;Itemid=107" />
<meta property="og:url" content="https://equitherapie-bourgogne.fr/index.php/agenda/formation-praticien-mediation-equine-semaine-6-corps-cheval/" />
<meta property="og:site_name" content="A Cheval sur Soi" />
<meta name="twitter:card" content="summary_large_image" />
<script type="application/ld+json" class="yoast-schema-graph">{"@context":"https://schema.org","@graph":[{"@type":"WebPage","@id":"https://equitherapie-bourgogne.fr/index.php/agenda/formation-praticien-mediation-equine-semaine-6-corps-cheval/","url":"https://equitherapie-bourgogne.fr/index.php/agenda/formation-praticien-mediation-equine-semaine-6-corps-cheval/","name":"Formation Praticien en Médiation Équine : semaine 6: Corps et Cheval - A Cheval sur Soi","isPartOf":{"@id":"https://equitherapie-bourgogne.fr/#website"},"datePublished":"2020-11-04T16:07:34+00:00","breadcrumb":{"@id":"https://equitherapie-bourgogne.fr/index.php/agenda/formation-praticien-mediation-equine-semaine-6-corps-cheval/#breadcrumb"},"inLanguage":"fr-FR","potentialAction":[{"@type":"ReadAction","target":["https://equitherapie-bourgogne.fr/index.php/agenda/formation-praticien-mediation-equine-semaine-6-corps-cheval/"]}]},{"@type":"BreadcrumbList","@id":"https://equitherapie-bourgogne.fr/index.php/agenda/formation-praticien-mediation-equine-semaine-6-corps-cheval/#breadcrumb","itemListElement":[{"@type":"ListItem","position":1,"name":"Accueil","item":"https://equitherapie-bourgogne.fr/"},{"@type":"ListItem","position":2,"name":"Évènements","item":"https://equitherapie-bourgogne.fr/index.php/agenda/"},{"@type":"ListItem","position":3,"name":"Formation Praticien en Médiation Équine : semaine 6: Corps et Cheval"}]},{"@type":"WebSite","@id":"https://equitherapie-bourgogne.fr/#website","url":"https://equitherapie-bourgogne.fr/","name":"A Cheval sur Soi","description":"CENTRE ÉQUESTRE TRANSDISCIPLINAIRE","potentialAction":[{"@type":"SearchAction","target":{"@type":"EntryPoint","urlTemplate":"https://equitherapie-bourgogne.fr/?s={search_term_string}"},"query-input":{"@type":"PropertyValueSpecification","valueRequired":true,"valueName":"search_term_string"}}],"inLanguage":"fr-FR"}]}</script>
<!-- / Yoast SEO plugin. -->

Formation Praticien en Médiation Équine : semaine 6: Corps et Cheval - A Cheval sur Soi

Dernière semaine de formation de Praticien qui se déroule pour cette session à Brest. Pour plus d&rsquo;information : https://cheval-emoi.org/index.php?option=com_content&amp;view=article&amp;id=41&amp;Itemid=107

Évènements

Formation Praticien en Médiation Équine : semaine 6: Corps et Cheval

CENTRE ÉQUESTRE TRANSDISCIPLINAIRE
