{"id":95,"date":"2016-11-03T06:02:09","date_gmt":"2016-11-03T05:02:09","guid":{"rendered":"http:\/\/equitherapie-bourgogne.fr\/?page_id=95"},"modified":"2025-03-14T11:24:46","modified_gmt":"2025-03-14T10:24:46","slug":"tir-a-larc-a-cheval","status":"publish","type":"page","link":"https:\/\/equitherapie-bourgogne.fr\/index.php\/activites\/tir-a-larc-a-cheval\/","title":{"rendered":"Le Tir \u00e0 l&rsquo;Arc \u00e0 cheval"},"content":{"rendered":"<div id=\"pl-95\"  class=\"panel-layout\" ><div id=\"pg-95-0\"  class=\"panel-grid panel-no-style\" ><div id=\"pgc-95-0-0\"  class=\"panel-grid-cell\" ><div id=\"panel-95-0-0-0\" class=\"so-panel widget widget_sow-editor panel-first-child\" data-index=\"0\" ><div\n\t\t\t\n\t\t\tclass=\"so-widget-sow-editor so-widget-sow-editor-base\"\n\t\t\t\n\t\t>\n<div class=\"siteorigin-widget-tinymce textwidget\">\n\t<blockquote>\n<h3>Allier la beaut\u00e9 du geste au plaisir du tir.<\/h3>\n<\/blockquote>\n<p>L'association Arch\u00e9val propose, dans les locaux d'A cheval sur soi, des cours de tir \u00e0 l'arc pour tout niveau, du d\u00e9butant au confirm\u00e9. Chrystophe GOURDET, accompagnateur de tourisme \u00e9questre et champion d\u2019Europe de tir \u00e0 l'arc vous fait d\u00e9couvrir cette nouvelle discipline qui permet d'allier le plaisir du tir \u00e0 celui de la relation au cheval.<\/p>\n<p><strong>\u00a0<\/strong> - <strong><em>Le tir \u00e0 l'arc \u00e0 cheval<\/em><\/strong> permet de structurer et mettre en forme son corps dans une direction donn\u00e9e, une sorte de concentration dirig\u00e9e psychomotrice permettant d'atteindre un objectif pr\u00e9cis physiquement et symboliquement pour qu\u2019ils\u00a0 puissent exporter cette aptitude au niveau psychologique et cognitif.<\/p>\n<p>C\u2019est une \u00e9nergie dirig\u00e9e de l'int\u00e9rieur vers l'ext\u00e9rieur, pour agir sur son environnement dans un cadre et un but pr\u00e9cis. C'est l'apprentissage de la libert\u00e9 d'agir dans ce cadre, c'est l'apprentissage des r\u00e8gles n\u00e9cessaires \u00e0 une socialisation assum\u00e9e.<\/p>\n<p>Cette activit\u00e9 permet d\u2019exp\u00e9rimenter entre autre\u00a0: la ma\u00eetrise de soi, de ses gestes, de sa motricit\u00e9, plaisir de l'ouverture corporelle et de la verticalit\u00e9, plaisir de l'atteinte de l'objectif, plaisir de l'efficacit\u00e9 du geste et de son esth\u00e9tique ainsi que le plaisir du travail bien fait. Sans oublier la composante imaginaire : le tir \u00e0 l'arc \u00e0 cheval touche \u00e0 l'inconscient collectif fantasmagorique avec le mythe du h\u00e9ros, ce qui\u00a0 donne acc\u00e8s \u00e0 ses propres arch\u00e9types potentiels.<\/p>\n<blockquote>\n<p><strong>\u00a0<\/strong>A pied ou \u00e0 cheval, venez \u00e0 la rencontre de vos sensations\u00a0!<\/p>\n<\/blockquote>\n<h5><a href=\"https:\/\/www.facebook.com\/Arch%C3%A9val-Tir-%C3%A0-larc-%C3%A0-cheval-1159524614120820\/\" target=\"_blank\"><img loading=\"lazy\" decoding=\"async\" class=\"alignleft wp-image-305\" src=\"http:\/\/equitherapie-bourgogne.fr\/wp-content\/uploads\/2017\/02\/logo_archeval-425x600.jpg\" alt=\"association de Tir \u00e0 l'arc \u00e0 cheval\" width=\"73\" height=\"103\" data-id=\"305\" srcset=\"https:\/\/equitherapie-bourgogne.fr\/wp-content\/uploads\/2017\/02\/logo_archeval-425x600.jpg 425w, https:\/\/equitherapie-bourgogne.fr\/wp-content\/uploads\/2017\/02\/logo_archeval-768x1085.jpg 768w, https:\/\/equitherapie-bourgogne.fr\/wp-content\/uploads\/2017\/02\/logo_archeval-368x520.jpg 368w, https:\/\/equitherapie-bourgogne.fr\/wp-content\/uploads\/2017\/02\/logo_archeval-1170x1653.jpg 1170w, https:\/\/equitherapie-bourgogne.fr\/wp-content\/uploads\/2017\/02\/logo_archeval.jpg 1240w\" sizes=\"auto, (max-width: 73px) 100vw, 73px\" \/><\/a><\/h5>\n<\/div>\n<\/div><\/div><div id=\"panel-95-0-0-1\" class=\"so-panel widget widget_sow-editor panel-last-child\" data-index=\"1\" ><div\n\t\t\t\n\t\t\tclass=\"so-widget-sow-editor so-widget-sow-editor-base\"\n\t\t\t\n\t\t>\n<div class=\"siteorigin-widget-tinymce textwidget\">\n\t<p>Pour une s\u00e9ance sur mesure, contactez nous!<\/p>\n<\/div>\n<\/div><\/div><\/div><div id=\"pgc-95-0-1\"  class=\"panel-grid-cell\" ><div id=\"panel-95-0-1-0\" class=\"so-panel widget widget_sow-simple-masonry panel-first-child panel-last-child\" data-index=\"2\" ><div\n\t\t\t\n\t\t\tclass=\"so-widget-sow-simple-masonry so-widget-sow-simple-masonry-default-d75171398898-95\"\n\t\t\t\n\t\t>\n\n<div class=\"sow-masonry-grid\"\n\t data-layouts=\"{&quot;desktop&quot;:{&quot;numColumns&quot;:4,&quot;rowHeight&quot;:0,&quot;gutter&quot;:0},&quot;tablet&quot;:{&quot;breakPoint&quot;:768,&quot;numColumns&quot;:2,&quot;rowHeight&quot;:0,&quot;gutter&quot;:0},&quot;mobile&quot;:{&quot;breakPoint&quot;:480,&quot;numColumns&quot;:1,&quot;rowHeight&quot;:0,&quot;gutter&quot;:0}}\" data-layout-origin-left=\"true\" >\n\t\t\t\t<div class=\"sow-masonry-grid-item\" data-col-span=\"4\"\n\t\t\t     data-row-span=\"2\">\n\t\t\t\t\t\t\t\t\t<a href=\"http:\/\/equitherapie-bourgogne.fr\/wp-content\/uploads\/2017\/05\/Tir-\u00e0-larc-4.jpg\"\n\t\t\t\t\t\t\t\t\t\t\t\t\t\t\t\t\t\ttarget=\"_blank\" \t\t\t\t\t\t\t\t\t\t\t\t\t\t\t\t\t\t\t\t\t\t\t\trel=\"noopener noreferrer\" \t\t\t\t\t\t\t\t\t\t\t>\n\t\t\t\t\n\t\t\t\t\n\t\t\t\t<img loading=\"lazy\" decoding=\"async\" width=\"3072\" height=\"2304\" src=\"https:\/\/equitherapie-bourgogne.fr\/wp-content\/uploads\/2017\/05\/Tir-\u00e0-larc-4.jpg\" class=\"sow-masonry-grid-image\" alt=\"\" title=\"Tir \u00e0 l&rsquo;arc (4)\" srcset=\"https:\/\/equitherapie-bourgogne.fr\/wp-content\/uploads\/2017\/05\/Tir-\u00e0-larc-4.jpg 3072w, https:\/\/equitherapie-bourgogne.fr\/wp-content\/uploads\/2017\/05\/Tir-\u00e0-larc-4-800x600.jpg 800w, https:\/\/equitherapie-bourgogne.fr\/wp-content\/uploads\/2017\/05\/Tir-\u00e0-larc-4-768x576.jpg 768w, https:\/\/equitherapie-bourgogne.fr\/wp-content\/uploads\/2017\/05\/Tir-\u00e0-larc-4-693x520.jpg 693w, https:\/\/equitherapie-bourgogne.fr\/wp-content\/uploads\/2017\/05\/Tir-\u00e0-larc-4-1170x878.jpg 1170w\" sizes=\"auto, (max-width: 3072px) 100vw, 3072px\" \/>\n\t\t\t\t\n\t\t\t\t\t\t\t\t\t<\/a>\n\t\t\t\t\t\t\t<\/div>\n\t\t\t\t\t\t<div class=\"sow-masonry-grid-item\" data-col-span=\"3\"\n\t\t\t     data-row-span=\"2\">\n\t\t\t\t\t\t\t\t\t<a href=\"http:\/\/equitherapie-bourgogne.fr\/wp-content\/uploads\/2017\/05\/Tir-\u00e0-larc.jpg\"\n\t\t\t\t\t>\n\t\t\t\t\n\t\t\t\t\n\t\t\t\t<img loading=\"lazy\" decoding=\"async\" width=\"3072\" height=\"2304\" src=\"https:\/\/equitherapie-bourgogne.fr\/wp-content\/uploads\/2017\/05\/Tir-\u00e0-larc.jpg\" class=\"sow-masonry-grid-image\" alt=\"\" title=\"Tir \u00e0 l&#039;arc \u00e0 cheval\" srcset=\"https:\/\/equitherapie-bourgogne.fr\/wp-content\/uploads\/2017\/05\/Tir-\u00e0-larc.jpg 3072w, https:\/\/equitherapie-bourgogne.fr\/wp-content\/uploads\/2017\/05\/Tir-\u00e0-larc-800x600.jpg 800w, https:\/\/equitherapie-bourgogne.fr\/wp-content\/uploads\/2017\/05\/Tir-\u00e0-larc-768x576.jpg 768w, https:\/\/equitherapie-bourgogne.fr\/wp-content\/uploads\/2017\/05\/Tir-\u00e0-larc-693x520.jpg 693w, https:\/\/equitherapie-bourgogne.fr\/wp-content\/uploads\/2017\/05\/Tir-\u00e0-larc-1170x878.jpg 1170w\" sizes=\"auto, (max-width: 3072px) 100vw, 3072px\" \/>\n\t\t\t\t\n\t\t\t\t\t\t\t\t\t<\/a>\n\t\t\t\t\t\t\t<\/div>\n\t\t\t\t\t\t<div class=\"sow-masonry-grid-item\" data-col-span=\"1\"\n\t\t\t     data-row-span=\"2\">\n\t\t\t\t\t\t\t\t\t<a href=\"http:\/\/equitherapie-bourgogne.fr\/wp-content\/uploads\/2017\/05\/Tir-\u00e0-larc-5.jpg\"\n\t\t\t\t\t\t\t\t\t\t\t\t\t\t\t\t\t\ttarget=\"_blank\" \t\t\t\t\t\t\t\t\t\t\t\t\t\t\t\t\t\t\t\t\t\t\t\trel=\"noopener noreferrer\" \t\t\t\t\t\t\t\t\t\t\t>\n\t\t\t\t\n\t\t\t\t\n\t\t\t\t<img loading=\"lazy\" decoding=\"async\" width=\"2304\" height=\"3072\" src=\"https:\/\/equitherapie-bourgogne.fr\/wp-content\/uploads\/2017\/05\/Tir-\u00e0-larc-5.jpg\" class=\"sow-masonry-grid-image\" alt=\"\" title=\"Tir \u00e0 l&rsquo;arc (5)\" srcset=\"https:\/\/equitherapie-bourgogne.fr\/wp-content\/uploads\/2017\/05\/Tir-\u00e0-larc-5.jpg 2304w, https:\/\/equitherapie-bourgogne.fr\/wp-content\/uploads\/2017\/05\/Tir-\u00e0-larc-5-450x600.jpg 450w, https:\/\/equitherapie-bourgogne.fr\/wp-content\/uploads\/2017\/05\/Tir-\u00e0-larc-5-768x1024.jpg 768w, https:\/\/equitherapie-bourgogne.fr\/wp-content\/uploads\/2017\/05\/Tir-\u00e0-larc-5-390x520.jpg 390w, https:\/\/equitherapie-bourgogne.fr\/wp-content\/uploads\/2017\/05\/Tir-\u00e0-larc-5-1170x1560.jpg 1170w\" sizes=\"auto, (max-width: 2304px) 100vw, 2304px\" \/>\n\t\t\t\t\n\t\t\t\t\t\t\t\t\t<\/a>\n\t\t\t\t\t\t\t<\/div>\n\t\t\t\t\t\t<div class=\"sow-masonry-grid-item\" data-col-span=\"2\"\n\t\t\t     data-row-span=\"2\">\n\t\t\t\t\t\t\t\t\t<a href=\"http:\/\/equitherapie-bourgogne.fr\/wp-content\/uploads\/2017\/05\/Tir-\u00e0-larc-6.jpg\"\n\t\t\t\t\t\t\t\t\t\t\t\t\t\t\t\t\t\ttarget=\"_blank\" \t\t\t\t\t\t\t\t\t\t\t\t\t\t\t\t\t\t\t\t\t\t\t\trel=\"noopener noreferrer\" \t\t\t\t\t\t\t\t\t\t\t>\n\t\t\t\t\n\t\t\t\t\n\t\t\t\t<img loading=\"lazy\" decoding=\"async\" width=\"2286\" height=\"1705\" src=\"https:\/\/equitherapie-bourgogne.fr\/wp-content\/uploads\/2017\/05\/Tir-\u00e0-larc-6.jpg\" class=\"sow-masonry-grid-image\" alt=\"\" title=\"Tir \u00e0 l&rsquo;arc (6)\" srcset=\"https:\/\/equitherapie-bourgogne.fr\/wp-content\/uploads\/2017\/05\/Tir-\u00e0-larc-6.jpg 2286w, https:\/\/equitherapie-bourgogne.fr\/wp-content\/uploads\/2017\/05\/Tir-\u00e0-larc-6-804x600.jpg 804w, https:\/\/equitherapie-bourgogne.fr\/wp-content\/uploads\/2017\/05\/Tir-\u00e0-larc-6-768x573.jpg 768w, https:\/\/equitherapie-bourgogne.fr\/wp-content\/uploads\/2017\/05\/Tir-\u00e0-larc-6-697x520.jpg 697w, https:\/\/equitherapie-bourgogne.fr\/wp-content\/uploads\/2017\/05\/Tir-\u00e0-larc-6-1170x873.jpg 1170w\" sizes=\"auto, (max-width: 2286px) 100vw, 2286px\" \/>\n\t\t\t\t\n\t\t\t\t\t\t\t\t\t<\/a>\n\t\t\t\t\t\t\t<\/div>\n\t\t\t\t\t\t<div class=\"sow-masonry-grid-item\" data-col-span=\"2\"\n\t\t\t     data-row-span=\"2\">\n\t\t\t\t\t\t\t\t\t<a href=\"http:\/\/equitherapie-bourgogne.fr\/wp-content\/uploads\/2017\/05\/Tir-\u00e0-larc-5.jpg\"\n\t\t\t\t\t\t\t\t\t\t\t\t\t\t\t\t\t\ttarget=\"_blank\" \t\t\t\t\t\t\t\t\t\t\t\t\t\t\t\t\t\t\t\t\t\t\t\trel=\"noopener noreferrer\" \t\t\t\t\t\t\t\t\t\t\t>\n\t\t\t\t\n\t\t\t\t\n\t\t\t\t<img loading=\"lazy\" decoding=\"async\" width=\"3072\" height=\"2304\" src=\"https:\/\/equitherapie-bourgogne.fr\/wp-content\/uploads\/2017\/05\/Tir-\u00e0-larc-2.jpg\" class=\"sow-masonry-grid-image\" alt=\"\" title=\"Tir \u00e0 l&rsquo;arc (2)\" srcset=\"https:\/\/equitherapie-bourgogne.fr\/wp-content\/uploads\/2017\/05\/Tir-\u00e0-larc-2.jpg 3072w, https:\/\/equitherapie-bourgogne.fr\/wp-content\/uploads\/2017\/05\/Tir-\u00e0-larc-2-800x600.jpg 800w, https:\/\/equitherapie-bourgogne.fr\/wp-content\/uploads\/2017\/05\/Tir-\u00e0-larc-2-768x576.jpg 768w, https:\/\/equitherapie-bourgogne.fr\/wp-content\/uploads\/2017\/05\/Tir-\u00e0-larc-2-693x520.jpg 693w, https:\/\/equitherapie-bourgogne.fr\/wp-content\/uploads\/2017\/05\/Tir-\u00e0-larc-2-1170x878.jpg 1170w\" sizes=\"auto, (max-width: 3072px) 100vw, 3072px\" \/>\n\t\t\t\t\n\t\t\t\t\t\t\t\t\t<\/a>\n\t\t\t\t\t\t\t<\/div>\n\t\t\t\t\t\t<div class=\"sow-masonry-grid-item\" data-col-span=\"3\"\n\t\t\t     data-row-span=\"2\">\n\t\t\t\t\t\t\t\t\t<a href=\"http:\/\/equitherapie-bourgogne.fr\/wp-content\/uploads\/2017\/05\/Tir-\u00e0-larc.jpg\"\n\t\t\t\t\t>\n\t\t\t\t\n\t\t\t\t\n\t\t\t\t<img loading=\"lazy\" decoding=\"async\" width=\"3072\" height=\"2304\" src=\"https:\/\/equitherapie-bourgogne.fr\/wp-content\/uploads\/2017\/05\/Tir-\u00e0-larc.jpg\" class=\"sow-masonry-grid-image\" alt=\"\" title=\"Tir \u00e0 l&#039;arc \u00e0 cheval\" srcset=\"https:\/\/equitherapie-bourgogne.fr\/wp-content\/uploads\/2017\/05\/Tir-\u00e0-larc.jpg 3072w, https:\/\/equitherapie-bourgogne.fr\/wp-content\/uploads\/2017\/05\/Tir-\u00e0-larc-800x600.jpg 800w, https:\/\/equitherapie-bourgogne.fr\/wp-content\/uploads\/2017\/05\/Tir-\u00e0-larc-768x576.jpg 768w, https:\/\/equitherapie-bourgogne.fr\/wp-content\/uploads\/2017\/05\/Tir-\u00e0-larc-693x520.jpg 693w, https:\/\/equitherapie-bourgogne.fr\/wp-content\/uploads\/2017\/05\/Tir-\u00e0-larc-1170x878.jpg 1170w\" sizes=\"auto, (max-width: 3072px) 100vw, 3072px\" \/>\n\t\t\t\t\n\t\t\t\t\t\t\t\t\t<\/a>\n\t\t\t\t\t\t\t<\/div>\n\t\t\t\n<\/div>\n<\/div><\/div><\/div><\/div><\/div>","protected":false},"excerpt":{"rendered":"<p>Allier la beaut\u00e9 du geste au plaisir du tir. L&rsquo;association Arch\u00e9val propose, dans les locaux d&rsquo;A cheval sur soi, des cours de tir \u00e0 l&rsquo;arc pour tout niveau, du d\u00e9butant au confirm\u00e9. Chrystophe GOURDET, accompagnateur de tourisme \u00e9questre et champion&#8230;<br \/><a class=\"read-more-button\" href=\"https:\/\/equitherapie-bourgogne.fr\/index.php\/activites\/tir-a-larc-a-cheval\/\">Savoir plus<\/a><\/p>\n","protected":false},"author":1,"featured_media":470,"parent":10,"menu_order":10,"comment_status":"closed","ping_status":"closed","template":"template-full-width.php","meta":{"footnotes":""},"class_list":["post-95","page","type-page","status-publish","has-post-thumbnail","hentry"],"yoast_head":"<!-- This site is optimized with the Yoast SEO plugin v24.7 - https:\/\/yoast.com\/wordpress\/plugins\/seo\/ -->\n<title>Tir \u00e0 l&#039;Arc \u00e0 cheval - A Cheval sur Soi<\/title>\n<meta name=\"description\" content=\"Le tir \u00e0 l&#039;arc \u00e0 cheval permet d\u2019exp\u00e9rimenter la ma\u00eetrise de soi, plaisir de l&#039;ouverture corporelle, de l&#039;efficacit\u00e9 du geste\" \/>\n<meta name=\"robots\" content=\"index, follow, max-snippet:-1, max-image-preview:large, max-video-preview:-1\" \/>\n<link rel=\"canonical\" href=\"https:\/\/equitherapie-bourgogne.fr\/index.php\/activites\/tir-a-larc-a-cheval\/\" \/>\n<meta property=\"og:locale\" content=\"fr_FR\" \/>\n<meta property=\"og:type\" content=\"article\" \/>\n<meta property=\"og:title\" content=\"Tir \u00e0 l&#039;Arc \u00e0 cheval - A Cheval sur Soi\" \/>\n<meta property=\"og:description\" content=\"Le tir \u00e0 l&#039;arc \u00e0 cheval permet d\u2019exp\u00e9rimenter la ma\u00eetrise de soi, plaisir de l&#039;ouverture corporelle, de l&#039;efficacit\u00e9 du geste\" \/>\n<meta property=\"og:url\" content=\"https:\/\/equitherapie-bourgogne.fr\/index.php\/activites\/tir-a-larc-a-cheval\/\" \/>\n<meta property=\"og:site_name\" content=\"A Cheval sur Soi\" \/>\n<meta property=\"article:modified_time\" content=\"2025-03-14T10:24:46+00:00\" \/>\n<meta property=\"og:image\" content=\"https:\/\/equitherapie-bourgogne.fr\/wp-content\/uploads\/2016\/11\/Tir-\u00e0-larc_1170x338.jpg\" \/>\n\t<meta property=\"og:image:width\" content=\"1170\" \/>\n\t<meta property=\"og:image:height\" content=\"338\" \/>\n\t<meta property=\"og:image:type\" content=\"image\/jpeg\" \/>\n<meta name=\"twitter:card\" content=\"summary_large_image\" \/>\n<meta name=\"twitter:label1\" content=\"Dur\u00e9e de lecture estim\u00e9e\" \/>\n\t<meta name=\"twitter:data1\" content=\"1 minute\" \/>\n<script type=\"application\/ld+json\" class=\"yoast-schema-graph\">{\"@context\":\"https:\/\/schema.org\",\"@graph\":[{\"@type\":\"WebPage\",\"@id\":\"https:\/\/equitherapie-bourgogne.fr\/index.php\/activites\/tir-a-larc-a-cheval\/\",\"url\":\"https:\/\/equitherapie-bourgogne.fr\/index.php\/activites\/tir-a-larc-a-cheval\/\",\"name\":\"Tir \u00e0 l'Arc \u00e0 cheval - A Cheval sur Soi\",\"isPartOf\":{\"@id\":\"https:\/\/equitherapie-bourgogne.fr\/#website\"},\"primaryImageOfPage\":{\"@id\":\"https:\/\/equitherapie-bourgogne.fr\/index.php\/activites\/tir-a-larc-a-cheval\/#primaryimage\"},\"image\":{\"@id\":\"https:\/\/equitherapie-bourgogne.fr\/index.php\/activites\/tir-a-larc-a-cheval\/#primaryimage\"},\"thumbnailUrl\":\"https:\/\/equitherapie-bourgogne.fr\/wp-content\/uploads\/2016\/11\/Tir-\u00e0-larc_1170x338.jpg\",\"datePublished\":\"2016-11-03T05:02:09+00:00\",\"dateModified\":\"2025-03-14T10:24:46+00:00\",\"description\":\"Le tir \u00e0 l'arc \u00e0 cheval permet d\u2019exp\u00e9rimenter la ma\u00eetrise de soi, plaisir de l'ouverture corporelle, de l'efficacit\u00e9 du geste\",\"breadcrumb\":{\"@id\":\"https:\/\/equitherapie-bourgogne.fr\/index.php\/activites\/tir-a-larc-a-cheval\/#breadcrumb\"},\"inLanguage\":\"fr-FR\",\"potentialAction\":[{\"@type\":\"ReadAction\",\"target\":[\"https:\/\/equitherapie-bourgogne.fr\/index.php\/activites\/tir-a-larc-a-cheval\/\"]}]},{\"@type\":\"ImageObject\",\"inLanguage\":\"fr-FR\",\"@id\":\"https:\/\/equitherapie-bourgogne.fr\/index.php\/activites\/tir-a-larc-a-cheval\/#primaryimage\",\"url\":\"https:\/\/equitherapie-bourgogne.fr\/wp-content\/uploads\/2016\/11\/Tir-\u00e0-larc_1170x338.jpg\",\"contentUrl\":\"https:\/\/equitherapie-bourgogne.fr\/wp-content\/uploads\/2016\/11\/Tir-\u00e0-larc_1170x338.jpg\",\"width\":1170,\"height\":338,\"caption\":\"Tir \u00e0 l'arc \u00e0 cheval - Bourgogne\"},{\"@type\":\"BreadcrumbList\",\"@id\":\"https:\/\/equitherapie-bourgogne.fr\/index.php\/activites\/tir-a-larc-a-cheval\/#breadcrumb\",\"itemListElement\":[{\"@type\":\"ListItem\",\"position\":1,\"name\":\"Accueil\",\"item\":\"https:\/\/equitherapie-bourgogne.fr\/\"},{\"@type\":\"ListItem\",\"position\":2,\"name\":\"Autres activit\u00e9s autour du cheval\",\"item\":\"https:\/\/equitherapie-bourgogne.fr\/index.php\/activites\/\"},{\"@type\":\"ListItem\",\"position\":3,\"name\":\"Le Tir \u00e0 l&rsquo;Arc \u00e0 cheval\"}]},{\"@type\":\"WebSite\",\"@id\":\"https:\/\/equitherapie-bourgogne.fr\/#website\",\"url\":\"https:\/\/equitherapie-bourgogne.fr\/\",\"name\":\"A Cheval sur Soi\",\"description\":\"CENTRE \u00c9QUESTRE TRANSDISCIPLINAIRE\",\"potentialAction\":[{\"@type\":\"SearchAction\",\"target\":{\"@type\":\"EntryPoint\",\"urlTemplate\":\"https:\/\/equitherapie-bourgogne.fr\/?s={search_term_string}\"},\"query-input\":{\"@type\":\"PropertyValueSpecification\",\"valueRequired\":true,\"valueName\":\"search_term_string\"}}],\"inLanguage\":\"fr-FR\"}]}<\/script>\n<!-- \/ Yoast SEO plugin. -->","yoast_head_json":{"title":"Tir \u00e0 l'Arc \u00e0 cheval - A Cheval sur Soi","description":"Le tir \u00e0 l'arc \u00e0 cheval permet d\u2019exp\u00e9rimenter la ma\u00eetrise de soi, plaisir de l'ouverture corporelle, de l'efficacit\u00e9 du geste","robots":{"index":"index","follow":"follow","max-snippet":"max-snippet:-1","max-image-preview":"max-image-preview:large","max-video-preview":"max-video-preview:-1"},"canonical":"https:\/\/equitherapie-bourgogne.fr\/index.php\/activites\/tir-a-larc-a-cheval\/","og_locale":"fr_FR","og_type":"article","og_title":"Tir \u00e0 l'Arc \u00e0 cheval - A Cheval sur Soi","og_description":"Le tir \u00e0 l'arc \u00e0 cheval permet d\u2019exp\u00e9rimenter la ma\u00eetrise de soi, plaisir de l'ouverture corporelle, de l'efficacit\u00e9 du geste","og_url":"https:\/\/equitherapie-bourgogne.fr\/index.php\/activites\/tir-a-larc-a-cheval\/","og_site_name":"A Cheval sur Soi","article_modified_time":"2025-03-14T10:24:46+00:00","og_image":[{"width":1170,"height":338,"url":"https:\/\/equitherapie-bourgogne.fr\/wp-content\/uploads\/2016\/11\/Tir-\u00e0-larc_1170x338.jpg","type":"image\/jpeg"}],"twitter_card":"summary_large_image","twitter_misc":{"Dur\u00e9e de lecture estim\u00e9e":"1 minute"},"schema":{"@context":"https:\/\/schema.org","@graph":[{"@type":"WebPage","@id":"https:\/\/equitherapie-bourgogne.fr\/index.php\/activites\/tir-a-larc-a-cheval\/","url":"https:\/\/equitherapie-bourgogne.fr\/index.php\/activites\/tir-a-larc-a-cheval\/","name":"Tir \u00e0 l'Arc \u00e0 cheval - A Cheval sur Soi","isPartOf":{"@id":"https:\/\/equitherapie-bourgogne.fr\/#website"},"primaryImageOfPage":{"@id":"https:\/\/equitherapie-bourgogne.fr\/index.php\/activites\/tir-a-larc-a-cheval\/#primaryimage"},"image":{"@id":"https:\/\/equitherapie-bourgogne.fr\/index.php\/activites\/tir-a-larc-a-cheval\/#primaryimage"},"thumbnailUrl":"https:\/\/equitherapie-bourgogne.fr\/wp-content\/uploads\/2016\/11\/Tir-\u00e0-larc_1170x338.jpg","datePublished":"2016-11-03T05:02:09+00:00","dateModified":"2025-03-14T10:24:46+00:00","description":"Le tir \u00e0 l'arc \u00e0 cheval permet d\u2019exp\u00e9rimenter la ma\u00eetrise de soi, plaisir de l'ouverture corporelle, de l'efficacit\u00e9 du geste","breadcrumb":{"@id":"https:\/\/equitherapie-bourgogne.fr\/index.php\/activites\/tir-a-larc-a-cheval\/#breadcrumb"},"inLanguage":"fr-FR","potentialAction":[{"@type":"ReadAction","target":["https:\/\/equitherapie-bourgogne.fr\/index.php\/activites\/tir-a-larc-a-cheval\/"]}]},{"@type":"ImageObject","inLanguage":"fr-FR","@id":"https:\/\/equitherapie-bourgogne.fr\/index.php\/activites\/tir-a-larc-a-cheval\/#primaryimage","url":"https:\/\/equitherapie-bourgogne.fr\/wp-content\/uploads\/2016\/11\/Tir-\u00e0-larc_1170x338.jpg","contentUrl":"https:\/\/equitherapie-bourgogne.fr\/wp-content\/uploads\/2016\/11\/Tir-\u00e0-larc_1170x338.jpg","width":1170,"height":338,"caption":"Tir \u00e0 l'arc \u00e0 cheval - Bourgogne"},{"@type":"BreadcrumbList","@id":"https:\/\/equitherapie-bourgogne.fr\/index.php\/activites\/tir-a-larc-a-cheval\/#breadcrumb","itemListElement":[{"@type":"ListItem","position":1,"name":"Accueil","item":"https:\/\/equitherapie-bourgogne.fr\/"},{"@type":"ListItem","position":2,"name":"Autres activit\u00e9s autour du cheval","item":"https:\/\/equitherapie-bourgogne.fr\/index.php\/activites\/"},{"@type":"ListItem","position":3,"name":"Le Tir \u00e0 l&rsquo;Arc \u00e0 cheval"}]},{"@type":"WebSite","@id":"https:\/\/equitherapie-bourgogne.fr\/#website","url":"https:\/\/equitherapie-bourgogne.fr\/","name":"A Cheval sur Soi","description":"CENTRE \u00c9QUESTRE TRANSDISCIPLINAIRE","potentialAction":[{"@type":"SearchAction","target":{"@type":"EntryPoint","urlTemplate":"https:\/\/equitherapie-bourgogne.fr\/?s={search_term_string}"},"query-input":{"@type":"PropertyValueSpecification","valueRequired":true,"valueName":"search_term_string"}}],"inLanguage":"fr-FR"}]}},"_links":{"self":[{"href":"https:\/\/equitherapie-bourgogne.fr\/index.php\/wp-json\/wp\/v2\/pages\/95","targetHints":{"allow":["GET"]}}],"collection":[{"href":"https:\/\/equitherapie-bourgogne.fr\/index.php\/wp-json\/wp\/v2\/pages"}],"about":[{"href":"https:\/\/equitherapie-bourgogne.fr\/index.php\/wp-json\/wp\/v2\/types\/page"}],"author":[{"embeddable":true,"href":"https:\/\/equitherapie-bourgogne.fr\/index.php\/wp-json\/wp\/v2\/users\/1"}],"replies":[{"embeddable":true,"href":"https:\/\/equitherapie-bourgogne.fr\/index.php\/wp-json\/wp\/v2\/comments?post=95"}],"version-history":[{"count":22,"href":"https:\/\/equitherapie-bourgogne.fr\/index.php\/wp-json\/wp\/v2\/pages\/95\/revisions"}],"predecessor-version":[{"id":130,"href":"https:\/\/equitherapie-bourgogne.fr\/index.php\/wp-json\/wp\/v2\/pages\/95\/revisions\/130"}],"up":[{"embeddable":true,"href":"https:\/\/equitherapie-bourgogne.fr\/index.php\/wp-json\/wp\/v2\/pages\/10"}],"wp:featuredmedia":[{"embeddable":true,"href":"https:\/\/equitherapie-bourgogne.fr\/index.php\/wp-json\/wp\/v2\/media\/470"}],"wp:attachment":[{"href":"https:\/\/equitherapie-bourgogne.fr\/index.php\/wp-json\/wp\/v2\/media?parent=95"}],"curies":[{"name":"wp","href":"https:\/\/api.w.org\/{rel}","templated":true}]}}