{"id":6,"date":"2016-09-30T15:04:03","date_gmt":"2016-09-30T13:04:03","guid":{"rendered":"http:\/\/equitherapie-bourgogne.fr\/?page_id=6"},"modified":"2018-04-12T15:32:04","modified_gmt":"2018-04-12T13:32:04","slug":"chevaux","status":"publish","type":"page","link":"https:\/\/equitherapie-bourgogne.fr\/index.php\/chevaux\/","title":{"rendered":"Les chevaux"},"content":{"rendered":"<div id=\"pl-6\"  class=\"panel-layout\" ><div id=\"pg-6-0\"  class=\"panel-grid panel-no-style\" ><div id=\"pgc-6-0-0\"  class=\"panel-grid-cell\" ><div id=\"panel-6-0-0-0\" class=\"so-panel widget widget_sow-editor panel-first-child panel-last-child\" data-index=\"0\" ><div\n\t\t\t\n\t\t\tclass=\"so-widget-sow-editor so-widget-sow-editor-base\"\n\t\t\t\n\t\t>\n<div class=\"siteorigin-widget-tinymce textwidget\">\n\t<h2><strong><em>Vivre avec les chevaux, au quotidien, dans leur environnement proche, nous permet de comprendre la diversit\u00e9 de leur personnalit\u00e9.<\/em><\/strong><\/h2>\n<p><strong><em>Chaque\" individu cheval\" se doit d'\u00eatre respect\u00e9 dans ses envies ou ses refus. Au centre, chacune de leurs qualit\u00e9s est mise au service de nos besoins \u00e9ducatifs et th\u00e9rapeutiques de fa\u00e7on \u00e0 leur permettre de travailler dans un champ d\u00e9tendu (voir les travaux de JC.Barrey).<\/em><\/strong><\/p>\n<p>Ici le \"moule\" n'existe pas. Nous veillons \u00e0 garder intact le caract\u00e8re sp\u00e9cifique de chaque cheval ce qui nous permet d'avoir une large offre d'hypoth\u00e8ses de travail en miroir des personnes porteuses de toutes sortes de probl\u00e9matique.<\/p>\n<p>\u00a0<\/p>\n<p>\u00a0<\/p>\n<\/div>\n<\/div><\/div><\/div><\/div><div id=\"pg-6-1\"  class=\"panel-grid panel-no-style\" ><div id=\"pgc-6-1-0\"  class=\"panel-grid-cell\" ><div id=\"panel-6-1-0-0\" class=\"so-panel widget widget_sow-editor panel-first-child panel-last-child\" data-index=\"1\" ><div class=\"panel-widget-style panel-widget-style-for-6-1-0-0\" ><div\n\t\t\t\n\t\t\tclass=\"so-widget-sow-editor so-widget-sow-editor-base\"\n\t\t\t\n\t\t>\n<div class=\"siteorigin-widget-tinymce textwidget\">\n\t<p style=\"text-align: center;\"><a href=\"http:\/\/equitherapie-bourgogne.fr\/index.php\/les-chevaux\/au-pres-et-en-troupeau\/\"><img loading=\"lazy\" decoding=\"async\" class=\"aligncenter wp-image-361 size-thumbnail\" src=\"http:\/\/equitherapie-bourgogne.fr\/wp-content\/uploads\/2016\/11\/Pension...-4-150x150.jpg\" alt=\"Les chevaux au pr\u00e9\" width=\"150\" height=\"150\" data-id=\"361\" \/><\/a><\/p>\n<p style=\"text-align: center;\"><a href=\"http:\/\/equitherapie-bourgogne.fr\/index.php\/les-chevaux\/au-pres-et-en-troupeau\/\"><strong>Au pr\u00e8s et en troupeau<\/strong><\/a><\/p>\n<\/div>\n<\/div><\/div><\/div><\/div><div id=\"pgc-6-1-1\"  class=\"panel-grid-cell\" ><div id=\"panel-6-1-1-0\" class=\"so-panel widget widget_sow-editor panel-first-child panel-last-child\" data-index=\"2\" ><div class=\"panel-widget-style panel-widget-style-for-6-1-1-0\" ><div\n\t\t\t\n\t\t\tclass=\"so-widget-sow-editor so-widget-sow-editor-base\"\n\t\t\t\n\t\t>\n<div class=\"siteorigin-widget-tinymce textwidget\">\n\t<p style=\"text-align: center;\"><strong><a href=\"http:\/\/equitherapie-bourgogne.fr\/index.php\/les-chevaux\/mors\/\"><img loading=\"lazy\" decoding=\"async\" class=\"aligncenter wp-image-321 size-thumbnail\" src=\"http:\/\/equitherapie-bourgogne.fr\/wp-content\/uploads\/2016\/10\/Au-pr\u00e8s-et-en-troupeau-2-150x150.jpg\" alt=\"Cheval sans mors ni fers\" width=\"150\" height=\"150\" data-id=\"64\" \/><\/a><\/strong><\/p>\n<p style=\"text-align: center;\"><a href=\"http:\/\/equitherapie-bourgogne.fr\/index.php\/chevaux\/mors\/\"><strong>Sans mors et pieds nus<\/strong><\/a><\/p>\n<p style=\"text-align: center;\">\u00a0<\/p>\n<\/div>\n<\/div><\/div><\/div><\/div><div id=\"pgc-6-1-2\"  class=\"panel-grid-cell\" ><div id=\"panel-6-1-2-0\" class=\"so-panel widget widget_sow-editor panel-first-child panel-last-child\" data-index=\"3\" ><div class=\"panel-widget-style panel-widget-style-for-6-1-2-0\" ><div\n\t\t\t\n\t\t\tclass=\"so-widget-sow-editor so-widget-sow-editor-base\"\n\t\t\t\n\t\t>\n<div class=\"siteorigin-widget-tinymce textwidget\">\n\t<p style=\"text-align: center;\"><a href=\"http:\/\/equitherapie-bourgogne.fr\/index.php\/les-chevaux\/des-professionnels-pour-leur-sante\/\"><img loading=\"lazy\" decoding=\"async\" class=\"aligncenter wp-image-64 size-thumbnail\" src=\"http:\/\/equitherapie-bourgogne.fr\/wp-content\/uploads\/2016\/09\/Bejin_1_t.800-150x150.jpg\" alt=\"La sant\u00e9 des chevaux\" width=\"150\" height=\"150\" data-id=\"64\" \/><\/a><\/p>\n<p style=\"text-align: center;\"><a href=\"http:\/\/equitherapie-bourgogne.fr\/index.php\/les-chevaux\/des-professionnels-pour-leur-sante\/\"><strong>Des professionnels pour leur sant\u00e9<\/strong><\/a><\/p>\n<\/div>\n<\/div><\/div><\/div><\/div><\/div><\/div>","protected":false},"excerpt":{"rendered":"<p>Vivre avec les chevaux, au quotidien, dans leur environnement proche, nous permet de comprendre la diversit\u00e9 de leur personnalit\u00e9.Chaque\u00a0\u00bb individu cheval\u00a0\u00bb se doit d&rsquo;\u00eatre respect\u00e9 dans ses envies ou ses refus. Au centre, chacune de leurs qualit\u00e9s est mise au&#8230;<br \/><a class=\"read-more-button\" href=\"https:\/\/equitherapie-bourgogne.fr\/index.php\/chevaux\/\">Savoir plus<\/a><\/p>\n","protected":false},"author":1,"featured_media":0,"parent":0,"menu_order":10,"comment_status":"closed","ping_status":"closed","template":"template-full-width.php","meta":{"footnotes":""},"class_list":["post-6","page","type-page","status-publish","hentry"],"yoast_head":"<!-- This site is optimized with the Yoast SEO plugin v24.7 - https:\/\/yoast.com\/wordpress\/plugins\/seo\/ -->\n<title>Les Chevaux - A Cheval sur Soi<\/title>\n<meta name=\"description\" content=\"Les chevaux sont respect\u00e9s dans leurs besoins, dans leurs diff\u00e9rences, dans le contexte d&#039;un travail th\u00e9rapeutique au centre \u00e9questre A cheval sur Soi,\" \/>\n<meta name=\"robots\" content=\"index, follow, max-snippet:-1, max-image-preview:large, max-video-preview:-1\" \/>\n<link rel=\"canonical\" href=\"https:\/\/equitherapie-bourgogne.fr\/index.php\/chevaux\/\" \/>\n<meta property=\"og:locale\" content=\"fr_FR\" \/>\n<meta property=\"og:type\" content=\"article\" \/>\n<meta property=\"og:title\" content=\"Les Chevaux - A Cheval sur Soi\" \/>\n<meta property=\"og:description\" content=\"Les chevaux sont respect\u00e9s dans leurs besoins, dans leurs diff\u00e9rences, dans le contexte d&#039;un travail th\u00e9rapeutique au centre \u00e9questre A cheval sur Soi,\" \/>\n<meta property=\"og:url\" content=\"https:\/\/equitherapie-bourgogne.fr\/index.php\/chevaux\/\" \/>\n<meta property=\"og:site_name\" content=\"A Cheval sur Soi\" \/>\n<meta property=\"article:modified_time\" content=\"2018-04-12T13:32:04+00:00\" \/>\n<meta property=\"og:image\" content=\"https:\/\/equitherapie-bourgogne.fr\/wp-content\/uploads\/2016\/11\/Pension...-4.jpg\" \/>\n\t<meta property=\"og:image:width\" content=\"2161\" \/>\n\t<meta property=\"og:image:height\" content=\"1873\" \/>\n\t<meta property=\"og:image:type\" content=\"image\/jpeg\" \/>\n<meta name=\"twitter:card\" content=\"summary_large_image\" \/>\n<meta name=\"twitter:label1\" content=\"Dur\u00e9e de lecture estim\u00e9e\" \/>\n\t<meta name=\"twitter:data1\" content=\"1 minute\" \/>\n<script type=\"application\/ld+json\" class=\"yoast-schema-graph\">{\"@context\":\"https:\/\/schema.org\",\"@graph\":[{\"@type\":\"WebPage\",\"@id\":\"https:\/\/equitherapie-bourgogne.fr\/index.php\/chevaux\/\",\"url\":\"https:\/\/equitherapie-bourgogne.fr\/index.php\/chevaux\/\",\"name\":\"Les Chevaux - A Cheval sur Soi\",\"isPartOf\":{\"@id\":\"https:\/\/equitherapie-bourgogne.fr\/#website\"},\"primaryImageOfPage\":{\"@id\":\"https:\/\/equitherapie-bourgogne.fr\/index.php\/chevaux\/#primaryimage\"},\"image\":{\"@id\":\"https:\/\/equitherapie-bourgogne.fr\/index.php\/chevaux\/#primaryimage\"},\"thumbnailUrl\":\"http:\/\/equitherapie-bourgogne.fr\/wp-content\/uploads\/2016\/11\/Pension...-4-150x150.jpg\",\"datePublished\":\"2016-09-30T13:04:03+00:00\",\"dateModified\":\"2018-04-12T13:32:04+00:00\",\"description\":\"Les chevaux sont respect\u00e9s dans leurs besoins, dans leurs diff\u00e9rences, dans le contexte d'un travail th\u00e9rapeutique au centre \u00e9questre A cheval sur Soi,\",\"breadcrumb\":{\"@id\":\"https:\/\/equitherapie-bourgogne.fr\/index.php\/chevaux\/#breadcrumb\"},\"inLanguage\":\"fr-FR\",\"potentialAction\":[{\"@type\":\"ReadAction\",\"target\":[\"https:\/\/equitherapie-bourgogne.fr\/index.php\/chevaux\/\"]}]},{\"@type\":\"ImageObject\",\"inLanguage\":\"fr-FR\",\"@id\":\"https:\/\/equitherapie-bourgogne.fr\/index.php\/chevaux\/#primaryimage\",\"url\":\"http:\/\/equitherapie-bourgogne.fr\/wp-content\/uploads\/2016\/11\/Pension...-4-150x150.jpg\",\"contentUrl\":\"http:\/\/equitherapie-bourgogne.fr\/wp-content\/uploads\/2016\/11\/Pension...-4-150x150.jpg\"},{\"@type\":\"BreadcrumbList\",\"@id\":\"https:\/\/equitherapie-bourgogne.fr\/index.php\/chevaux\/#breadcrumb\",\"itemListElement\":[{\"@type\":\"ListItem\",\"position\":1,\"name\":\"Accueil\",\"item\":\"https:\/\/equitherapie-bourgogne.fr\/\"},{\"@type\":\"ListItem\",\"position\":2,\"name\":\"Les chevaux\"}]},{\"@type\":\"WebSite\",\"@id\":\"https:\/\/equitherapie-bourgogne.fr\/#website\",\"url\":\"https:\/\/equitherapie-bourgogne.fr\/\",\"name\":\"A Cheval sur Soi\",\"description\":\"CENTRE \u00c9QUESTRE TRANSDISCIPLINAIRE\",\"potentialAction\":[{\"@type\":\"SearchAction\",\"target\":{\"@type\":\"EntryPoint\",\"urlTemplate\":\"https:\/\/equitherapie-bourgogne.fr\/?s={search_term_string}\"},\"query-input\":{\"@type\":\"PropertyValueSpecification\",\"valueRequired\":true,\"valueName\":\"search_term_string\"}}],\"inLanguage\":\"fr-FR\"}]}<\/script>\n<!-- \/ Yoast SEO plugin. -->","yoast_head_json":{"title":"Les Chevaux - A Cheval sur Soi","description":"Les chevaux sont respect\u00e9s dans leurs besoins, dans leurs diff\u00e9rences, dans le contexte d'un travail th\u00e9rapeutique au centre \u00e9questre A cheval sur Soi,","robots":{"index":"index","follow":"follow","max-snippet":"max-snippet:-1","max-image-preview":"max-image-preview:large","max-video-preview":"max-video-preview:-1"},"canonical":"https:\/\/equitherapie-bourgogne.fr\/index.php\/chevaux\/","og_locale":"fr_FR","og_type":"article","og_title":"Les Chevaux - A Cheval sur Soi","og_description":"Les chevaux sont respect\u00e9s dans leurs besoins, dans leurs diff\u00e9rences, dans le contexte d'un travail th\u00e9rapeutique au centre \u00e9questre A cheval sur Soi,","og_url":"https:\/\/equitherapie-bourgogne.fr\/index.php\/chevaux\/","og_site_name":"A Cheval sur Soi","article_modified_time":"2018-04-12T13:32:04+00:00","og_image":[{"width":2161,"height":1873,"url":"https:\/\/equitherapie-bourgogne.fr\/wp-content\/uploads\/2016\/11\/Pension...-4.jpg","type":"image\/jpeg"}],"twitter_card":"summary_large_image","twitter_misc":{"Dur\u00e9e de lecture estim\u00e9e":"1 minute"},"schema":{"@context":"https:\/\/schema.org","@graph":[{"@type":"WebPage","@id":"https:\/\/equitherapie-bourgogne.fr\/index.php\/chevaux\/","url":"https:\/\/equitherapie-bourgogne.fr\/index.php\/chevaux\/","name":"Les Chevaux - A Cheval sur Soi","isPartOf":{"@id":"https:\/\/equitherapie-bourgogne.fr\/#website"},"primaryImageOfPage":{"@id":"https:\/\/equitherapie-bourgogne.fr\/index.php\/chevaux\/#primaryimage"},"image":{"@id":"https:\/\/equitherapie-bourgogne.fr\/index.php\/chevaux\/#primaryimage"},"thumbnailUrl":"http:\/\/equitherapie-bourgogne.fr\/wp-content\/uploads\/2016\/11\/Pension...-4-150x150.jpg","datePublished":"2016-09-30T13:04:03+00:00","dateModified":"2018-04-12T13:32:04+00:00","description":"Les chevaux sont respect\u00e9s dans leurs besoins, dans leurs diff\u00e9rences, dans le contexte d'un travail th\u00e9rapeutique au centre \u00e9questre A cheval sur Soi,","breadcrumb":{"@id":"https:\/\/equitherapie-bourgogne.fr\/index.php\/chevaux\/#breadcrumb"},"inLanguage":"fr-FR","potentialAction":[{"@type":"ReadAction","target":["https:\/\/equitherapie-bourgogne.fr\/index.php\/chevaux\/"]}]},{"@type":"ImageObject","inLanguage":"fr-FR","@id":"https:\/\/equitherapie-bourgogne.fr\/index.php\/chevaux\/#primaryimage","url":"http:\/\/equitherapie-bourgogne.fr\/wp-content\/uploads\/2016\/11\/Pension...-4-150x150.jpg","contentUrl":"http:\/\/equitherapie-bourgogne.fr\/wp-content\/uploads\/2016\/11\/Pension...-4-150x150.jpg"},{"@type":"BreadcrumbList","@id":"https:\/\/equitherapie-bourgogne.fr\/index.php\/chevaux\/#breadcrumb","itemListElement":[{"@type":"ListItem","position":1,"name":"Accueil","item":"https:\/\/equitherapie-bourgogne.fr\/"},{"@type":"ListItem","position":2,"name":"Les chevaux"}]},{"@type":"WebSite","@id":"https:\/\/equitherapie-bourgogne.fr\/#website","url":"https:\/\/equitherapie-bourgogne.fr\/","name":"A Cheval sur Soi","description":"CENTRE \u00c9QUESTRE TRANSDISCIPLINAIRE","potentialAction":[{"@type":"SearchAction","target":{"@type":"EntryPoint","urlTemplate":"https:\/\/equitherapie-bourgogne.fr\/?s={search_term_string}"},"query-input":{"@type":"PropertyValueSpecification","valueRequired":true,"valueName":"search_term_string"}}],"inLanguage":"fr-FR"}]}},"_links":{"self":[{"href":"https:\/\/equitherapie-bourgogne.fr\/index.php\/wp-json\/wp\/v2\/pages\/6","targetHints":{"allow":["GET"]}}],"collection":[{"href":"https:\/\/equitherapie-bourgogne.fr\/index.php\/wp-json\/wp\/v2\/pages"}],"about":[{"href":"https:\/\/equitherapie-bourgogne.fr\/index.php\/wp-json\/wp\/v2\/types\/page"}],"author":[{"embeddable":true,"href":"https:\/\/equitherapie-bourgogne.fr\/index.php\/wp-json\/wp\/v2\/users\/1"}],"replies":[{"embeddable":true,"href":"https:\/\/equitherapie-bourgogne.fr\/index.php\/wp-json\/wp\/v2\/comments?post=6"}],"version-history":[{"count":12,"href":"https:\/\/equitherapie-bourgogne.fr\/index.php\/wp-json\/wp\/v2\/pages\/6\/revisions"}],"predecessor-version":[{"id":758,"href":"https:\/\/equitherapie-bourgogne.fr\/index.php\/wp-json\/wp\/v2\/pages\/6\/revisions\/758"}],"wp:attachment":[{"href":"https:\/\/equitherapie-bourgogne.fr\/index.php\/wp-json\/wp\/v2\/media?parent=6"}],"curies":[{"name":"wp","href":"https:\/\/api.w.org\/{rel}","templated":true}]}}