{"id":259,"date":"2017-04-26T13:18:51","date_gmt":"2017-04-26T11:18:51","guid":{"rendered":"http:\/\/equitherapie-bourgogne.fr\/?page_id=259"},"modified":"2018-04-12T15:36:55","modified_gmt":"2018-04-12T13:36:55","slug":"remediation-psychique-et-corporelle-avec-le-cheval","status":"publish","type":"page","link":"https:\/\/equitherapie-bourgogne.fr\/index.php\/therapie-avec-le-cheval\/remediation-psychique-et-corporelle-avec-le-cheval\/","title":{"rendered":"Rem\u00e9diation psychique et corporelle avec le cheval"},"content":{"rendered":"<p>Confront\u00e9 aux <strong>moules \u00e9ducatifs et culturels<\/strong>, l&rsquo;individu se forge un <strong>carcan physique et mental limitant ainsi de nombreux potentiels<\/strong> inh\u00e9rents \u00e0 sa nature profonde.<br \/>\nQue vous soyez cavaliers ou non : en abordant, sans appr\u00e9hension, <strong>avec votre corps<\/strong> les mouvements d&rsquo;un autre \u00eatre anim\u00e9, par application de principes logiques (exemple: homologie gestuelle), vous pourrez <strong>rel\u00e2cher des n\u0153uds musculaires<\/strong> par des exercices simples de d\u00e9contraction et de recentrage de vos points d&rsquo;\u00e9quilibre.<br \/>\nEn travaillant ainsi \u00e0 <strong>lib\u00e9rer votre corps<\/strong>, vous permettrez progressivement \u00e0 votre \u00ab\u00a0muscle c\u00e9r\u00e9bral\u00a0\u00bb de <strong>rompre avec des blocages \u00e9motionnels<\/strong>.<\/p>\n<p>Au carrefour de diverses disciplines (arts martiaux, yoga, th\u00e9rapie cognitive&#8230;), par le simple fait d&rsquo;apprendre \u00e0 accompagner avec coh\u00e9rence les trois allures du <strong>cheval, il pourra ainsi vous permettre de vous d\u00e9barrasser de certains freins qui entravent votre quotidien.<\/strong><\/p>\n","protected":false},"excerpt":{"rendered":"<p>Confront\u00e9 aux moules \u00e9ducatifs et culturels, l&rsquo;individu se forge un carcan physique et mental limitant ainsi de nombreux potentiels inh\u00e9rents \u00e0 sa nature profonde. Que vous soyez cavaliers ou non : en abordant, sans appr\u00e9hension, avec votre corps les mouvements&#8230;<br \/><a class=\"read-more-button\" href=\"https:\/\/equitherapie-bourgogne.fr\/index.php\/therapie-avec-le-cheval\/remediation-psychique-et-corporelle-avec-le-cheval\/\">Savoir plus<\/a><\/p>\n","protected":false},"author":1,"featured_media":458,"parent":17,"menu_order":40,"comment_status":"closed","ping_status":"closed","template":"template-full-width.php","meta":{"footnotes":""},"class_list":["post-259","page","type-page","status-publish","has-post-thumbnail","hentry"],"yoast_head":"<!-- This site is optimized with the Yoast SEO plugin v24.7 - https:\/\/yoast.com\/wordpress\/plugins\/seo\/ -->\n<title>Rem\u00e9diation psychique et corporelle avec le cheval - A Cheval sur Soi<\/title>\n<meta name=\"robots\" content=\"index, follow, max-snippet:-1, max-image-preview:large, max-video-preview:-1\" \/>\n<link rel=\"canonical\" href=\"https:\/\/equitherapie-bourgogne.fr\/index.php\/therapie-avec-le-cheval\/remediation-psychique-et-corporelle-avec-le-cheval\/\" \/>\n<meta property=\"og:locale\" content=\"fr_FR\" \/>\n<meta property=\"og:type\" content=\"article\" \/>\n<meta property=\"og:title\" content=\"Rem\u00e9diation psychique et corporelle avec le cheval - A Cheval sur Soi\" \/>\n<meta property=\"og:description\" content=\"Confront\u00e9 aux moules \u00e9ducatifs et culturels, l&rsquo;individu se forge un carcan physique et mental limitant ainsi de nombreux potentiels inh\u00e9rents \u00e0 sa nature profonde. Que vous soyez cavaliers ou non : en abordant, sans appr\u00e9hension, avec votre corps les mouvements...Savoir plus\" \/>\n<meta property=\"og:url\" content=\"https:\/\/equitherapie-bourgogne.fr\/index.php\/therapie-avec-le-cheval\/remediation-psychique-et-corporelle-avec-le-cheval\/\" \/>\n<meta property=\"og:site_name\" content=\"A Cheval sur Soi\" \/>\n<meta property=\"article:modified_time\" content=\"2018-04-12T13:36:55+00:00\" \/>\n<meta property=\"og:image\" content=\"https:\/\/equitherapie-bourgogne.fr\/wp-content\/uploads\/2017\/01\/Th\u00e9rapie-avec-le-cheval-1170x338.jpg\" \/>\n\t<meta property=\"og:image:width\" content=\"1170\" \/>\n\t<meta property=\"og:image:height\" content=\"338\" \/>\n\t<meta property=\"og:image:type\" content=\"image\/jpeg\" \/>\n<meta name=\"twitter:card\" content=\"summary_large_image\" \/>\n<meta name=\"twitter:label1\" content=\"Dur\u00e9e de lecture estim\u00e9e\" \/>\n\t<meta name=\"twitter:data1\" content=\"1 minute\" \/>\n<script type=\"application\/ld+json\" class=\"yoast-schema-graph\">{\"@context\":\"https:\/\/schema.org\",\"@graph\":[{\"@type\":\"WebPage\",\"@id\":\"https:\/\/equitherapie-bourgogne.fr\/index.php\/therapie-avec-le-cheval\/remediation-psychique-et-corporelle-avec-le-cheval\/\",\"url\":\"https:\/\/equitherapie-bourgogne.fr\/index.php\/therapie-avec-le-cheval\/remediation-psychique-et-corporelle-avec-le-cheval\/\",\"name\":\"Rem\u00e9diation psychique et corporelle avec le cheval - A Cheval sur Soi\",\"isPartOf\":{\"@id\":\"https:\/\/equitherapie-bourgogne.fr\/#website\"},\"primaryImageOfPage\":{\"@id\":\"https:\/\/equitherapie-bourgogne.fr\/index.php\/therapie-avec-le-cheval\/remediation-psychique-et-corporelle-avec-le-cheval\/#primaryimage\"},\"image\":{\"@id\":\"https:\/\/equitherapie-bourgogne.fr\/index.php\/therapie-avec-le-cheval\/remediation-psychique-et-corporelle-avec-le-cheval\/#primaryimage\"},\"thumbnailUrl\":\"https:\/\/equitherapie-bourgogne.fr\/wp-content\/uploads\/2017\/01\/Th\u00e9rapie-avec-le-cheval-1170x338.jpg\",\"datePublished\":\"2017-04-26T11:18:51+00:00\",\"dateModified\":\"2018-04-12T13:36:55+00:00\",\"breadcrumb\":{\"@id\":\"https:\/\/equitherapie-bourgogne.fr\/index.php\/therapie-avec-le-cheval\/remediation-psychique-et-corporelle-avec-le-cheval\/#breadcrumb\"},\"inLanguage\":\"fr-FR\",\"potentialAction\":[{\"@type\":\"ReadAction\",\"target\":[\"https:\/\/equitherapie-bourgogne.fr\/index.php\/therapie-avec-le-cheval\/remediation-psychique-et-corporelle-avec-le-cheval\/\"]}]},{\"@type\":\"ImageObject\",\"inLanguage\":\"fr-FR\",\"@id\":\"https:\/\/equitherapie-bourgogne.fr\/index.php\/therapie-avec-le-cheval\/remediation-psychique-et-corporelle-avec-le-cheval\/#primaryimage\",\"url\":\"https:\/\/equitherapie-bourgogne.fr\/wp-content\/uploads\/2017\/01\/Th\u00e9rapie-avec-le-cheval-1170x338.jpg\",\"contentUrl\":\"https:\/\/equitherapie-bourgogne.fr\/wp-content\/uploads\/2017\/01\/Th\u00e9rapie-avec-le-cheval-1170x338.jpg\",\"width\":1170,\"height\":338,\"caption\":\"Th\u00e9rapie avec le cheval\"},{\"@type\":\"BreadcrumbList\",\"@id\":\"https:\/\/equitherapie-bourgogne.fr\/index.php\/therapie-avec-le-cheval\/remediation-psychique-et-corporelle-avec-le-cheval\/#breadcrumb\",\"itemListElement\":[{\"@type\":\"ListItem\",\"position\":1,\"name\":\"Accueil\",\"item\":\"https:\/\/equitherapie-bourgogne.fr\/\"},{\"@type\":\"ListItem\",\"position\":2,\"name\":\"Equith\u00e9rapie\",\"item\":\"https:\/\/equitherapie-bourgogne.fr\/index.php\/therapie-avec-le-cheval\/\"},{\"@type\":\"ListItem\",\"position\":3,\"name\":\"Rem\u00e9diation psychique et corporelle avec le cheval\"}]},{\"@type\":\"WebSite\",\"@id\":\"https:\/\/equitherapie-bourgogne.fr\/#website\",\"url\":\"https:\/\/equitherapie-bourgogne.fr\/\",\"name\":\"A Cheval sur Soi\",\"description\":\"CENTRE \u00c9QUESTRE TRANSDISCIPLINAIRE\",\"potentialAction\":[{\"@type\":\"SearchAction\",\"target\":{\"@type\":\"EntryPoint\",\"urlTemplate\":\"https:\/\/equitherapie-bourgogne.fr\/?s={search_term_string}\"},\"query-input\":{\"@type\":\"PropertyValueSpecification\",\"valueRequired\":true,\"valueName\":\"search_term_string\"}}],\"inLanguage\":\"fr-FR\"}]}<\/script>\n<!-- \/ Yoast SEO plugin. -->","yoast_head_json":{"title":"Rem\u00e9diation psychique et corporelle avec le cheval - A Cheval sur Soi","robots":{"index":"index","follow":"follow","max-snippet":"max-snippet:-1","max-image-preview":"max-image-preview:large","max-video-preview":"max-video-preview:-1"},"canonical":"https:\/\/equitherapie-bourgogne.fr\/index.php\/therapie-avec-le-cheval\/remediation-psychique-et-corporelle-avec-le-cheval\/","og_locale":"fr_FR","og_type":"article","og_title":"Rem\u00e9diation psychique et corporelle avec le cheval - A Cheval sur Soi","og_description":"Confront\u00e9 aux moules \u00e9ducatifs et culturels, l&rsquo;individu se forge un carcan physique et mental limitant ainsi de nombreux potentiels inh\u00e9rents \u00e0 sa nature profonde. Que vous soyez cavaliers ou non : en abordant, sans appr\u00e9hension, avec votre corps les mouvements...Savoir plus","og_url":"https:\/\/equitherapie-bourgogne.fr\/index.php\/therapie-avec-le-cheval\/remediation-psychique-et-corporelle-avec-le-cheval\/","og_site_name":"A Cheval sur Soi","article_modified_time":"2018-04-12T13:36:55+00:00","og_image":[{"width":1170,"height":338,"url":"https:\/\/equitherapie-bourgogne.fr\/wp-content\/uploads\/2017\/01\/Th\u00e9rapie-avec-le-cheval-1170x338.jpg","type":"image\/jpeg"}],"twitter_card":"summary_large_image","twitter_misc":{"Dur\u00e9e de lecture estim\u00e9e":"1 minute"},"schema":{"@context":"https:\/\/schema.org","@graph":[{"@type":"WebPage","@id":"https:\/\/equitherapie-bourgogne.fr\/index.php\/therapie-avec-le-cheval\/remediation-psychique-et-corporelle-avec-le-cheval\/","url":"https:\/\/equitherapie-bourgogne.fr\/index.php\/therapie-avec-le-cheval\/remediation-psychique-et-corporelle-avec-le-cheval\/","name":"Rem\u00e9diation psychique et corporelle avec le cheval - A Cheval sur Soi","isPartOf":{"@id":"https:\/\/equitherapie-bourgogne.fr\/#website"},"primaryImageOfPage":{"@id":"https:\/\/equitherapie-bourgogne.fr\/index.php\/therapie-avec-le-cheval\/remediation-psychique-et-corporelle-avec-le-cheval\/#primaryimage"},"image":{"@id":"https:\/\/equitherapie-bourgogne.fr\/index.php\/therapie-avec-le-cheval\/remediation-psychique-et-corporelle-avec-le-cheval\/#primaryimage"},"thumbnailUrl":"https:\/\/equitherapie-bourgogne.fr\/wp-content\/uploads\/2017\/01\/Th\u00e9rapie-avec-le-cheval-1170x338.jpg","datePublished":"2017-04-26T11:18:51+00:00","dateModified":"2018-04-12T13:36:55+00:00","breadcrumb":{"@id":"https:\/\/equitherapie-bourgogne.fr\/index.php\/therapie-avec-le-cheval\/remediation-psychique-et-corporelle-avec-le-cheval\/#breadcrumb"},"inLanguage":"fr-FR","potentialAction":[{"@type":"ReadAction","target":["https:\/\/equitherapie-bourgogne.fr\/index.php\/therapie-avec-le-cheval\/remediation-psychique-et-corporelle-avec-le-cheval\/"]}]},{"@type":"ImageObject","inLanguage":"fr-FR","@id":"https:\/\/equitherapie-bourgogne.fr\/index.php\/therapie-avec-le-cheval\/remediation-psychique-et-corporelle-avec-le-cheval\/#primaryimage","url":"https:\/\/equitherapie-bourgogne.fr\/wp-content\/uploads\/2017\/01\/Th\u00e9rapie-avec-le-cheval-1170x338.jpg","contentUrl":"https:\/\/equitherapie-bourgogne.fr\/wp-content\/uploads\/2017\/01\/Th\u00e9rapie-avec-le-cheval-1170x338.jpg","width":1170,"height":338,"caption":"Th\u00e9rapie avec le cheval"},{"@type":"BreadcrumbList","@id":"https:\/\/equitherapie-bourgogne.fr\/index.php\/therapie-avec-le-cheval\/remediation-psychique-et-corporelle-avec-le-cheval\/#breadcrumb","itemListElement":[{"@type":"ListItem","position":1,"name":"Accueil","item":"https:\/\/equitherapie-bourgogne.fr\/"},{"@type":"ListItem","position":2,"name":"Equith\u00e9rapie","item":"https:\/\/equitherapie-bourgogne.fr\/index.php\/therapie-avec-le-cheval\/"},{"@type":"ListItem","position":3,"name":"Rem\u00e9diation psychique et corporelle avec le cheval"}]},{"@type":"WebSite","@id":"https:\/\/equitherapie-bourgogne.fr\/#website","url":"https:\/\/equitherapie-bourgogne.fr\/","name":"A Cheval sur Soi","description":"CENTRE \u00c9QUESTRE TRANSDISCIPLINAIRE","potentialAction":[{"@type":"SearchAction","target":{"@type":"EntryPoint","urlTemplate":"https:\/\/equitherapie-bourgogne.fr\/?s={search_term_string}"},"query-input":{"@type":"PropertyValueSpecification","valueRequired":true,"valueName":"search_term_string"}}],"inLanguage":"fr-FR"}]}},"_links":{"self":[{"href":"https:\/\/equitherapie-bourgogne.fr\/index.php\/wp-json\/wp\/v2\/pages\/259","targetHints":{"allow":["GET"]}}],"collection":[{"href":"https:\/\/equitherapie-bourgogne.fr\/index.php\/wp-json\/wp\/v2\/pages"}],"about":[{"href":"https:\/\/equitherapie-bourgogne.fr\/index.php\/wp-json\/wp\/v2\/types\/page"}],"author":[{"embeddable":true,"href":"https:\/\/equitherapie-bourgogne.fr\/index.php\/wp-json\/wp\/v2\/users\/1"}],"replies":[{"embeddable":true,"href":"https:\/\/equitherapie-bourgogne.fr\/index.php\/wp-json\/wp\/v2\/comments?post=259"}],"version-history":[{"count":7,"href":"https:\/\/equitherapie-bourgogne.fr\/index.php\/wp-json\/wp\/v2\/pages\/259\/revisions"}],"predecessor-version":[{"id":761,"href":"https:\/\/equitherapie-bourgogne.fr\/index.php\/wp-json\/wp\/v2\/pages\/259\/revisions\/761"}],"up":[{"embeddable":true,"href":"https:\/\/equitherapie-bourgogne.fr\/index.php\/wp-json\/wp\/v2\/pages\/17"}],"wp:featuredmedia":[{"embeddable":true,"href":"https:\/\/equitherapie-bourgogne.fr\/index.php\/wp-json\/wp\/v2\/media\/458"}],"wp:attachment":[{"href":"https:\/\/equitherapie-bourgogne.fr\/index.php\/wp-json\/wp\/v2\/media?parent=259"}],"curies":[{"name":"wp","href":"https:\/\/api.w.org\/{rel}","templated":true}]}}

Remédiation psychique et corporelle avec le cheval

<p>Confronté aux <strong>moules éducatifs et culturels</strong>, l&rsquo;individu se forge un <strong>carcan physique et mental limitant ainsi de nombreux potentiels</strong> inhérents à sa nature profonde.<br />
Que vous soyez cavaliers ou non : en abordant, sans appréhension, <strong>avec votre corps</strong> les mouvements d&rsquo;un autre être animé, par application de principes logiques (exemple: homologie gestuelle), vous pourrez <strong>relâcher des nœuds musculaires</strong> par des exercices simples de décontraction et de recentrage de vos points d&rsquo;équilibre.<br />
En travaillant ainsi à <strong>libérer votre corps</strong>, vous permettrez progressivement à votre « muscle cérébral » de <strong>rompre avec des blocages émotionnels</strong>.</p>
<p>Au carrefour de diverses disciplines (arts martiaux, yoga, thérapie cognitive&#8230;), par le simple fait d&rsquo;apprendre à accompagner avec cohérence les trois allures du <strong>cheval, il pourra ainsi vous permettre de vous débarrasser de certains freins qui entravent votre quotidien.</strong></p>

<p>Confronté aux moules éducatifs et culturels, l&rsquo;individu se forge un carcan physique et mental limitant ainsi de nombreux potentiels inhérents à sa nature profonde. Que vous soyez cavaliers ou non : en abordant, sans appréhension, avec votre corps les mouvements&#8230;<br /><a class="read-more-button" href="https://equitherapie-bourgogne.fr/index.php/therapie-avec-le-cheval/remediation-psychique-et-corporelle-avec-le-cheval/">Savoir plus</a></p>

<!-- This site is optimized with the Yoast SEO plugin v24.7 - https://yoast.com/wordpress/plugins/seo/ -->
<title>Remédiation psychique et corporelle avec le cheval - A Cheval sur Soi</title>
<meta name="robots" content="index, follow, max-snippet:-1, max-image-preview:large, max-video-preview:-1" />
<link rel="canonical" href="https://equitherapie-bourgogne.fr/index.php/therapie-avec-le-cheval/remediation-psychique-et-corporelle-avec-le-cheval/" />
<meta property="og:locale" content="fr_FR" />
<meta property="og:type" content="article" />
<meta property="og:title" content="Remédiation psychique et corporelle avec le cheval - A Cheval sur Soi" />
<meta property="og:description" content="Confronté aux moules éducatifs et culturels, l&rsquo;individu se forge un carcan physique et mental limitant ainsi de nombreux potentiels inhérents à sa nature profonde. Que vous soyez cavaliers ou non : en abordant, sans appréhension, avec votre corps les mouvements...Savoir plus" />
<meta property="og:url" content="https://equitherapie-bourgogne.fr/index.php/therapie-avec-le-cheval/remediation-psychique-et-corporelle-avec-le-cheval/" />
<meta property="og:site_name" content="A Cheval sur Soi" />
<meta property="article:modified_time" content="2018-04-12T13:36:55+00:00" />
<meta property="og:image" content="https://equitherapie-bourgogne.fr/wp-content/uploads/2017/01/Thérapie-avec-le-cheval-1170x338.jpg" />
	<meta property="og:image:width" content="1170" />
	<meta property="og:image:height" content="338" />
	<meta property="og:image:type" content="image/jpeg" />
<meta name="twitter:card" content="summary_large_image" />
<meta name="twitter:label1" content="Durée de lecture estimée" />
	<meta name="twitter:data1" content="1 minute" />
<script type="application/ld+json" class="yoast-schema-graph">{"@context":"https://schema.org","@graph":[{"@type":"WebPage","@id":"https://equitherapie-bourgogne.fr/index.php/therapie-avec-le-cheval/remediation-psychique-et-corporelle-avec-le-cheval/","url":"https://equitherapie-bourgogne.fr/index.php/therapie-avec-le-cheval/remediation-psychique-et-corporelle-avec-le-cheval/","name":"Remédiation psychique et corporelle avec le cheval - A Cheval sur Soi","isPartOf":{"@id":"https://equitherapie-bourgogne.fr/#website"},"primaryImageOfPage":{"@id":"https://equitherapie-bourgogne.fr/index.php/therapie-avec-le-cheval/remediation-psychique-et-corporelle-avec-le-cheval/#primaryimage"},"image":{"@id":"https://equitherapie-bourgogne.fr/index.php/therapie-avec-le-cheval/remediation-psychique-et-corporelle-avec-le-cheval/#primaryimage"},"thumbnailUrl":"https://equitherapie-bourgogne.fr/wp-content/uploads/2017/01/Thérapie-avec-le-cheval-1170x338.jpg","datePublished":"2017-04-26T11:18:51+00:00","dateModified":"2018-04-12T13:36:55+00:00","breadcrumb":{"@id":"https://equitherapie-bourgogne.fr/index.php/therapie-avec-le-cheval/remediation-psychique-et-corporelle-avec-le-cheval/#breadcrumb"},"inLanguage":"fr-FR","potentialAction":[{"@type":"ReadAction","target":["https://equitherapie-bourgogne.fr/index.php/therapie-avec-le-cheval/remediation-psychique-et-corporelle-avec-le-cheval/"]}]},{"@type":"ImageObject","inLanguage":"fr-FR","@id":"https://equitherapie-bourgogne.fr/index.php/therapie-avec-le-cheval/remediation-psychique-et-corporelle-avec-le-cheval/#primaryimage","url":"https://equitherapie-bourgogne.fr/wp-content/uploads/2017/01/Thérapie-avec-le-cheval-1170x338.jpg","contentUrl":"https://equitherapie-bourgogne.fr/wp-content/uploads/2017/01/Thérapie-avec-le-cheval-1170x338.jpg","width":1170,"height":338,"caption":"Thérapie avec le cheval"},{"@type":"BreadcrumbList","@id":"https://equitherapie-bourgogne.fr/index.php/therapie-avec-le-cheval/remediation-psychique-et-corporelle-avec-le-cheval/#breadcrumb","itemListElement":[{"@type":"ListItem","position":1,"name":"Accueil","item":"https://equitherapie-bourgogne.fr/"},{"@type":"ListItem","position":2,"name":"Equithérapie","item":"https://equitherapie-bourgogne.fr/index.php/therapie-avec-le-cheval/"},{"@type":"ListItem","position":3,"name":"Remédiation psychique et corporelle avec le cheval"}]},{"@type":"WebSite","@id":"https://equitherapie-bourgogne.fr/#website","url":"https://equitherapie-bourgogne.fr/","name":"A Cheval sur Soi","description":"CENTRE ÉQUESTRE TRANSDISCIPLINAIRE","potentialAction":[{"@type":"SearchAction","target":{"@type":"EntryPoint","urlTemplate":"https://equitherapie-bourgogne.fr/?s={search_term_string}"},"query-input":{"@type":"PropertyValueSpecification","valueRequired":true,"valueName":"search_term_string"}}],"inLanguage":"fr-FR"}]}</script>
<!-- / Yoast SEO plugin. -->

Remédiation psychique et corporelle avec le cheval - A Cheval sur Soi

Confronté aux moules éducatifs et culturels, l&rsquo;individu se forge un carcan physique et mental limitant ainsi de nombreux potentiels inhérents à sa nature profonde. Que vous soyez cavaliers ou non : en abordant, sans appréhension, avec votre corps les mouvements...Savoir plus

https://equitherapie-bourgogne.fr/wp-content/uploads/2017/01/Thérapie-avec-le-cheval-1170x338.jpg

Thérapie avec le cheval

Equithérapie

CENTRE ÉQUESTRE TRANSDISCIPLINAIRE
